adb server is out of date. killing... * daemon started successfully * --------- beginning of /dev/log/system
D/PowerManagerService( 435): releaseWakeLock(42b9ff88): PARTIAL_WAKE_LOCK , tag=NlpWakeLock, flags=0x1
D/PowerManagerService( 435): acquireWakeLock(42b8d010): PARTIAL_WAKE_LOCK , tag=NlpLocationReceiverService, flags=0x1, pid=20446, uid=10019, mUserState=0x0
D/WifiService( 435): releaseWifiLockLocked: WifiLock{NlpWifiLock type=2 binder=android.os.BinderProxy@43992908}
D/WifiService( 435): updateWifiState(): wifiApEnabled: false, wifiApAirplaneMode: falsegetWifiEnabledState(): 3, getWifiApEnabledState: 11
D/WifiService( 435): updateWifiState(): mAirplaneModeOn.get(): false, mPersistWifiState.get(): 1
D/WifiService( 435): updateWifiState(): mEmergencyCallbackMode: false, mDeviceIdle: false, lockHeld: false, mStopWifiRequested:false
D/WifiService( 435): updateWifiState(): enable and start wifi
D/PowerManagerService( 435): acquireWakeLock(42b60700): PARTIAL_WAKE_LOCK , tag=dwh, flags=0x1, pid=20446, uid=10019, mUserState=0x0
D/PowerManagerService( 435): releaseWakeLock(43137128): PARTIAL_WAKE_LOCK , tag=NlpWakeLock, flags=0x1
D/PowerManagerService( 435): releaseWakeLock(42b60700): PARTIAL_WAKE_LOCK , tag=dwh, flags=0x1
D/PowerManagerService( 435): releaseWakeLock(42b8d010): PARTIAL_WAKE_LOCK , tag=NlpLocationReceiverService, flags=0x1
D/PowerManagerService( 435): acquireWakeLock(425d8fc8): PARTIAL_WAKE_LOCK , tag=WakefulIntentService[GCoreUlr-LocationReceiverService], flags=0x1, pid=20446, uid=10019, mUserState=0x0
D/PowerManagerService( 435): releaseWakeLock(425d8fc8): PARTIAL_WAKE_LOCK , tag=WakefulIntentService[GCoreUlr-LocationReceiverService], flags=0x1
D/PowerManagerService( 435): acquireWakeLock(42328f40): PARTIAL_WAKE_LOCK , tag=AlarmManager, flags=0x1, pid=435, uid=1000, mUserState=0x0
V/AlarmManager( 435): sending alarm PendingIntent{42df85d8: PendingIntentRecord{42ca60b0 com.facebook.katana startService}}, intent=com.facebook.katana.service.3, type=ELAPSED_REALTIME, count=1, when=308250736, repeateInterval=0
D/PowerManagerService( 435): releaseWakeLock(42328f40): PARTIAL_WAKE_LOCK , tag=AlarmManager, flags=0x1
I/ActivityManager( 435): Start proc com.facebook.katana:dash for broadcast com.facebook.katana/com.facebook.dash.service.DashSsoPreloadReceiver: pid=6689 uid=10032 gids={3003, 1006, 1015, 1028}
D/PowerManagerService( 435): acquireWakeLock(42c7b7b8): PARTIAL_WAKE_LOCK , tag=FbClientConnManager, flags=0x1, pid=6531, uid=10032, mUserState=0x0
V/LocationManagerService( 435): Location listener died
D/PowerManagerService( 435): releaseWakeLock(42c7b7b8): PARTIAL_WAKE_LOCK , tag=FbClientConnManager, flags=0x1
V/LocationManagerService( 435): _removeUpdates: listener = Receiver{42cf1db0 Listener android.os.BinderProxy@42a20918}mUpdateRecords: {passive=UpdateRecord{42c83930 mProvider: passive mUid: 10032}}
V/LocationManagerService( 435): _removeUpdates: listener = Receiver{42cf1db0 Listener android.os.BinderProxy@42a20918}mUpdateRecords: {passive=UpdateRecord{42c83930 mProvider: passive mUid: 10032}} package = android.uid.system:1000
I/ActivityManager( 435): Recipient 6531
I/LocationManagerService( 435): remove passive (pid 435), next minTime = 0
I/ActivityManager( 435): Process com.facebook.katana (pid 6531) has died.
D/Socket_Alarm( 6650): registerHTCSocketMonitorCallBack
D/Socket_Alarm( 6650): set mSocketMonitor
D/Socket_Alarm( 6650): HTCSocketMonitorImpl::HTCSocketMonitorImpl
I/ActivityManager( 435): Start proc com.facebook.katana for content provider com.facebook.katana/.provider.orca.FbSharedPreferencesContentProvider: pid=6724 uid=10032 gids={3003, 1006, 1015, 1028}
D/BatteryService( 435): updateBatteryStats: update triggered by UEvent.
D/PowerManagerService( 435): acquireWakeLock(425da3b0): PARTIAL_WAKE_LOCK , tag=BatteryServiceUpdateStats, flags=0x1, pid=435, uid=1000, mUserState=0x0
D/NotificationService( 435): mIntentReceiver() Intent.ACTION_BATTERY_CHANGED
D/PowerManagerService( 435): runHtcPowerSaverCheck ======================================
D/PowerUI ( 582): closing low battery warning: level=100
D/PowerUI ( 582): plugged = true, health = 2, mBatteryLevel = 100, mPluggedBatteryLevel = 77, mLowBatteryWarningLevel2 = 25, mshowLowChargingWarning2 = true
D/WifiService( 435): ACTION_BATTERY_CHANGED pluggedType: 2
D/PowerManagerService( 435): releaseWakeLock(425da3b0): PARTIAL_WAKE_LOCK , tag=BatteryServiceUpdateStats, flags=0x1
D/Socket_Alarm( 6689): registerHTCSocketMonitorCallBack
D/Socket_Alarm( 6689): set mSocketMonitor
D/Socket_Alarm( 6689): HTCSocketMonitorImpl::HTCSocketMonitorImpl
I/ActivityManager( 435): Recipient 6650
I/ActivityManager( 435): Process com.facebook.katana:providers (pid 6650) has died.
I/ActivityManager( 435): Start proc com.google.process.gapps for service com.google.android.gsf/.gtalkservice.service.GTalkService: pid=6763 uid=10019 gids={3003, 1015, 1028, 2001, 1007, 3006, 1006}
D/ConnectivityService( 435): reportInetCondition for net 1, percentage: 0 by 6763/10019
D/ConnectivityService( 435): handleInetConditionChange: net=1, condition=0,mActiveDefaultNetwork=1
D/ConnectivityService( 435): handleInetConditionChange: starting a change hold
D/Socket_Alarm( 6763): registerHTCSocketMonitorCallBack
D/Socket_Alarm( 6763): set mSocketMonitor
D/Socket_Alarm( 6763): HTCSocketMonitorImpl::HTCSocketMonitorImpl
D/ConnectivityService( 435): reportInetCondition for net 1, percentage: 0 by 6763/10019
D/ConnectivityService( 435): handleInetConditionChange: net=1, condition=0,mActiveDefaultNetwork=1
D/ConnectivityService( 435): handleInetConditionChange: currently in hold - not setting new end evt
D/PowerManagerService( 435): acquireWakeLock(43406898): PARTIAL_WAKE_LOCK , tag=GTALK_ASYNC_CONN_com.google.android.gsf.gtalkservice.AndroidEndpoint, flags=0x1, pid=6763, uid=10019, mUserState=0x0
I/ActivityManager( 435): Recipient 6670
I/ActivityManager( 435): Process TW.App.Che (pid 6670) has died.
D/Socket_Alarm( 6724): registerHTCSocketMonitorCallBack
D/Socket_Alarm( 6724): set mSocketMonitor
D/Socket_Alarm( 6724): HTCSocketMonitorImpl::HTCSocketMonitorImpl
D/PowerManagerService( 435): acquireWakeLock(42596e60): PARTIAL_WAKE_LOCK , tag=GTALK_CONN, flags=0x1, pid=6763, uid=10019, mUserState=0x0
D/PowerManagerService( 435): releaseWakeLock(42596e60): PARTIAL_WAKE_LOCK , tag=GTALK_CONN, flags=0x1
D/PowerManagerService( 435): acquireWakeLock(434426b0): PARTIAL_WAKE_LOCK , tag=GTALK_CONN, flags=0x1, pid=6763, uid=10019, mUserState=0x0
D/PowerManagerService( 435): releaseWakeLock(434426b0): PARTIAL_WAKE_LOCK , tag=GTALK_CONN, flags=0x1
D/PowerManagerService( 435): acquireWakeLock(4300fbb8): PARTIAL_WAKE_LOCK , tag=GTALK_CONN, flags=0x1, pid=6763, uid=10019, mUserState=0x0
D/PowerManagerService( 435): releaseWakeLock(4300fbb8): PARTIAL_WAKE_LOCK , tag=GTALK_CONN, flags=0x1
D/PowerManagerService( 435): acquireWakeLock(425cbb20): PARTIAL_WAKE_LOCK , tag=GTALK_CONN, flags=0x1, pid=6763, uid=10019, mUserState=0x0
V/LocationManagerService( 435): getProviders
V/LocationManagerService( 435): getAllProviders
V/LocationManagerService( 435): getProviders
V/LocationManagerService( 435): getProviders
V/LocationManagerService( 435): getProviders
V/LocationManagerService( 435): getProviders
V/LocationManagerService( 435): getProviders
V/LocationManagerService( 435): getProviders
V/LocationManagerService( 435): getProviders
D/PowerManagerService( 435): releaseWakeLock(425cbb20): PARTIAL_WAKE_LOCK , tag=GTALK_CONN, flags=0x1
D/PowerManagerService( 435): releaseWakeLock(43406898): PARTIAL_WAKE_LOCK , tag=GTALK_ASYNC_CONN_com.google.android.gsf.gtalkservice.AndroidEndpoint, flags=0x1
D/ConnectivityService( 435): reportInetCondition for net 1, percentage: 100 by 6763/10019
D/ConnectivityService( 435): handleInetConditionChange: net=1, condition=100,mActiveDefaultNetwork=1
D/ConnectivityService( 435): handleInetConditionChange: currently in hold - not setting new end evt
I/ActivityManager( 435): Start proc com.htc.htcpowermanager:remote for broadcast com.htc.htcpowermanager/.powersaver.PowerSaverNotificationReceiver: pid=6815 uid=1000 gids={1015, 3002, 3001, 3003, 1028, 5003, 3007, 3006, 2001, 1007}
I/ActivityManager( 435): Recipient 13753
I/ActivityManager( 435): Process android.process.acore (pid 13753) has died.
V/LocationManagerService( 435): In requestLocationUpdates. provider passive minTime: 0 single shot: false Listener: android.location.ILocationListener$Stub$Proxy@423455b0
V/LocationManagerService( 435): _requestLocationUpdates: listener = Receiver{42d3e1b8 Listener android.os.BinderProxy@4259de10}mUpdateRecords: {}
I/LocationManagerService( 435): request passive (pid 6689) 0 0
V/LocationManagerService( 435): _requestLocationUpdates: enableLocationTracking(true)
V/LocationManagerService( 435): _requestLocationUpdates: provider = passive listener = Receiver{42d3e1b8 Listener android.os.BinderProxy@4259de10}mUpdateRecords: {passive=UpdateRecord{4306b978 mProvider: passive mUid: 10032}} package = com.facebook.katana
I/ActivityManager( 435): Start proc jp.naver.line.android for broadcast jp.naver.line.android/.service.push.SystemBroadcastReceiver: pid=6835 uid=10186 gids={1006, 3003, 1015, 1028, 3002}
V/LocationManagerService( 435): getProviders
V/LocationManagerService( 435): getAllProviders
V/LocationManagerService( 435): getProviders
V/LocationManagerService( 435): getProviders
V/LocationManagerService( 435): getProviders
V/LocationManagerService( 435): getProviders
V/LocationManagerService( 435): getProviders
V/LocationManagerService( 435): getProviders
V/LocationManagerService( 435): getProviders
V/LocationManagerService( 435): In requestLocationUpdates. provider passive minTime: 0 single shot: false Listener: android.location.ILocationListener$Stub$Proxy@433fcc50
V/LocationManagerService( 435): _requestLocationUpdates: listener = Receiver{431de228 Listener android.os.BinderProxy@43187a70}mUpdateRecords: {}
I/LocationManagerService( 435): request passive (pid 6724) 0 0
V/LocationManagerService( 435): _requestLocationUpdates: enableLocationTracking(true)
V/LocationManagerService( 435): _requestLocationUpdates: provider = passive listener = Receiver{431de228 Listener android.os.BinderProxy@43187a70}mUpdateRecords: {passive=UpdateRecord{43320a20 mProvider: passive mUid: 10032}} package = com.facebook.katana
D/ConnectivityService( 435): handleInetConditionHoldEnd: net=1, condition=100, published condition=100
D/ConnectivityService( 435): sendStickyBroadcast: action=android.net.conn.INET_CONDITION_ACTION
D/WIFI_ICON( 582): updateConnectivity: type=1 connected=true
D/StatusBar.NetworkController( 582): dumpState[hasService=true ServiceState=0 home 中華電信 (N/A) 46692 UMTS CSS not supported -1 -1 RoamInd=-1 DefRoamInd=-1EriInd= -1EriMode= -1RadioPowerSv: false EmergOnly=false PhoneType: 1 IsCdma=false SimState=UNKNOWN GprsState=0 DataState=Disconnected DataActivity=IN_OUT NetworkType=UMTS HtcModemLinkOn=false HspaDataDistinquishable=true]
D/StatusBar.NetworkController( 582): dumpIconState[dataVisible=false dataIconId=stat_sys_data_inandout_h signalIconId=stat_sys_5signal_4 wifiVisible=true wifiIconId=stat_sys_wifi_signal_4 airplaneMode=false]
I/ActivityManager( 435): Start proc com.facebook.katana:providers for content provider com.facebook.katana/.provider.GraphQLNotificationsContentProvider: pid=6866 uid=10032 gids={3003, 1006, 1015, 1028}
D/PowerManagerService( 435): acquireWakeLock(42d24de8): PARTIAL_WAKE_LOCK , tag=AlarmManager, flags=0x1, pid=435, uid=1000, mUserState=0x0
V/AlarmManager( 435): sending alarm PendingIntent{4327ee18: PendingIntentRecord{42ca60b0 com.facebook.katana startService}}, intent=com.facebook.katana.service.3, type=ELAPSED_REALTIME, count=1, when=308259646, repeateInterval=0
D/PowerManagerService( 435): releaseWakeLock(42d24de8): PARTIAL_WAKE_LOCK , tag=AlarmManager, flags=0x1
D/PowerManagerService( 435): acquireWakeLock(42fb81d0): PARTIAL_WAKE_LOCK , tag=FbClientConnManager, flags=0x1, pid=6724, uid=10032, mUserState=0x0
I/ActivityManager( 435): Recipient 6689
V/LocationManagerService( 435): Location listener died
V/LocationManagerService( 435): _removeUpdates: listener = Receiver{42d3e1b8 Listener android.os.BinderProxy@4259de10}mUpdateRecords: {passive=UpdateRecord{4306b978 mProvider: passive mUid: 10032}}
I/ActivityManager( 435): Process com.facebook.katana:dash (pid 6689) has died.
V/LocationManagerService( 435): _removeUpdates: listener = Receiver{42d3e1b8 Listener android.os.BinderProxy@4259de10}mUpdateRecords: {passive=UpdateRecord{4306b978 mProvider: passive mUid: 10032}} package = android.uid.system:1000
I/LocationManagerService( 435): remove passive (pid 435), next minTime = 0
I/ActivityManager( 435): Start proc com.google.android.gsf.login for service com.google.android.gms/.recovery.AccountRecoveryBackgroundService: pid=6906 uid=10019 gids={3003, 1015, 1028, 2001, 1007, 3006, 1006}
I/ActivityManager( 435): Start proc com.facebook.katana:dash for broadcast com.facebook.katana/com.facebook.dash.service.DashSsoPreloadReceiver: pid=6919 uid=10032 gids={3003, 1006, 1015, 1028}
D/Socket_Alarm( 6835): registerHTCSocketMonitorCallBack
D/Socket_Alarm( 6835): set mSocketMonitor
D/Socket_Alarm( 6835): HTCSocketMonitorImpl::HTCSocketMonitorImpl
D/PowerManagerService( 435): acquireWakeLock(42b8fb30): PARTIAL_WAKE_LOCK , tag=jp.naver.line.android, flags=0x1, pid=11226, uid=10186, mUserState=0x0
D/PowerManagerService( 435): releaseWakeLock(42b8fb30): PARTIAL_WAKE_LOCK , tag=jp.naver.line.android, flags=0x1
D/Socket_Alarm( 6906): registerHTCSocketMonitorCallBack
D/Socket_Alarm( 6906): set mSocketMonitor
D/Socket_Alarm( 6906): HTCSocketMonitorImpl::HTCSocketMonitorImpl
I/ActivityManager( 435): Recipient 6815
I/ActivityManager( 435): Process com.htc.htcpowermanager:remote (pid 6815) has died.
I/ActivityManager( 435): Recipient 6835
I/ActivityManager( 435): Process jp.naver.line.android (pid 6835) has died.
D/Socket_Alarm( 6866): registerHTCSocketMonitorCallBack
D/Socket_Alarm( 6866): set mSocketMonitor
D/Socket_Alarm( 6866): HTCSocketMonitorImpl::HTCSocketMonitorImpl
D/PowerManagerService( 435): releaseWakeLock(42fb81d0): PARTIAL_WAKE_LOCK , tag=FbClientConnManager, flags=0x1
V/LocationManagerService( 435): getProviders
V/LocationManagerService( 435): getAllProviders
V/LocationManagerService( 435): getProviders
V/LocationManagerService( 435): In requestLocationUpdates. provider passive minTime: 0 single shot: false Listener: android.location.ILocationListener$Stub$Proxy@42fdd640
V/LocationManagerService( 435): _requestLocationUpdates: listener = Receiver{43016688 Listener android.os.BinderProxy@42fcc490}mUpdateRecords: {}
I/LocationManagerService( 435): request passive (pid 6866) 0 0
V/LocationManagerService( 435): _requestLocationUpdates: enableLocationTracking(true)
V/LocationManagerService( 435): _requestLocationUpdates: provider = passive listener = Receiver{43016688 Listener android.os.BinderProxy@42fcc490}mUpdateRecords: {passive=UpdateRecord{430ac538 mProvider: passive mUid: 10032}} package = com.facebook.katana
V/LocationManagerService( 435): getProviders
V/LocationManagerService( 435): getProviders
V/LocationManagerService( 435): getProviders
V/LocationManagerService( 435): getProviders
V/LocationManagerService( 435): getProviders
V/LocationManagerService( 435): getProviders
D/Socket_Alarm( 6919): registerHTCSocketMonitorCallBack
D/Socket_Alarm( 6919): set mSocketMonitor
D/Socket_Alarm( 6919): HTCSocketMonitorImpl::HTCSocketMonitorImpl
D/PowerManagerService( 435): acquireWakeLock(42589310): PARTIAL_WAKE_LOCK , tag=FbClientConnManager, flags=0x1, pid=6724, uid=10032, mUserState=0x0
I/ActivityManager( 435): Start proc jp.naver.line.android for broadcast jp.naver.line.android/.service.push.NNIReceiver: pid=6973 uid=10186 gids={1006, 3003, 1015, 1028, 3002}
V/LocationManagerService( 435): getProviders
V/LocationManagerService( 435): getAllProviders
V/LocationManagerService( 435): getProviders
V/LocationManagerService( 435): getProviders
V/LocationManagerService( 435): getProviders
V/LocationManagerService( 435): getProviders
V/LocationManagerService( 435): getProviders
V/LocationManagerService( 435): getProviders
V/LocationManagerService( 435): getProviders
V/LocationManagerService( 435): In requestLocationUpdates. provider passive minTime: 0 single shot: false Listener: android.location.ILocationListener$Stub$Proxy@42bacc70
V/LocationManagerService( 435): _requestLocationUpdates: listener = Receiver{42f881d8 Listener android.os.BinderProxy@42f6e198}mUpdateRecords: {}
I/LocationManagerService( 435): request passive (pid 6919) 0 0
V/LocationManagerService( 435): _requestLocationUpdates: enableLocationTracking(true)
V/LocationManagerService( 435): _requestLocationUpdates: provider = passive listener = Receiver{42f881d8 Listener android.os.BinderProxy@42f6e198}mUpdateRecords: {passive=UpdateRecord{42fcd938 mProvider: passive mUid: 10032}} package = com.facebook.katana
I/ActivityManager( 435): Recipient 6906
I/ActivityManager( 435): Process com.google.android.gsf.login (pid 6906) has died.
I/ActivityManager( 435): Recipient 6866
I/ActivityManager( 435): Process com.facebook.katana:providers (pid 6866) has died.
V/LocationManagerService( 435): Location listener died
V/LocationManagerService( 435): _removeUpdates: listener = Receiver{43016688 Listener android.os.BinderProxy@42fcc490}mUpdateRecords: {passive=UpdateRecord{430ac538 mProvider: passive mUid: 10032}}
V/LocationManagerService( 435): _removeUpdates: listener = Receiver{43016688 Listener android.os.BinderProxy@42fcc490}mUpdateRecords: {passive=UpdateRecord{430ac538 mProvider: passive mUid: 10032}} package = android.uid.system:1000
I/LocationManagerService( 435): remove passive (pid 435), next minTime = 0
D/PowerManagerService( 435): releaseWakeLock(42589310): PARTIAL_WAKE_LOCK , tag=FbClientConnManager, flags=0x1
I/ActivityManager( 435): Start proc com.google.android.gsf.login for service com.google.android.gms/.recovery.AccountRecoveryBackgroundService: pid=7020 uid=10019 gids={3003, 1015, 1028, 2001, 1007, 3006, 1006}
D/Socket_Alarm( 7020): registerHTCSocketMonitorCallBack
D/Socket_Alarm( 7020): set mSocketMonitor
D/Socket_Alarm( 7020): HTCSocketMonitorImpl::HTCSocketMonitorImpl
D/PowerManagerService( 435): acquireWakeLock(431b61e0): PARTIAL_WAKE_LOCK , tag=AlarmManager, flags=0x1, pid=435, uid=1000, mUserState=0x0
V/AlarmManager( 435): sending alarm PendingIntent{4327e830: PendingIntentRecord{42fc4130 com.facebook.katana startService}}, intent=com.facebook.katana.service.4, type=ELAPSED_REALTIME, count=1, when=308268650, repeateInterval=0
D/PowerManagerService( 435): acquireWakeLock(4353c430): PARTIAL_WAKE_LOCK , tag=FacebookService, flags=0x1, pid=6724, uid=10032, mUserState=0x0
D/PowerManagerService( 435): releaseWakeLock(431b61e0): PARTIAL_WAKE_LOCK , tag=AlarmManager, flags=0x1
D/PowerManagerService( 435): acquireWakeLock(43b2da58): PARTIAL_WAKE_LOCK , tag=FbClientConnManager, flags=0x1, pid=6724, uid=10032, mUserState=0x0
D/PowerManagerService( 435): releaseWakeLock(4353c430): PARTIAL_WAKE_LOCK , tag=FacebookService, flags=0x1
D/PowerManagerService( 435): releaseWakeLock(43b2da58): PARTIAL_WAKE_LOCK , tag=FbClientConnManager, flags=0x1
D/PowerManagerService( 435): acquireWakeLock(43013330): PARTIAL_WAKE_LOCK , tag=jp.naver.line.android, flags=0x1, pid=11226, uid=10186, mUserState=0x0
D/Socket_Alarm( 6973): registerHTCSocketMonitorCallBack
D/Socket_Alarm( 6973): set mSocketMonitor
D/Socket_Alarm( 6973): HTCSocketMonitorImpl::HTCSocketMonitorImpl
D/PowerManagerService( 435): releaseWakeLock(43013330): PARTIAL_WAKE_LOCK , tag=jp.naver.line.android, flags=0x1
D/BatteryService( 435): updateBatteryStats: update triggered by UEvent.
D/PowerManagerService( 435): acquireWakeLock(4300efc0): PARTIAL_WAKE_LOCK , tag=BatteryServiceUpdateStats, flags=0x1, pid=435, uid=1000, mUserState=0x0
D/NotificationService( 435): mIntentReceiver() Intent.ACTION_BATTERY_CHANGED
D/PowerManagerService( 435): runHtcPowerSaverCheck ======================================
D/PowerUI ( 582): closing low battery warning: level=100
D/PowerUI ( 582): plugged = true, health = 2, mBatteryLevel = 100, mPluggedBatteryLevel = 77, mLowBatteryWarningLevel2 = 25, mshowLowChargingWarning2 = true
D/WifiService( 435): ACTION_BATTERY_CHANGED pluggedType: 2
D/PowerManagerService( 435): releaseWakeLock(4300efc0): PARTIAL_WAKE_LOCK , tag=BatteryServiceUpdateStats, flags=0x1
I/ActivityManager( 435): Start proc com.htc.htcpowermanager:remote for broadcast com.htc.htcpowermanager/.powersaver.PowerSaverNotificationReceiver: pid=7076 uid=1000 gids={1015, 3002, 3001, 3003, 1028, 5003, 3007, 3006, 2001, 1007}
D/PowerManagerService( 435): acquireWakeLock(43c15eb8): PARTIAL_WAKE_LOCK , tag=NlpCollectorWakeLock, flags=0x1, pid=20446, uid=10019, mUserState=0x0
D/WifiService( 435): acquireWifiLockLocked: WifiLock{NlpWifiLock type=2 binder=android.os.BinderProxy@42cb3e30}
D/WifiService( 435): updateWifiState(): wifiApEnabled: false, wifiApAirplaneMode: falsegetWifiEnabledState(): 3, getWifiApEnabledState: 11
D/WifiService( 435): updateWifiState(): mAirplaneModeOn.get(): false, mPersistWifiState.get(): 1
D/WifiService( 435): updateWifiState(): mEmergencyCallbackMode: false, mDeviceIdle: false, lockHeld: true, mStopWifiRequested:false
D/WifiService( 435): updateWifiState(): enable and start wifi
D/WifiService( 435): releaseWifiLockLocked: WifiLock{NlpWifiLock type=2 binder=android.os.BinderProxy@42cb3e30}
D/WifiService( 435): updateWifiState(): wifiApEnabled: false, wifiApAirplaneMode: falsegetWifiEnabledState(): 3, getWifiApEnabledState: 11
D/WifiService( 435): updateWifiState(): mAirplaneModeOn.get(): false, mPersistWifiState.get(): 1
D/WifiService( 435): updateWifiState(): mEmergencyCallbackMode: false, mDeviceIdle: false, lockHeld: false, mStopWifiRequested:false
D/WifiService( 435): updateWifiState(): enable and start wifi
D/PowerManagerService( 435): releaseWakeLock(43c15eb8): PARTIAL_WAKE_LOCK , tag=NlpCollectorWakeLock, flags=0x1
D/PowerManagerService( 435): acquireWakeLock(43330930): PARTIAL_WAKE_LOCK , tag=AlarmManager, flags=0x1, pid=435, uid=1000, mUserState=0x0
V/AlarmManager( 435): sending alarm PendingIntent{425131d8: PendingIntentRecord{43443218 com.google.android.gsf broadcastIntent}}, intent=com.google.android.intent.action.SEND_IDLE, type=ELAPSED_REALTIME_WAKEUP, count=1, when=308285497, repeateInterval=0
D/PowerManagerService( 435): acquireWakeLock(43b046b0): PARTIAL_WAKE_LOCK , tag=GTALK_IDLE_ALARM, flags=0x1, pid=6763, uid=10019, mUserState=0x0
D/PowerManagerService( 435): releaseWakeLock(43b046b0): PARTIAL_WAKE_LOCK , tag=GTALK_IDLE_ALARM, flags=0x1
D/PowerManagerService( 435): releaseWakeLock(43330930): PARTIAL_WAKE_LOCK , tag=AlarmManager, flags=0x1
D/PowerManagerService( 435): acquireWakeLock(42c60680): PARTIAL_WAKE_LOCK , tag=FbClientConnManager, flags=0x1, pid=6724, uid=10032, mUserState=0x0
D/PowerManagerService( 435): releaseWakeLock(42c60680): PARTIAL_WAKE_LOCK , tag=FbClientConnManager, flags=0x1
D/PowerManagerService( 435): acquireWakeLock(4343a6d8): PARTIAL_WAKE_LOCK , tag=AlarmManager, flags=0x1, pid=435, uid=1000, mUserState=0x0
V/AlarmManager( 435): sending alarm PendingIntent{42ab8230: PendingIntentRecord{428315b8 android broadcastIntent}}, intent=android.intent.action.TIME_TICK, type=RTC, count=1, when=1375802700000, repeateInterval=0
D/PowerManagerService( 435): releaseWakeLock(4343a6d8): PARTIAL_WAKE_LOCK , tag=AlarmManager, flags=0x1
D/PowerManagerService( 435): acquireWakeLock(4303e508): PARTIAL_WAKE_LOCK , tag=AlarmManager, flags=0x1, pid=435, uid=1000, mUserState=0x0
V/AlarmManager( 435): sending alarm PendingIntent{42d0a068: PendingIntentRecord{432c2290 com.google.android.gms broadcastIntent}}, intent=com.google.android.gms.nlp.ALARM_WAKEUP_LOCATOR, type=ELAPSED_REALTIME_WAKEUP, count=1, when=308308541, repeateInterval=0
D/PowerManagerService( 435): acquireWakeLock(4334a3c0): PARTIAL_WAKE_LOCK , tag=NlpWakeLock, flags=0x1, pid=20446, uid=10019, mUserState=0x0
D/PowerManagerService( 435): acquireWakeLock(43677518): PARTIAL_WAKE_LOCK , tag=NlpWakeLock, flags=0x1, pid=20446, uid=10019, mUserState=0x0
D/PowerManagerService( 435): releaseWakeLock(4303e508): PARTIAL_WAKE_LOCK , tag=AlarmManager, flags=0x1
D/WifiService( 435): acquireWifiLockLocked: WifiLock{NlpWifiLock type=2 binder=android.os.BinderProxy@43b02a70}
D/WifiService( 435): updateWifiState(): wifiApEnabled: false, wifiApAirplaneMode: falsegetWifiEnabledState(): 3, getWifiApEnabledState: 11
D/WifiService( 435): updateWifiState(): mAirplaneModeOn.get(): false, mPersistWifiState.get(): 1
D/WifiService( 435): updateWifiState(): mEmergencyCallbackMode: false, mDeviceIdle: false, lockHeld: true, mStopWifiRequested:false
D/WifiService( 435): updateWifiState(): enable and start wifi
D/PowerManagerService( 435): releaseWakeLock(4334a3c0): PARTIAL_WAKE_LOCK , tag=NlpWakeLock, flags=0x1
D/PowerManagerService( 435): acquireWakeLock(431b8d18): PARTIAL_WAKE_LOCK , tag=RILJ, flags=0x1, pid=768, uid=1001, mUserState=0x0
D/PowerManagerService( 435): releaseWakeLock(431b8d18): PARTIAL_WAKE_LOCK , tag=RILJ, flags=0x1
I/ActivityManager( 435): Start proc TW.App.Che for broadcast TW.App.Che/.WifiBroadcastReceiver: pid=7141 uid=10023 gids={3003, 1028}
D/PowerManagerService( 435): acquireWakeLock(430a1d50): PARTIAL_WAKE_LOCK , tag=NlpWakeLock, flags=0x1, pid=20446, uid=10019, mUserState=0x0
D/PowerManagerService( 435): releaseWakeLock(430a1d50): PARTIAL_WAKE_LOCK , tag=NlpWakeLock, flags=0x1
D/WifiService( 435): releaseWifiLockLocked: WifiLock{NlpWifiLock type=2 binder=android.os.BinderProxy@43b02a70}
D/WifiService( 435): updateWifiState(): wifiApEnabled: false, wifiApAirplaneMode: falsegetWifiEnabledState(): 3, getWifiApEnabledState: 11
D/WifiService( 435): updateWifiState(): mAirplaneModeOn.get(): false, mPersistWifiState.get(): 1
D/WifiService( 435): updateWifiState(): mEmergencyCallbackMode: false, mDeviceIdle: false, lockHeld: false, mStopWifiRequested:false
D/WifiService( 435): updateWifiState(): enable and start wifi
D/PowerManagerService( 435): releaseWakeLock(43677518): PARTIAL_WAKE_LOCK , tag=NlpWakeLock, flags=0x1
D/PowerManagerService( 435): acquireWakeLock(42f6e138): PARTIAL_WAKE_LOCK , tag=NlpLocationReceiverService, flags=0x1, pid=20446, uid=10019, mUserState=0x0
D/PowerManagerService( 435): acquireWakeLock(42f5d320): PARTIAL_WAKE_LOCK , tag=dwh, flags=0x1, pid=20446, uid=10019, mUserState=0x0
D/PowerManagerService( 435): releaseWakeLock(42f5d320): PARTIAL_WAKE_LOCK , tag=dwh, flags=0x1
D/PowerManagerService( 435): releaseWakeLock(42f6e138): PARTIAL_WAKE_LOCK , tag=NlpLocationReceiverService, flags=0x1
D/PowerManagerService( 435): acquireWakeLock(42f03d98): PARTIAL_WAKE_LOCK , tag=WakefulIntentService[GCoreUlr-LocationReceiverService], flags=0x1, pid=20446, uid=10019, mUserState=0x0
D/PowerManagerService( 435): releaseWakeLock(42f03d98): PARTIAL_WAKE_LOCK , tag=WakefulIntentService[GCoreUlr-LocationReceiverService], flags=0x1
D/BatteryService( 435): updateBatteryStats: update triggered by UEvent.
D/PowerManagerService( 435): acquireWakeLock(42dc5410): PARTIAL_WAKE_LOCK , tag=BatteryServiceUpdateStats, flags=0x1, pid=435, uid=1000, mUserState=0x0
D/NotificationService( 435): mIntentReceiver() Intent.ACTION_BATTERY_CHANGED
D/PowerUI ( 582): closing low battery warning: level=100
D/PowerUI ( 582): plugged = true, health = 2, mBatteryLevel = 100, mPluggedBatteryLevel = 77, mLowBatteryWarningLevel2 = 25, mshowLowChargingWarning2 = true
D/PowerManagerService( 435): runHtcPowerSaverCheck ======================================
D/WifiService( 435): ACTION_BATTERY_CHANGED pluggedType: 2
D/PowerManagerService( 435): releaseWakeLock(42dc5410): PARTIAL_WAKE_LOCK , tag=BatteryServiceUpdateStats, flags=0x1
D/Socket_Alarm( 6552): registerHTCSocketMonitorCallBack
D/Socket_Alarm( 6552): set mSocketMonitor
D/Socket_Alarm( 6552): HTCSocketMonitorImpl::HTCSocketMonitorImpl
D/PowerManagerService( 435): acquireWakeLock(42ca7158): PARTIAL_WAKE_LOCK , tag=AlarmManager, flags=0x1, pid=435, uid=1000, mUserState=0x0
V/AlarmManager( 435): sending alarm PendingIntent{432a6628: PendingIntentRecord{42cb1040 com.taobao.taobao broadcastIntent}}, intent=action_push_start:12278902, type=RTC_WAKEUP, count=1, when=1375837333423, repeateInterval=86400000
V/AlarmManager( 435): sending alarm PendingIntent{4327e1e0: PendingIntentRecord{42f8e488 com.taobao.taobao broadcastIntent}}, intent=action_push_end:12278902, type=RTC_WAKEUP, count=1, when=1375880400423, repeateInterval=86400000
D/PowerManagerService( 435): releaseWakeLock(42ca7158): PARTIAL_WAKE_LOCK , tag=AlarmManager, flags=0x1
D/BatteryService( 435): updateBatteryStats: update triggered by UEvent.
D/PowerManagerService( 435): acquireWakeLock(42c5d208): PARTIAL_WAKE_LOCK , tag=BatteryServiceUpdateStats, flags=0x1, pid=435, uid=1000, mUserState=0x0
D/NotificationService( 435): mIntentReceiver() Intent.ACTION_BATTERY_CHANGED
D/PowerManagerService( 435): runHtcPowerSaverCheck ======================================
D/PowerUI ( 582): closing low battery warning: level=100
D/PowerUI ( 582): plugged = true, health = 2, mBatteryLevel = 100, mPluggedBatteryLevel = 77, mLowBatteryWarningLevel2 = 25, mshowLowChargingWarning2 = true
D/WifiService( 435): ACTION_BATTERY_CHANGED pluggedType: 2
D/PowerManagerService( 435): releaseWakeLock(42c5d208): PARTIAL_WAKE_LOCK , tag=BatteryServiceUpdateStats, flags=0x1
D/PowerManagerService( 435): acquireWakeLock(42b8e2c0): PARTIAL_WAKE_LOCK , tag=AlarmManager, flags=0x1, pid=435, uid=1000, mUserState=0x0
V/AlarmManager( 435): sending alarm PendingIntent{42ab8230: PendingIntentRecord{428315b8 android broadcastIntent}}, intent=android.intent.action.TIME_TICK, type=RTC, count=1, when=1375802760000, repeateInterval=0
D/PowerManagerService( 435): releaseWakeLock(42b8e2c0): PARTIAL_WAKE_LOCK , tag=AlarmManager, flags=0x1
D/PowerManagerService( 435): acquireWakeLock(4294d0f0): PARTIAL_WAKE_LOCK , tag=AlarmManager, flags=0x1, pid=435, uid=1000, mUserState=0x0
V/AlarmManager( 435): sending alarm PendingIntent{430ec328: PendingIntentRecord{430b0250 com.google.android.gsf broadcastIntent}}, intent=null, type=RTC_WAKEUP, count=1, when=1375804564479, repeateInterval=1800000
D/PowerManagerService( 435): acquireWakeLock(428f1ad0): PARTIAL_WAKE_LOCK , tag=Event Log Handoff, flags=0x1, pid=6763, uid=10019, mUserState=0x0
D/PowerManagerService( 435): releaseWakeLock(4294d0f0): PARTIAL_WAKE_LOCK , tag=AlarmManager, flags=0x1
D/PowerManagerService( 435): acquireWakeLock(4280f300): PARTIAL_WAKE_LOCK , tag=Event Log Service, flags=0x1, pid=6763, uid=10019, mUserState=0x0
D/PowerManagerService( 435): releaseWakeLock(428f1ad0): PARTIAL_WAKE_LOCK , tag=Event Log Handoff, flags=0x1
D/PowerManagerService( 435): acquireWakeLock(426eb258): PARTIAL_WAKE_LOCK , tag=AlarmManager, flags=0x1, pid=435, uid=1000, mUserState=0x0
V/AlarmManager( 435): sending alarm PendingIntent{4343f398: PendingIntentRecord{432c2290 com.google.android.gms broadcastIntent}}, intent=com.google.android.gms.nlp.ALARM_WAKEUP_LOCATOR, type=ELAPSED_REALTIME_WAKEUP, count=1, when=308368868, repeateInterval=0
D/PowerManagerService( 435): acquireWakeLock(42618f68): PARTIAL_WAKE_LOCK , tag=NlpWakeLock, flags=0x1, pid=20446, uid=10019, mUserState=0x0
D/PowerManagerService( 435): releaseWakeLock(426eb258): PARTIAL_WAKE_LOCK , tag=AlarmManager, flags=0x1
D/PowerManagerService( 435): acquireWakeLock(42d49208): PARTIAL_WAKE_LOCK , tag=NlpWakeLock, flags=0x1, pid=20446, uid=10019, mUserState=0x0
D/WifiService( 435): acquireWifiLockLocked: WifiLock{NlpWifiLock type=2 binder=android.os.BinderProxy@43b02a70}
D/WifiService( 435): updateWifiState(): wifiApEnabled: false, wifiApAirplaneMode: falsegetWifiEnabledState(): 3, getWifiApEnabledState: 11
D/WifiService( 435): updateWifiState(): mAirplaneModeOn.get(): false, mPersistWifiState.get(): 1
D/WifiService( 435): updateWifiState(): mEmergencyCallbackMode: false, mDeviceIdle: false, lockHeld: true, mStopWifiRequested:false
D/WifiService( 435): updateWifiState(): enable and start wifi
D/PowerManagerService( 435): releaseWakeLock(42618f68): PARTIAL_WAKE_LOCK , tag=NlpWakeLock, flags=0x1
D/PowerManagerService( 435): acquireWakeLock(4290b0c8): PARTIAL_WAKE_LOCK , tag=RILJ, flags=0x1, pid=768, uid=1001, mUserState=0x0
D/PowerManagerService( 435): releaseWakeLock(4290b0c8): PARTIAL_WAKE_LOCK , tag=RILJ, flags=0x1
D/PowerManagerService( 435): releaseWakeLock(4280f300): PARTIAL_WAKE_LOCK , tag=Event Log Service, flags=0x1
D/PowerManagerService( 435): acquireWakeLock(42db2088): PARTIAL_WAKE_LOCK , tag=NlpWakeLock, flags=0x1, pid=20446, uid=10019, mUserState=0x0
D/PowerManagerService( 435): releaseWakeLock(42db2088): PARTIAL_WAKE_LOCK , tag=NlpWakeLock, flags=0x1
D/WifiService( 435): releaseWifiLockLocked: WifiLock{NlpWifiLock type=2 binder=android.os.BinderProxy@43b02a70}
D/WifiService( 435): updateWifiState(): wifiApEnabled: false, wifiApAirplaneMode: falsegetWifiEnabledState(): 3, getWifiApEnabledState: 11
D/WifiService( 435): updateWifiState(): mAirplaneModeOn.get(): false, mPersistWifiState.get(): 1
D/WifiService( 435): updateWifiState(): mEmergencyCallbackMode: false, mDeviceIdle: false, lockHeld: false, mStopWifiRequested:false
D/WifiService( 435): updateWifiState(): enable and start wifi
D/PowerManagerService( 435): releaseWakeLock(42d49208): PARTIAL_WAKE_LOCK , tag=NlpWakeLock, flags=0x1
D/PowerManagerService( 435): acquireWakeLock(425c6048): PARTIAL_WAKE_LOCK , tag=NlpLocationReceiverService, flags=0x1, pid=20446, uid=10019, mUserState=0x0
D/PowerManagerService( 435): acquireWakeLock(42583a50): PARTIAL_WAKE_LOCK , tag=dwh, flags=0x1, pid=20446, uid=10019, mUserState=0x0
D/PowerManagerService( 435): releaseWakeLock(42583a50): PARTIAL_WAKE_LOCK , tag=dwh, flags=0x1
D/PowerManagerService( 435): releaseWakeLock(425c6048): PARTIAL_WAKE_LOCK , tag=NlpLocationReceiverService, flags=0x1
D/PowerManagerService( 435): acquireWakeLock(42ded5a0): PARTIAL_WAKE_LOCK , tag=WakefulIntentService[GCoreUlr-LocationReceiverService], flags=0x1, pid=20446, uid=10019, mUserState=0x0
D/PowerManagerService( 435): releaseWakeLock(42ded5a0): PARTIAL_WAKE_LOCK , tag=WakefulIntentService[GCoreUlr-LocationReceiverService], flags=0x1
D/BatteryService( 435): updateBatteryStats: update triggered by UEvent.
D/PowerManagerService( 435): acquireWakeLock(42b40f58): PARTIAL_WAKE_LOCK , tag=BatteryServiceUpdateStats, flags=0x1, pid=435, uid=1000, mUserState=0x0
D/NotificationService( 435): mIntentReceiver() Intent.ACTION_BATTERY_CHANGED
D/PowerManagerService( 435): runHtcPowerSaverCheck ======================================
D/PowerUI ( 582): closing low battery warning: level=100
D/PowerUI ( 582): plugged = true, health = 2, mBatteryLevel = 100, mPluggedBatteryLevel = 77, mLowBatteryWarningLevel2 = 25, mshowLowChargingWarning2 = true
D/WifiService( 435): ACTION_BATTERY_CHANGED pluggedType: 2
D/PowerManagerService( 435): releaseWakeLock(42b40f58): PARTIAL_WAKE_LOCK , tag=BatteryServiceUpdateStats, flags=0x1
D/PowerManagerService( 435): acquireWakeLock(42b71848): PARTIAL_WAKE_LOCK , tag=AlarmManager, flags=0x1, pid=435, uid=1000, mUserState=0x0
D/PowerManagerService( 435): acquireWakeLock(42a45aa8): PARTIAL_WAKE_LOCK , tag=jp.naver.line.android, flags=0x1, pid=11226, uid=10186, mUserState=0x0
V/AlarmManager( 435): sending alarm PendingIntent{43431d00: PendingIntentRecord{42dbc008 jp.naver.line.android startService}}, intent=jp.naver.android.npush.intent.action.SUBSCRIBE, type=RTC_WAKEUP, count=1, when=1375802987272, repeateInterval=202736
D/PowerManagerService( 435): releaseWakeLock(42b71848): PARTIAL_WAKE_LOCK , tag=AlarmManager, flags=0x1
D/PowerManagerService( 435): releaseWakeLock(42a45aa8): PARTIAL_WAKE_LOCK , tag=jp.naver.line.android, flags=0x1
D/PowerManagerService( 435): acquireWakeLock(425f6e78): PARTIAL_WAKE_LOCK , tag=jp.naver.line.android, flags=0x1, pid=11226, uid=10186, mUserState=0x0
D/PowerManagerService( 435): releaseWakeLock(425f6e78): PARTIAL_WAKE_LOCK , tag=jp.naver.line.android, flags=0x1
D/BatteryService( 435): updateBatteryStats: update triggered by UEvent.
D/PowerManagerService( 435): acquireWakeLock(432cd020): PARTIAL_WAKE_LOCK , tag=BatteryServiceUpdateStats, flags=0x1, pid=435, uid=1000, mUserState=0x0
D/NotificationService( 435): mIntentReceiver() Intent.ACTION_BATTERY_CHANGED
D/PowerManagerService( 435): runHtcPowerSaverCheck ======================================
D/PowerUI ( 582): closing low battery warning: level=100
D/PowerUI ( 582): plugged = true, health = 2, mBatteryLevel = 100, mPluggedBatteryLevel = 77, mLowBatteryWarningLevel2 = 25, mshowLowChargingWarning2 = true
D/WifiService( 435): ACTION_BATTERY_CHANGED pluggedType: 2
D/PowerManagerService( 435): releaseWakeLock(432cd020): PARTIAL_WAKE_LOCK , tag=BatteryServiceUpdateStats, flags=0x1
D/PowerManagerService( 435): acquireWakeLock(42a36800): PARTIAL_WAKE_LOCK , tag=AlarmManager, flags=0x1, pid=435, uid=1000, mUserState=0x0
V/AlarmManager( 435): sending alarm PendingIntent{42ab8230: PendingIntentRecord{428315b8 android broadcastIntent}}, intent=android.intent.action.TIME_TICK, type=RTC, count=1, when=1375802820000, repeateInterval=0
D/PowerManagerService( 435): releaseWakeLock(42a36800): PARTIAL_WAKE_LOCK , tag=AlarmManager, flags=0x1
D/PowerManagerService( 435): acquireWakeLock(4335e238): PARTIAL_WAKE_LOCK , tag=AlarmManager, flags=0x1, pid=435, uid=1000, mUserState=0x0
V/AlarmManager( 435): sending alarm PendingIntent{42d1bdf0: PendingIntentRecord{432c2290 com.google.android.gms broadcastIntent}}, intent=com.google.android.gms.nlp.ALARM_WAKEUP_LOCATOR, type=ELAPSED_REALTIME_WAKEUP, count=1, when=308428887, repeateInterval=0
D/PowerManagerService( 435): acquireWakeLock(432e7df8): PARTIAL_WAKE_LOCK , tag=NlpWakeLock, flags=0x1, pid=20446, uid=10019, mUserState=0x0
D/PowerManagerService( 435): acquireWakeLock(432d5968): PARTIAL_WAKE_LOCK , tag=NlpWakeLock, flags=0x1, pid=20446, uid=10019, mUserState=0x0
D/WifiService( 435): acquireWifiLockLocked: WifiLock{NlpWifiLock type=2 binder=android.os.BinderProxy@43b02a70}
D/WifiService( 435): updateWifiState(): wifiApEnabled: false, wifiApAirplaneMode: falsegetWifiEnabledState(): 3, getWifiApEnabledState: 11
D/WifiService( 435): updateWifiState(): mAirplaneModeOn.get(): false, mPersistWifiState.get(): 1
D/WifiService( 435): updateWifiState(): mEmergencyCallbackMode: false, mDeviceIdle: false, lockHeld: true, mStopWifiRequested:false
D/WifiService( 435): updateWifiState(): enable and start wifi
D/PowerManagerService( 435): releaseWakeLock(4335e238): PARTIAL_WAKE_LOCK , tag=AlarmManager, flags=0x1
D/PowerManagerService( 435): acquireWakeLock(4326ada0): PARTIAL_WAKE_LOCK , tag=NlpCollectorWakeLock, flags=0x1, pid=20446, uid=10019, mUserState=0x0
D/PowerManagerService( 435): acquireWakeLock(4303a160): PARTIAL_WAKE_LOCK , tag=NlpCollectorWakeLock, flags=0x1, pid=20446, uid=10019, mUserState=0x0
D/PowerManagerService( 435): acquireWakeLock(42d090d0): PARTIAL_WAKE_LOCK , tag=NlpCollectorWakeLock, flags=0x1, pid=20446, uid=10019, mUserState=0x0
D/PowerManagerService( 435): acquireWakeLock(42bca3b0): PARTIAL_WAKE_LOCK , tag=NlpCollectorWakeLock, flags=0x1, pid=20446, uid=10019, mUserState=0x0
D/PowerManagerService( 435): releaseWakeLock(432e7df8): PARTIAL_WAKE_LOCK , tag=NlpWakeLock, flags=0x1
D/PowerManagerService( 435): acquireWakeLock(425d4528): PARTIAL_WAKE_LOCK , tag=RILJ, flags=0x1, pid=768, uid=1001, mUserState=0x0
D/PowerManagerService( 435): releaseWakeLock(425d4528): PARTIAL_WAKE_LOCK , tag=RILJ, flags=0x1
D/PowerManagerService( 435): releaseWakeLock(42bca3b0): PARTIAL_WAKE_LOCK , tag=NlpCollectorWakeLock, flags=0x1
D/PowerManagerService( 435): acquireWakeLock(4314b000): PARTIAL_WAKE_LOCK , tag=NlpCollectorWakeLock, flags=0x1, pid=20446, uid=10019, mUserState=0x0
D/PowerManagerService( 435): releaseWakeLock(42d090d0): PARTIAL_WAKE_LOCK , tag=NlpCollectorWakeLock, flags=0x1
D/PowerManagerService( 435): releaseWakeLock(4314b000): PARTIAL_WAKE_LOCK , tag=NlpCollectorWakeLock, flags=0x1
D/PowerManagerService( 435): acquireWakeLock(4302d8c0): PARTIAL_WAKE_LOCK , tag=NlpCollectorWakeLock, flags=0x1, pid=20446, uid=10019, mUserState=0x0
D/PowerManagerService( 435): releaseWakeLock(4303a160): PARTIAL_WAKE_LOCK , tag=NlpCollectorWakeLock, flags=0x1
D/PowerManagerService( 435): releaseWakeLock(4302d8c0): PARTIAL_WAKE_LOCK , tag=NlpCollectorWakeLock, flags=0x1
D/PowerManagerService( 435): acquireWakeLock(42f4e1f0): PARTIAL_WAKE_LOCK , tag=NlpCollectorWakeLock, flags=0x1, pid=20446, uid=10019, mUserState=0x0
D/PowerManagerService( 435): releaseWakeLock(4326ada0): PARTIAL_WAKE_LOCK , tag=NlpCollectorWakeLock, flags=0x1
D/PowerManagerService( 435): acquireWakeLock(42d33460): PARTIAL_WAKE_LOCK , tag=NlpWakeLock, flags=0x1, pid=20446, uid=10019, mUserState=0x0
D/PowerManagerService( 435): acquireWakeLock(42cb4ce8): PARTIAL_WAKE_LOCK , tag=NlpWakeLock, flags=0x1, pid=20446, uid=10019, mUserState=0x0
D/PowerManagerService( 435): releaseWakeLock(42cb4ce8): PARTIAL_WAKE_LOCK , tag=NlpWakeLock, flags=0x1
D/PowerManagerService( 435): releaseWakeLock(42f4e1f0): PARTIAL_WAKE_LOCK , tag=NlpCollectorWakeLock, flags=0x1
D/PowerManagerService( 435): releaseWakeLock(42d33460): PARTIAL_WAKE_LOCK , tag=NlpWakeLock, flags=0x1
D/PowerManagerService( 435): acquireWakeLock(4309db80): PARTIAL_WAKE_LOCK , tag=WakefulIntentService[GCoreUlr-LocationReceiverService], flags=0x1, pid=20446, uid=10019, mUserState=0x0
D/PowerManagerService( 435): releaseWakeLock(4309db80): PARTIAL_WAKE_LOCK , tag=WakefulIntentService[GCoreUlr-LocationReceiverService], flags=0x1
D/PowerManagerService( 435): acquireWakeLock(431a71b8): PARTIAL_WAKE_LOCK , tag=NlpWakeLock, flags=0x1, pid=20446, uid=10019, mUserState=0x0
D/PowerManagerService( 435): releaseWakeLock(431a71b8): PARTIAL_WAKE_LOCK , tag=NlpWakeLock, flags=0x1
D/WifiService( 435): releaseWifiLockLocked: WifiLock{NlpWifiLock type=2 binder=android.os.BinderProxy@43b02a70}
D/WifiService( 435): updateWifiState(): wifiApEnabled: false, wifiApAirplaneMode: falsegetWifiEnabledState(): 3, getWifiApEnabledState: 11
D/WifiService( 435): updateWifiState(): mAirplaneModeOn.get(): false, mPersistWifiState.get(): 1
D/WifiService( 435): updateWifiState(): mEmergencyCallbackMode: false, mDeviceIdle: false, lockHeld: false, mStopWifiRequested:false
D/WifiService( 435): updateWifiState(): enable and start wifi
D/PowerManagerService( 435): releaseWakeLock(432d5968): PARTIAL_WAKE_LOCK , tag=NlpWakeLock, flags=0x1
D/PowerManagerService( 435): acquireWakeLock(425eb8c8): PARTIAL_WAKE_LOCK , tag=NlpLocationReceiverService, flags=0x1, pid=20446, uid=10019, mUserState=0x0
D/PowerManagerService( 435): acquireWakeLock(42331838): PARTIAL_WAKE_LOCK , tag=dwh, flags=0x1, pid=20446, uid=10019, mUserState=0x0
D/PowerManagerService( 435): releaseWakeLock(42331838): PARTIAL_WAKE_LOCK , tag=dwh, flags=0x1
D/PowerManagerService( 435): releaseWakeLock(425eb8c8): PARTIAL_WAKE_LOCK , tag=NlpLocationReceiverService, flags=0x1
D/PowerManagerService( 435): acquireWakeLock(4303a418): PARTIAL_WAKE_LOCK , tag=WakefulIntentService[GCoreUlr-LocationReceiverService], flags=0x1, pid=20446, uid=10019, mUserState=0x0
D/PowerManagerService( 435): releaseWakeLock(4303a418): PARTIAL_WAKE_LOCK , tag=WakefulIntentService[GCoreUlr-LocationReceiverService], flags=0x1
D/PowerManagerService( 435): acquireWakeLock(42f404e8): PARTIAL_WAKE_LOCK , tag=AlarmManager, flags=0x1, pid=435, uid=1000, mUserState=0x0
V/AlarmManager( 435): sending alarm PendingIntent{43382810: PendingIntentRecord{4308ef00 com.sina.mfweibo broadcastIntent}}, intent=AlarmTaskSchedule, type=RTC_WAKEUP, count=1, when=1375802828294, repeateInterval=0
D/PowerManagerService( 435): releaseWakeLock(42f404e8): PARTIAL_WAKE_LOCK , tag=AlarmManager, flags=0x1
W/PowerManagerService( 435): Can not get flags by lock
W/PowerManagerService( 435): Can not get flags by lock
D/BatteryService( 435): updateBatteryStats: auto update.
D/PowerManagerService( 435): acquireWakeLock(42c2ab78): PARTIAL_WAKE_LOCK , tag=BatteryServiceUpdateStats, flags=0x1, pid=435, uid=1000, mUserState=0x0
D/PowerManagerService( 435): releaseWakeLock(42c2ab78): PARTIAL_WAKE_LOCK , tag=BatteryServiceUpdateStats, flags=0x1
D/BatteryService( 435): updateBatteryStats: update triggered by UEvent.
D/PowerManagerService( 435): acquireWakeLock(4298ceb8): PARTIAL_WAKE_LOCK , tag=BatteryServiceUpdateStats, flags=0x1, pid=435, uid=1000, mUserState=0x0
D/NotificationService( 435): mIntentReceiver() Intent.ACTION_BATTERY_CHANGED
D/PowerManagerService( 435): runHtcPowerSaverCheck ======================================
D/PowerUI ( 582): closing low battery warning: level=100
D/PowerUI ( 582): plugged = true, health = 2, mBatteryLevel = 100, mPluggedBatteryLevel = 77, mLowBatteryWarningLevel2 = 25, mshowLowChargingWarning2 = true
D/WifiService( 435): ACTION_BATTERY_CHANGED pluggedType: 2
D/PowerManagerService( 435): releaseWakeLock(4298ceb8): PARTIAL_WAKE_LOCK , tag=BatteryServiceUpdateStats, flags=0x1
D/PowerManagerService( 435): acquireWakeLock(42fa90e8): PARTIAL_WAKE_LOCK , tag=AlarmManager, flags=0x1, pid=435, uid=1000, mUserState=0x0
V/AlarmManager( 435): sending alarm PendingIntent{42ab8230: PendingIntentRecord{428315b8 android broadcastIntent}}, intent=android.intent.action.TIME_TICK, type=RTC, count=1, when=1375802880000, repeateInterval=0
D/PowerManagerService( 435): releaseWakeLock(42fa90e8): PARTIAL_WAKE_LOCK , tag=AlarmManager, flags=0x1
D/PowerManagerService( 435): acquireWakeLock(4280a210): PARTIAL_WAKE_LOCK , tag=AlarmManager, flags=0x1, pid=435, uid=1000, mUserState=0x0
V/AlarmManager( 435): sending alarm PendingIntent{42fe5768: PendingIntentRecord{42adbf00 com.google.android.googlequicksearchbox broadcastIntent}}, intent=com.google.android.apps.sidekick.calendar.CalendarIntentService.UPDATE_CALENDAR_ACTION, type=ELAPSED_REALTIME_WAKEUP, count=1, when=309388107, repeateInterval=901733
I/ActivityManager( 435): Start proc com.google.android.googlequicksearchbox for broadcast com.google.android.googlequicksearchbox/com.google.android.apps.sidekick.calendar.CalendarIntentService$CalendarReceiver: pid=7247 uid=10044 gids={3003, 1028, 3002, 1015}
I/ActivityManager( 435): Recipient 6919
V/LocationManagerService( 435): Location listener died
V/LocationManagerService( 435): _removeUpdates: listener = Receiver{42f881d8 Listener android.os.BinderProxy@42f6e198}mUpdateRecords: {passive=UpdateRecord{42fcd938 mProvider: passive mUid: 10032}}
V/LocationManagerService( 435): _removeUpdates: listener = Receiver{42f881d8 Listener android.os.BinderProxy@42f6e198}mUpdateRecords: {passive=UpdateRecord{42fcd938 mProvider: passive mUid: 10032}} package = android.uid.system:1000
I/LocationManagerService( 435): remove passive (pid 435), next minTime = 0
I/ActivityManager( 435): Start proc com.google.android.partnersetup for content provider com.google.android.partnersetup/.RlzAppProvider: pid=7270 uid=10043 gids={3003, 1028}
I/ActivityManager( 435): Process com.facebook.katana:dash (pid 6919) has died.
V/LocationManagerService( 435): getProviders
D/Socket_Alarm( 7247): registerHTCSocketMonitorCallBack
D/Socket_Alarm( 7247): set mSocketMonitor
D/Socket_Alarm( 7247): HTCSocketMonitorImpl::HTCSocketMonitorImpl
D/PowerManagerService( 435): releaseWakeLock(4280a210): PARTIAL_WAKE_LOCK , tag=AlarmManager, flags=0x1
D/PowerManagerService( 435): acquireWakeLock(433ca5d0): PARTIAL_WAKE_LOCK , tag=Sidekick_CalendarIntentService, flags=0x1, pid=7247, uid=10044, mUserState=0x0
W/ActivityManager( 435): Disable JIT of com.htc.bgp
I/ActivityManager( 435): Start proc com.htc.bgp for content provider com.android.providers.calendar/.HtcCalendarProvider: pid=7307 uid=10016 gids={2001, 3003, 1015, 1028, 1006, 5001, 3002, 3001, 5004}
D/PowerManagerService( 435): acquireWakeLock(43310108): PARTIAL_WAKE_LOCK , tag=NlpWakeLock, flags=0x1, pid=20446, uid=10019, mUserState=0x0
D/PowerManagerService( 435): releaseWakeLock(43310108): PARTIAL_WAKE_LOCK , tag=NlpWakeLock, flags=0x1
D/PowerManagerService( 435): acquireWakeLock(42cb5c88): PARTIAL_WAKE_LOCK , tag=NlpWakeLock, flags=0x1, pid=20446, uid=10019, mUserState=0x0
D/WifiService( 435): acquireWifiLockLocked: WifiLock{NlpWifiLock type=2 binder=android.os.BinderProxy@43b02a70}
D/WifiService( 435): updateWifiState(): wifiApEnabled: false, wifiApAirplaneMode: falsegetWifiEnabledState(): 3, getWifiApEnabledState: 11
D/WifiService( 435): updateWifiState(): mAirplaneModeOn.get(): false, mPersistWifiState.get(): 1
D/WifiService( 435): updateWifiState(): mEmergencyCallbackMode: false, mDeviceIdle: false, lockHeld: true, mStopWifiRequested:false
D/WifiService( 435): updateWifiState(): enable and start wifi
D/PowerManagerService( 435): acquireWakeLock(43356bf0): PARTIAL_WAKE_LOCK , tag=NlpWakeLock, flags=0x1, pid=20446, uid=10019, mUserState=0x0
D/PowerManagerService( 435): releaseWakeLock(43356bf0): PARTIAL_WAKE_LOCK , tag=NlpWakeLock, flags=0x1
D/PowerManagerService( 435): acquireWakeLock(431cc9c0): PARTIAL_WAKE_LOCK , tag=RILJ, flags=0x1, pid=768, uid=1001, mUserState=0x0
D/PowerManagerService( 435): acquireWakeLock(430083f0): PARTIAL_WAKE_LOCK , tag=NlpLocationReceiverService, flags=0x1, pid=20446, uid=10019, mUserState=0x0
D/PowerManagerService( 435): releaseWakeLock(430083f0): PARTIAL_WAKE_LOCK , tag=NlpLocationReceiverService, flags=0x1
D/PowerManagerService( 435): acquireWakeLock(43154d40): PARTIAL_WAKE_LOCK , tag=NlpLocationReceiverService, flags=0x1, pid=20446, uid=10019, mUserState=0x0
D/PowerManagerService( 435): releaseWakeLock(43154d40): PARTIAL_WAKE_LOCK , tag=NlpLocationReceiverService, flags=0x1
D/PowerManagerService( 435): releaseWakeLock(431cc9c0): PARTIAL_WAKE_LOCK , tag=RILJ, flags=0x1
D/PowerManagerService( 435): acquireWakeLock(42a3ecf0): PARTIAL_WAKE_LOCK , tag=RILJ, flags=0x1, pid=768, uid=1001, mUserState=0x0
D/PowerManagerService( 435): releaseWakeLock(42a3ecf0): PARTIAL_WAKE_LOCK , tag=RILJ, flags=0x1
D/Socket_Alarm( 7307): registerHTCSocketMonitorCallBack
D/Socket_Alarm( 7307): set mSocketMonitor
