D/Socket_Alarm( 7307): HTCSocketMonitorImpl::HTCSocketMonitorImpl
D/PowerManagerService( 435): releaseWakeLock(433ca5d0): PARTIAL_WAKE_LOCK , tag=Sidekick_CalendarIntentService, flags=0x1
D/PowerManagerService( 435): acquireWakeLock(432a6cc8): PARTIAL_WAKE_LOCK , tag=Sidekick_CalendarIntentService, flags=0x1, pid=7247, uid=10044, mUserState=0x0
D/PowerManagerService( 435): releaseWakeLock(432a6cc8): PARTIAL_WAKE_LOCK , tag=Sidekick_CalendarIntentService, flags=0x1
D/PowerManagerService( 435): acquireWakeLock(43954378): PARTIAL_WAKE_LOCK , tag=Sidekick_CalendarIntentService, flags=0x1, pid=7247, uid=10044, mUserState=0x0
D/PowerManagerService( 435): releaseWakeLock(43954378): PARTIAL_WAKE_LOCK , tag=Sidekick_CalendarIntentService, flags=0x1
W/AlarmManager( 435): RXTXtriggerAlarmsLocked
D/PowerManagerService( 435): acquireWakeLock(43018ab0): PARTIAL_WAKE_LOCK , tag=AlarmManager, flags=0x1, pid=435, uid=1000, mUserState=0x0
V/AlarmManager( 435): sending alarm PendingIntent{42815540: PendingIntentRecord{42823e98 android broadcastIntent}}, intent=com.htc.intent.action.Socket_RXTXGrouping, type=RTC_WAKEUP, count=1, when=1375802883914, repeateInterval=0
D/PowerManagerService( 435): releaseWakeLock(43018ab0): PARTIAL_WAKE_LOCK , tag=AlarmManager, flags=0x1
D/PowerManagerService( 435): acquireWakeLock(42de39b0): PARTIAL_WAKE_LOCK , tag=NlpWakeLock, flags=0x1, pid=20446, uid=10019, mUserState=0x0
D/PowerManagerService( 435): releaseWakeLock(42de39b0): PARTIAL_WAKE_LOCK , tag=NlpWakeLock, flags=0x1
D/PowerManagerService( 435): acquireWakeLock(43ae97d0): PARTIAL_WAKE_LOCK , tag=NlpLocationReceiverService, flags=0x1, pid=20446, uid=10019, mUserState=0x0
D/PowerManagerService( 435): acquireWakeLock(42d4d770): PARTIAL_WAKE_LOCK , tag=dwh, flags=0x1, pid=20446, uid=10019, mUserState=0x0
D/WifiService( 435): releaseWifiLockLocked: WifiLock{NlpWifiLock type=2 binder=android.os.BinderProxy@43b02a70}
D/WifiService( 435): updateWifiState(): wifiApEnabled: false, wifiApAirplaneMode: falsegetWifiEnabledState(): 3, getWifiApEnabledState: 11
D/WifiService( 435): updateWifiState(): mAirplaneModeOn.get(): false, mPersistWifiState.get(): 1
D/WifiService( 435): updateWifiState(): mEmergencyCallbackMode: false, mDeviceIdle: false, lockHeld: false, mStopWifiRequested:false
D/WifiService( 435): updateWifiState(): enable and start wifi
D/PowerManagerService( 435): releaseWakeLock(42cb5c88): PARTIAL_WAKE_LOCK , tag=NlpWakeLock, flags=0x1
D/PowerManagerService( 435): releaseWakeLock(43ae97d0): PARTIAL_WAKE_LOCK , tag=NlpLocationReceiverService, flags=0x1
D/PowerManagerService( 435): acquireWakeLock(431c0430): PARTIAL_WAKE_LOCK , tag=WakefulIntentService[GCoreUlr-LocationReceiverService], flags=0x1, pid=20446, uid=10019, mUserState=0x0
D/PowerManagerService( 435): releaseWakeLock(42d4d770): PARTIAL_WAKE_LOCK , tag=dwh, flags=0x1
D/PowerManagerService( 435): releaseWakeLock(431c0430): PARTIAL_WAKE_LOCK , tag=WakefulIntentService[GCoreUlr-LocationReceiverService], flags=0x1
W/ProcessStats( 435): Skipping unknown process pid 7350
W/ProcessStats( 435): Skipping unknown process pid 7353
W/ProcessStats( 435): Skipping unknown process pid 7356
D/BatteryService( 435): updateBatteryStats: update triggered by UEvent.
D/PowerManagerService( 435): acquireWakeLock(425917a8): PARTIAL_WAKE_LOCK , tag=BatteryServiceUpdateStats, flags=0x1, pid=435, uid=1000, mUserState=0x0
D/NotificationService( 435): mIntentReceiver() Intent.ACTION_BATTERY_CHANGED
D/PowerManagerService( 435): runHtcPowerSaverCheck ======================================
D/PowerUI ( 582): closing low battery warning: level=100
D/PowerUI ( 582): plugged = true, health = 2, mBatteryLevel = 100, mPluggedBatteryLevel = 77, mLowBatteryWarningLevel2 = 25, mshowLowChargingWarning2 = true
D/WifiService( 435): ACTION_BATTERY_CHANGED pluggedType: 2
D/PowerManagerService( 435): releaseWakeLock(425917a8): PARTIAL_WAKE_LOCK , tag=BatteryServiceUpdateStats, flags=0x1
D/BatteryService( 435): updateBatteryStats: update triggered by UEvent.
D/PowerManagerService( 435): acquireWakeLock(43765df8): PARTIAL_WAKE_LOCK , tag=BatteryServiceUpdateStats, flags=0x1, pid=435, uid=1000, mUserState=0x0
D/NotificationService( 435): mIntentReceiver() Intent.ACTION_BATTERY_CHANGED
D/PowerManagerService( 435): runHtcPowerSaverCheck ======================================
D/PowerUI ( 582): closing low battery warning: level=100
D/PowerUI ( 582): plugged = true, health = 2, mBatteryLevel = 100, mPluggedBatteryLevel = 77, mLowBatteryWarningLevel2 = 25, mshowLowChargingWarning2 = true
D/WifiService( 435): ACTION_BATTERY_CHANGED pluggedType: 2
D/PowerManagerService( 435): releaseWakeLock(43765df8): PARTIAL_WAKE_LOCK , tag=BatteryServiceUpdateStats, flags=0x1
D/PowerManagerService( 435): acquireWakeLock(432d9490): PARTIAL_WAKE_LOCK , tag=AlarmManager, flags=0x1, pid=435, uid=1000, mUserState=0x0
V/AlarmManager( 435): sending alarm PendingIntent{42ab8230: PendingIntentRecord{428315b8 android broadcastIntent}}, intent=android.intent.action.TIME_TICK, type=RTC, count=1, when=1375802940000, repeateInterval=0
D/PowerManagerService( 435): releaseWakeLock(432d9490): PARTIAL_WAKE_LOCK , tag=AlarmManager, flags=0x1
D/PowerManagerService( 435): acquireWakeLock(434cda60): PARTIAL_WAKE_LOCK , tag=AlarmManager, flags=0x1, pid=435, uid=1000, mUserState=0x0
V/AlarmManager( 435): sending alarm PendingIntent{432eb700: PendingIntentRecord{432c2290 com.google.android.gms broadcastIntent}}, intent=com.google.android.gms.nlp.ALARM_WAKEUP_LOCATOR, type=ELAPSED_REALTIME_WAKEUP, count=1, when=308547256, repeateInterval=0
D/PowerManagerService( 435): acquireWakeLock(42cd9f50): PARTIAL_WAKE_LOCK , tag=NlpWakeLock, flags=0x1, pid=20446, uid=10019, mUserState=0x0
D/PowerManagerService( 435): acquireWakeLock(43539dc0): PARTIAL_WAKE_LOCK , tag=NlpWakeLock, flags=0x1, pid=20446, uid=10019, mUserState=0x0
D/WifiService( 435): acquireWifiLockLocked: WifiLock{NlpWifiLock type=2 binder=android.os.BinderProxy@43b02a70}
D/WifiService( 435): updateWifiState(): wifiApEnabled: false, wifiApAirplaneMode: falsegetWifiEnabledState(): 3, getWifiApEnabledState: 11
D/WifiService( 435): updateWifiState(): mAirplaneModeOn.get(): false, mPersistWifiState.get(): 1
D/WifiService( 435): updateWifiState(): mEmergencyCallbackMode: false, mDeviceIdle: false, lockHeld: true, mStopWifiRequested:false
D/WifiService( 435): updateWifiState(): enable and start wifi
D/PowerManagerService( 435): releaseWakeLock(434cda60): PARTIAL_WAKE_LOCK , tag=AlarmManager, flags=0x1
D/PowerManagerService( 435): releaseWakeLock(42cd9f50): PARTIAL_WAKE_LOCK , tag=NlpWakeLock, flags=0x1
D/PowerManagerService( 435): acquireWakeLock(432cfd40): PARTIAL_WAKE_LOCK , tag=RILJ, flags=0x1, pid=768, uid=1001, mUserState=0x0
D/PowerManagerService( 435): releaseWakeLock(432cfd40): PARTIAL_WAKE_LOCK , tag=RILJ, flags=0x1
D/PowerManagerService( 435): acquireWakeLock(438e7008): PARTIAL_WAKE_LOCK , tag=NlpWakeLock, flags=0x1, pid=20446, uid=10019, mUserState=0x0
D/PowerManagerService( 435): releaseWakeLock(438e7008): PARTIAL_WAKE_LOCK , tag=NlpWakeLock, flags=0x1
D/WifiService( 435): releaseWifiLockLocked: WifiLock{NlpWifiLock type=2 binder=android.os.BinderProxy@43b02a70}
D/WifiService( 435): updateWifiState(): wifiApEnabled: false, wifiApAirplaneMode: falsegetWifiEnabledState(): 3, getWifiApEnabledState: 11
D/WifiService( 435): updateWifiState(): mAirplaneModeOn.get(): false, mPersistWifiState.get(): 1
D/WifiService( 435): updateWifiState(): mEmergencyCallbackMode: false, mDeviceIdle: false, lockHeld: false, mStopWifiRequested:false
D/WifiService( 435): updateWifiState(): enable and start wifi
D/PowerManagerService( 435): releaseWakeLock(43539dc0): PARTIAL_WAKE_LOCK , tag=NlpWakeLock, flags=0x1
D/PowerManagerService( 435): acquireWakeLock(42fd7110): PARTIAL_WAKE_LOCK , tag=NlpLocationReceiverService, flags=0x1, pid=20446, uid=10019, mUserState=0x0
D/PowerManagerService( 435): acquireWakeLock(43bf22c8): PARTIAL_WAKE_LOCK , tag=dwh, flags=0x1, pid=20446, uid=10019, mUserState=0x0
D/PowerManagerService( 435): releaseWakeLock(43bf22c8): PARTIAL_WAKE_LOCK , tag=dwh, flags=0x1
D/PowerManagerService( 435): releaseWakeLock(42fd7110): PARTIAL_WAKE_LOCK , tag=NlpLocationReceiverService, flags=0x1
D/PowerManagerService( 435): acquireWakeLock(43742220): PARTIAL_WAKE_LOCK , tag=WakefulIntentService[GCoreUlr-LocationReceiverService], flags=0x1, pid=20446, uid=10019, mUserState=0x0
D/PowerManagerService( 435): releaseWakeLock(43742220): PARTIAL_WAKE_LOCK , tag=WakefulIntentService[GCoreUlr-LocationReceiverService], flags=0x1
D/BatteryService( 435): updateBatteryStats: update triggered by UEvent.
D/PowerManagerService( 435): acquireWakeLock(435237b0): PARTIAL_WAKE_LOCK , tag=BatteryServiceUpdateStats, flags=0x1, pid=435, uid=1000, mUserState=0x0
D/NotificationService( 435): mIntentReceiver() Intent.ACTION_BATTERY_CHANGED
D/PowerManagerService( 435): runHtcPowerSaverCheck ======================================
D/PowerUI ( 582): closing low battery warning: level=100
D/PowerUI ( 582): plugged = true, health = 2, mBatteryLevel = 100, mPluggedBatteryLevel = 77, mLowBatteryWarningLevel2 = 25, mshowLowChargingWarning2 = true
D/WifiService( 435): ACTION_BATTERY_CHANGED pluggedType: 2
D/PowerManagerService( 435): releaseWakeLock(435237b0): PARTIAL_WAKE_LOCK , tag=BatteryServiceUpdateStats, flags=0x1
D/BatteryService( 435): updateBatteryStats: update triggered by UEvent.
D/PowerManagerService( 435): acquireWakeLock(432f9860): PARTIAL_WAKE_LOCK , tag=BatteryServiceUpdateStats, flags=0x1, pid=435, uid=1000, mUserState=0x0
D/NotificationService( 435): mIntentReceiver() Intent.ACTION_BATTERY_CHANGED
D/PowerManagerService( 435): runHtcPowerSaverCheck ======================================
D/PowerUI ( 582): closing low battery warning: level=100
D/PowerUI ( 582): plugged = true, health = 2, mBatteryLevel = 100, mPluggedBatteryLevel = 77, mLowBatteryWarningLevel2 = 25, mshowLowChargingWarning2 = true
D/WifiService( 435): ACTION_BATTERY_CHANGED pluggedType: 2
D/PowerManagerService( 435): releaseWakeLock(432f9860): PARTIAL_WAKE_LOCK , tag=BatteryServiceUpdateStats, flags=0x1
D/PowerManagerService( 435): acquireWakeLock(431a4960): PARTIAL_WAKE_LOCK , tag=jp.naver.line.android, flags=0x1, pid=11226, uid=10186, mUserState=0x0
D/PowerManagerService( 435): acquireWakeLock(43191858): PARTIAL_WAKE_LOCK , tag=AlarmManager, flags=0x1, pid=435, uid=1000, mUserState=0x0
V/AlarmManager( 435): sending alarm PendingIntent{43431d00: PendingIntentRecord{42dbc008 jp.naver.line.android startService}}, intent=jp.naver.android.npush.intent.action.SUBSCRIBE, type=RTC_WAKEUP, count=1, when=1375803190008, repeateInterval=202736
D/PowerManagerService( 435): releaseWakeLock(43191858): PARTIAL_WAKE_LOCK , tag=AlarmManager, flags=0x1
D/PowerManagerService( 435): releaseWakeLock(431a4960): PARTIAL_WAKE_LOCK , tag=jp.naver.line.android, flags=0x1
D/PowerManagerService( 435): acquireWakeLock(43162b80): PARTIAL_WAKE_LOCK , tag=jp.naver.line.android, flags=0x1, pid=11226, uid=10186, mUserState=0x0
D/PowerManagerService( 435): releaseWakeLock(43162b80): PARTIAL_WAKE_LOCK , tag=jp.naver.line.android, flags=0x1
D/PowerManagerService( 435): acquireWakeLock(43133788): PARTIAL_WAKE_LOCK , tag=AlarmManager, flags=0x1, pid=435, uid=1000, mUserState=0x0
V/AlarmManager( 435): sending alarm PendingIntent{42ab8230: PendingIntentRecord{428315b8 android broadcastIntent}}, intent=android.intent.action.TIME_TICK, type=RTC, count=1, when=1375803000000, repeateInterval=0
D/PowerManagerService( 435): releaseWakeLock(43133788): PARTIAL_WAKE_LOCK , tag=AlarmManager, flags=0x1
D/PowerManagerService( 435): acquireWakeLock(4307b8f8): PARTIAL_WAKE_LOCK , tag=AlarmManager, flags=0x1, pid=435, uid=1000, mUserState=0x0
V/AlarmManager( 435): sending alarm PendingIntent{43255de0: PendingIntentRecord{432c2290 com.google.android.gms broadcastIntent}}, intent=com.google.android.gms.nlp.ALARM_WAKEUP_LOCATOR, type=ELAPSED_REALTIME_WAKEUP, count=1, when=308607286, repeateInterval=0
D/PowerManagerService( 435): acquireWakeLock(43070a20): PARTIAL_WAKE_LOCK , tag=NlpWakeLock, flags=0x1, pid=20446, uid=10019, mUserState=0x0
D/PowerManagerService( 435): acquireWakeLock(4306b030): PARTIAL_WAKE_LOCK , tag=NlpWakeLock, flags=0x1, pid=20446, uid=10019, mUserState=0x0
D/WifiService( 435): acquireWifiLockLocked: WifiLock{NlpWifiLock type=2 binder=android.os.BinderProxy@42d3cb88}
D/WifiService( 435): updateWifiState(): wifiApEnabled: false, wifiApAirplaneMode: falsegetWifiEnabledState(): 3, getWifiApEnabledState: 11
D/WifiService( 435): updateWifiState(): mAirplaneModeOn.get(): false, mPersistWifiState.get(): 1
D/WifiService( 435): updateWifiState(): mEmergencyCallbackMode: false, mDeviceIdle: false, lockHeld: true, mStopWifiRequested:false
D/WifiService( 435): updateWifiState(): enable and start wifi
D/PowerManagerService( 435): releaseWakeLock(4307b8f8): PARTIAL_WAKE_LOCK , tag=AlarmManager, flags=0x1
D/PowerManagerService( 435): acquireWakeLock(42f64ad0): PARTIAL_WAKE_LOCK , tag=NlpCollectorWakeLock, flags=0x1, pid=20446, uid=10019, mUserState=0x0
D/PowerManagerService( 435): acquireWakeLock(42f59b60): PARTIAL_WAKE_LOCK , tag=NlpCollectorWakeLock, flags=0x1, pid=20446, uid=10019, mUserState=0x0
D/PowerManagerService( 435): acquireWakeLock(42f50c20): PARTIAL_WAKE_LOCK , tag=NlpCollectorWakeLock, flags=0x1, pid=20446, uid=10019, mUserState=0x0
D/PowerManagerService( 435): acquireWakeLock(42f47678): PARTIAL_WAKE_LOCK , tag=NlpCollectorWakeLock, flags=0x1, pid=20446, uid=10019, mUserState=0x0
D/PowerManagerService( 435): releaseWakeLock(43070a20): PARTIAL_WAKE_LOCK , tag=NlpWakeLock, flags=0x1
D/PowerManagerService( 435): acquireWakeLock(42e653a8): PARTIAL_WAKE_LOCK , tag=RILJ, flags=0x1, pid=768, uid=1001, mUserState=0x0
D/PowerManagerService( 435): releaseWakeLock(42e653a8): PARTIAL_WAKE_LOCK , tag=RILJ, flags=0x1
D/PowerManagerService( 435): releaseWakeLock(42f47678): PARTIAL_WAKE_LOCK , tag=NlpCollectorWakeLock, flags=0x1
D/PowerManagerService( 435): acquireWakeLock(42e460e8): PARTIAL_WAKE_LOCK , tag=NlpCollectorWakeLock, flags=0x1, pid=20446, uid=10019, mUserState=0x0
D/PowerManagerService( 435): releaseWakeLock(42e460e8): PARTIAL_WAKE_LOCK , tag=NlpCollectorWakeLock, flags=0x1
D/PowerManagerService( 435): releaseWakeLock(42f50c20): PARTIAL_WAKE_LOCK , tag=NlpCollectorWakeLock, flags=0x1
D/PowerManagerService( 435): acquireWakeLock(42de59f0): PARTIAL_WAKE_LOCK , tag=NlpCollectorWakeLock, flags=0x1, pid=20446, uid=10019, mUserState=0x0
D/PowerManagerService( 435): releaseWakeLock(42de59f0): PARTIAL_WAKE_LOCK , tag=NlpCollectorWakeLock, flags=0x1
D/PowerManagerService( 435): releaseWakeLock(42f59b60): PARTIAL_WAKE_LOCK , tag=NlpCollectorWakeLock, flags=0x1
D/PowerManagerService( 435): acquireWakeLock(42dd2538): PARTIAL_WAKE_LOCK , tag=NlpCollectorWakeLock, flags=0x1, pid=20446, uid=10019, mUserState=0x0
D/PowerManagerService( 435): acquireWakeLock(42dc7888): PARTIAL_WAKE_LOCK , tag=NlpWakeLock, flags=0x1, pid=20446, uid=10019, mUserState=0x0
D/PowerManagerService( 435): acquireWakeLock(42dc1b68): PARTIAL_WAKE_LOCK , tag=NlpWakeLock, flags=0x1, pid=20446, uid=10019, mUserState=0x0
D/PowerManagerService( 435): releaseWakeLock(42dc1b68): PARTIAL_WAKE_LOCK , tag=NlpWakeLock, flags=0x1
D/PowerManagerService( 435): releaseWakeLock(42dd2538): PARTIAL_WAKE_LOCK , tag=NlpCollectorWakeLock, flags=0x1
D/PowerManagerService( 435): releaseWakeLock(42dc7888): PARTIAL_WAKE_LOCK , tag=NlpWakeLock, flags=0x1
D/PowerManagerService( 435): releaseWakeLock(42f64ad0): PARTIAL_WAKE_LOCK , tag=NlpCollectorWakeLock, flags=0x1
D/PowerManagerService( 435): acquireWakeLock(42d8eef8): PARTIAL_WAKE_LOCK , tag=WakefulIntentService[GCoreUlr-LocationReceiverService], flags=0x1, pid=20446, uid=10019, mUserState=0x0
D/PowerManagerService( 435): releaseWakeLock(42d8eef8): PARTIAL_WAKE_LOCK , tag=WakefulIntentService[GCoreUlr-LocationReceiverService], flags=0x1
D/PowerManagerService( 435): acquireWakeLock(42ceed58): PARTIAL_WAKE_LOCK , tag=NlpWakeLock, flags=0x1, pid=20446, uid=10019, mUserState=0x0
D/PowerManagerService( 435): releaseWakeLock(42ceed58): PARTIAL_WAKE_LOCK , tag=NlpWakeLock, flags=0x1
D/WifiService( 435): releaseWifiLockLocked: WifiLock{NlpWifiLock type=2 binder=android.os.BinderProxy@42d3cb88}
D/WifiService( 435): updateWifiState(): wifiApEnabled: false, wifiApAirplaneMode: falsegetWifiEnabledState(): 3, getWifiApEnabledState: 11
D/WifiService( 435): updateWifiState(): mAirplaneModeOn.get(): false, mPersistWifiState.get(): 1
D/WifiService( 435): updateWifiState(): mEmergencyCallbackMode: false, mDeviceIdle: false, lockHeld: false, mStopWifiRequested:false
D/WifiService( 435): updateWifiState(): enable and start wifi
D/PowerManagerService( 435): releaseWakeLock(4306b030): PARTIAL_WAKE_LOCK , tag=NlpWakeLock, flags=0x1
D/PowerManagerService( 435): acquireWakeLock(42c21670): PARTIAL_WAKE_LOCK , tag=NlpLocationReceiverService, flags=0x1, pid=20446, uid=10019, mUserState=0x0
D/PowerManagerService( 435): acquireWakeLock(42bc41c8): PARTIAL_WAKE_LOCK , tag=dwh, flags=0x1, pid=20446, uid=10019, mUserState=0x0
D/PowerManagerService( 435): releaseWakeLock(42bc41c8): PARTIAL_WAKE_LOCK , tag=dwh, flags=0x1
D/PowerManagerService( 435): releaseWakeLock(42c21670): PARTIAL_WAKE_LOCK , tag=NlpLocationReceiverService, flags=0x1
D/PowerManagerService( 435): acquireWakeLock(42ba6218): PARTIAL_WAKE_LOCK , tag=WakefulIntentService[GCoreUlr-LocationReceiverService], flags=0x1, pid=20446, uid=10019, mUserState=0x0
D/PowerManagerService( 435): releaseWakeLock(42ba6218): PARTIAL_WAKE_LOCK , tag=WakefulIntentService[GCoreUlr-LocationReceiverService], flags=0x1
W/ProcessStats( 435): Skipping unknown process pid 7414
W/ProcessStats( 435): Skipping unknown process pid 7416
W/ProcessStats( 435): Skipping unknown process pid 7417
D/BatteryService( 435): updateBatteryStats: auto update.
D/PowerManagerService( 435): acquireWakeLock(42a319a8): PARTIAL_WAKE_LOCK , tag=BatteryServiceUpdateStats, flags=0x1, pid=435, uid=1000, mUserState=0x0
D/PowerManagerService( 435): releaseWakeLock(42a319a8): PARTIAL_WAKE_LOCK , tag=BatteryServiceUpdateStats, flags=0x1
D/PowerManagerService( 435): acquireWakeLock(425cd498): PARTIAL_WAKE_LOCK , tag=AlarmManager, flags=0x1, pid=435, uid=1000, mUserState=0x0
V/AlarmManager( 435): sending alarm PendingIntent{425ba318: PendingIntentRecord{430633d0 com.htc.android.mail startService}}, intent=com.htc.android.mail.intent.action.MAIL_SERVICE_WAKEUP, type=ELAPSED_REALTIME_WAKEUP, count=1, when=308648333, repeateInterval=0
D/PowerManagerService( 435): acquireWakeLock(4232b048): PARTIAL_WAKE_LOCK , tag=MAILSERVICE_PWR_LOCK, flags=0x1, pid=18598, uid=10123, mUserState=0x0
D/PowerManagerService( 435): releaseWakeLock(425cd498): PARTIAL_WAKE_LOCK , tag=AlarmManager, flags=0x1
D/PowerManagerService( 435): acquireWakeLock(42cf0788): PARTIAL_WAKE_LOCK , tag=SyncLoopWakeLock, flags=0x1, pid=435, uid=1000, mUserState=0x0
D/PowerManagerService( 435): releaseWakeLock(42cf0788): PARTIAL_WAKE_LOCK , tag=SyncLoopWakeLock, flags=0x1
D/PowerManagerService( 435): releaseWakeLock(4232b048): PARTIAL_WAKE_LOCK , tag=MAILSERVICE_PWR_LOCK, flags=0x1
D/PowerManagerService( 435): acquireWakeLock(431ddd08): PARTIAL_WAKE_LOCK , tag=AlarmManager, flags=0x1, pid=435, uid=1000, mUserState=0x0
V/AlarmManager( 435): sending alarm PendingIntent{42ab8230: PendingIntentRecord{428315b8 android broadcastIntent}}, intent=android.intent.action.TIME_TICK, type=RTC, count=1, when=1375803060000, repeateInterval=0
D/PowerManagerService( 435): releaseWakeLock(431ddd08): PARTIAL_WAKE_LOCK , tag=AlarmManager, flags=0x1
D/PowerManagerService( 435): acquireWakeLock(433243a8): PARTIAL_WAKE_LOCK , tag=AlarmManager, flags=0x1, pid=435, uid=1000, mUserState=0x0
V/AlarmManager( 435): sending alarm PendingIntent{430fc428: PendingIntentRecord{432c2290 com.google.android.gms broadcastIntent}}, intent=com.google.android.gms.nlp.ALARM_WAKEUP_LOCATOR, type=ELAPSED_REALTIME_WAKEUP, count=1, when=308667334, repeateInterval=0
D/PowerManagerService( 435): acquireWakeLock(432dfcd0): PARTIAL_WAKE_LOCK , tag=NlpWakeLock, flags=0x1, pid=20446, uid=10019, mUserState=0x0
D/PowerManagerService( 435): acquireWakeLock(43235178): PARTIAL_WAKE_LOCK , tag=NlpWakeLock, flags=0x1, pid=20446, uid=10019, mUserState=0x0
D/WifiService( 435): acquireWifiLockLocked: WifiLock{NlpWifiLock type=2 binder=android.os.BinderProxy@42d3cb88}
D/WifiService( 435): updateWifiState(): wifiApEnabled: false, wifiApAirplaneMode: falsegetWifiEnabledState(): 3, getWifiApEnabledState: 11
D/WifiService( 435): updateWifiState(): mAirplaneModeOn.get(): false, mPersistWifiState.get(): 1
D/WifiService( 435): updateWifiState(): mEmergencyCallbackMode: false, mDeviceIdle: false, lockHeld: true, mStopWifiRequested:false
D/WifiService( 435): updateWifiState(): enable and start wifi
D/PowerManagerService( 435): releaseWakeLock(433243a8): PARTIAL_WAKE_LOCK , tag=AlarmManager, flags=0x1
D/PowerManagerService( 435): releaseWakeLock(432dfcd0): PARTIAL_WAKE_LOCK , tag=NlpWakeLock, flags=0x1
D/PowerManagerService( 435): acquireWakeLock(425c2a50): PARTIAL_WAKE_LOCK , tag=RILJ, flags=0x1, pid=768, uid=1001, mUserState=0x0
D/PowerManagerService( 435): releaseWakeLock(425c2a50): PARTIAL_WAKE_LOCK , tag=RILJ, flags=0x1
D/PowerManagerService( 435): acquireWakeLock(42fd05d0): PARTIAL_WAKE_LOCK , tag=NlpWakeLock, flags=0x1, pid=20446, uid=10019, mUserState=0x0
D/PowerManagerService( 435): releaseWakeLock(42fd05d0): PARTIAL_WAKE_LOCK , tag=NlpWakeLock, flags=0x1
D/WifiService( 435): releaseWifiLockLocked: WifiLock{NlpWifiLock type=2 binder=android.os.BinderProxy@42d3cb88}
D/WifiService( 435): updateWifiState(): wifiApEnabled: false, wifiApAirplaneMode: falsegetWifiEnabledState(): 3, getWifiApEnabledState: 11
D/WifiService( 435): updateWifiState(): mAirplaneModeOn.get(): false, mPersistWifiState.get(): 1
D/WifiService( 435): updateWifiState(): mEmergencyCallbackMode: false, mDeviceIdle: false, lockHeld: false, mStopWifiRequested:false
D/WifiService( 435): updateWifiState(): enable and start wifi
D/PowerManagerService( 435): releaseWakeLock(43235178): PARTIAL_WAKE_LOCK , tag=NlpWakeLock, flags=0x1
D/PowerManagerService( 435): acquireWakeLock(42cfe090): PARTIAL_WAKE_LOCK , tag=NlpLocationReceiverService, flags=0x1, pid=20446, uid=10019, mUserState=0x0
D/PowerManagerService( 435): acquireWakeLock(42bbb490): PARTIAL_WAKE_LOCK , tag=dwh, flags=0x1, pid=20446, uid=10019, mUserState=0x0
D/PowerManagerService( 435): releaseWakeLock(42cfe090): PARTIAL_WAKE_LOCK , tag=NlpLocationReceiverService, flags=0x1
D/PowerManagerService( 435): releaseWakeLock(42bbb490): PARTIAL_WAKE_LOCK , tag=dwh, flags=0x1
D/PowerManagerService( 435): acquireWakeLock(432d63b8): PARTIAL_WAKE_LOCK , tag=WakefulIntentService[GCoreUlr-LocationReceiverService], flags=0x1, pid=20446, uid=10019, mUserState=0x0
D/PowerManagerService( 435): releaseWakeLock(432d63b8): PARTIAL_WAKE_LOCK , tag=WakefulIntentService[GCoreUlr-LocationReceiverService], flags=0x1
D/PowerManagerService( 435): acquireWakeLock(42fea828): PARTIAL_WAKE_LOCK , tag=AlarmManager, flags=0x1, pid=435, uid=1000, mUserState=0x0
V/AlarmManager( 435): sending alarm PendingIntent{4328be80: PendingIntentRecord{42bca2b0 com.sina.mfweibo broadcastIntent}}, intent=AlarmTaskSchedule, type=RTC_WAKEUP, count=1, when=1375803082391, repeateInterval=0
D/PowerManagerService( 435): releaseWakeLock(42fea828): PARTIAL_WAKE_LOCK , tag=AlarmManager, flags=0x1
W/PowerManagerService( 435): Can not get flags by lock
D/PowerManagerService( 435): acquireWakeLock(42cf81c8): PARTIAL_WAKE_LOCK , tag=AlarmManager, flags=0x1, pid=435, uid=1000, mUserState=0x0
V/AlarmManager( 435): sending alarm PendingIntent{42be4630: PendingIntentRecord{42d06f08 com.sina.mfweibo broadcastIntent}}, intent=AlarmTaskScheduleBak, type=RTC_WAKEUP, count=1, when=1375803084391, repeateInterval=0
D/PowerManagerService( 435): releaseWakeLock(42cf81c8): PARTIAL_WAKE_LOCK , tag=AlarmManager, flags=0x1
W/PowerManagerService( 435): Can not get flags by lock
D/PowerManagerService( 435): acquireWakeLock(425bcec8): PARTIAL_WAKE_LOCK , tag=AlarmManager, flags=0x1, pid=435, uid=1000, mUserState=0x0
I/ActivityManager( 435): Start proc com.google.android.talk for broadcast com.google.android.talk/com.google.android.apps.babel.realtimechat.RealTimeChatService$AlarmReceiver: pid=7454 uid=10158 gids={3003, 1015, 1006, 3002, 1028}
V/AlarmManager( 435): sending alarm PendingIntent{423d4978: PendingIntentRecord{42d9f150 com.google.android.talk broadcastIntent}}, intent=com.google.android.apps.babel.CLEANUP_DB, type=ELAPSED_REALTIME_WAKEUP, count=1, when=395100000, repeateInterval=86400000
V/AlarmManager( 435): sending alarm PendingIntent{42cdad58: PendingIntentRecord{42cffe80 android broadcastIntent}}, intent=com.android.server.action.NETWORK_STATS_POLL, type=ELAPSED_REALTIME, count=1, when=310500000, repeateInterval=1800000
V/AlarmManager( 435): sending alarm PendingIntent{42e5b3e0: PendingIntentRecord{4307e018 com.facebook.katana startService}}, intent=null, type=ELAPSED_REALTIME, count=1, when=395100000, repeateInterval=86400000
I/ActivityManager( 435): Recipient 6973
I/ActivityManager( 435): Process jp.naver.line.android (pid 6973) has died.
D/Socket_Alarm( 7454): registerHTCSocketMonitorCallBack
D/Socket_Alarm( 7454): set mSocketMonitor
D/Socket_Alarm( 7454): HTCSocketMonitorImpl::HTCSocketMonitorImpl
D/PowerManagerService( 435): acquireWakeLock(42b41088): PARTIAL_WAKE_LOCK , tag=babel_rtcs, flags=0x1, pid=7454, uid=10158, mUserState=0x0
D/PowerManagerService( 435): acquireWakeLock(432b3f68): PARTIAL_WAKE_LOCK , tag=NetworkStats, flags=0x1, pid=435, uid=1000, mUserState=0x0
D/PowerManagerService( 435): releaseWakeLock(432b3f68): PARTIAL_WAKE_LOCK , tag=NetworkStats, flags=0x1
D/PowerManagerService( 435): releaseWakeLock(425bcec8): PARTIAL_WAKE_LOCK , tag=AlarmManager, flags=0x1
D/PowerManagerService( 435): releaseWakeLock(42b41088): PARTIAL_WAKE_LOCK , tag=babel_rtcs, flags=0x1
D/BatteryService( 435): updateBatteryStats: auto update.
D/PowerManagerService( 435): acquireWakeLock(428092d0): PARTIAL_WAKE_LOCK , tag=BatteryServiceUpdateStats, flags=0x1, pid=435, uid=1000, mUserState=0x0
D/PowerManagerService( 435): releaseWakeLock(428092d0): PARTIAL_WAKE_LOCK , tag=BatteryServiceUpdateStats, flags=0x1
D/PowerManagerService( 435): acquireWakeLock(423285c0): PARTIAL_WAKE_LOCK , tag=AlarmManager, flags=0x1, pid=435, uid=1000, mUserState=0x0
V/AlarmManager( 435): sending alarm PendingIntent{42ab8230: PendingIntentRecord{428315b8 android broadcastIntent}}, intent=android.intent.action.TIME_TICK, type=RTC, count=1, when=1375803120000, repeateInterval=0
D/PowerManagerService( 435): releaseWakeLock(423285c0): PARTIAL_WAKE_LOCK , tag=AlarmManager, flags=0x1
D/PowerManagerService( 435): acquireWakeLock(42bda5a8): PARTIAL_WAKE_LOCK , tag=AlarmManager, flags=0x1, pid=435, uid=1000, mUserState=0x0
V/AlarmManager( 435): sending alarm PendingIntent{42f47108: PendingIntentRecord{432c2290 com.google.android.gms broadcastIntent}}, intent=com.google.android.gms.nlp.ALARM_WAKEUP_LOCATOR, type=ELAPSED_REALTIME_WAKEUP, count=1, when=308727357, repeateInterval=0
D/PowerManagerService( 435): acquireWakeLock(42b45a60): PARTIAL_WAKE_LOCK , tag=NlpWakeLock, flags=0x1, pid=20446, uid=10019, mUserState=0x0
D/PowerManagerService( 435): acquireWakeLock(42a442d0): PARTIAL_WAKE_LOCK , tag=NlpWakeLock, flags=0x1, pid=20446, uid=10019, mUserState=0x0
D/WifiService( 435): acquireWifiLockLocked: WifiLock{NlpWifiLock type=2 binder=android.os.BinderProxy@42d3cb88}
D/WifiService( 435): updateWifiState(): wifiApEnabled: false, wifiApAirplaneMode: falsegetWifiEnabledState(): 3, getWifiApEnabledState: 11
D/WifiService( 435): updateWifiState(): mAirplaneModeOn.get(): false, mPersistWifiState.get(): 1
D/WifiService( 435): updateWifiState(): mEmergencyCallbackMode: false, mDeviceIdle: false, lockHeld: true, mStopWifiRequested:false
D/WifiService( 435): updateWifiState(): enable and start wifi
D/PowerManagerService( 435): releaseWakeLock(42bda5a8): PARTIAL_WAKE_LOCK , tag=AlarmManager, flags=0x1
D/PowerManagerService( 435): releaseWakeLock(42b45a60): PARTIAL_WAKE_LOCK , tag=NlpWakeLock, flags=0x1
D/PowerManagerService( 435): acquireWakeLock(425fdb20): PARTIAL_WAKE_LOCK , tag=RILJ, flags=0x1, pid=768, uid=1001, mUserState=0x0
D/PowerManagerService( 435): releaseWakeLock(425fdb20): PARTIAL_WAKE_LOCK , tag=RILJ, flags=0x1
D/PowerManagerService( 435): acquireWakeLock(431c6158): PARTIAL_WAKE_LOCK , tag=NlpWakeLock, flags=0x1, pid=20446, uid=10019, mUserState=0x0
D/PowerManagerService( 435): releaseWakeLock(431c6158): PARTIAL_WAKE_LOCK , tag=NlpWakeLock, flags=0x1
D/WifiService( 435): releaseWifiLockLocked: WifiLock{NlpWifiLock type=2 binder=android.os.BinderProxy@42d3cb88}
D/WifiService( 435): updateWifiState(): wifiApEnabled: false, wifiApAirplaneMode: falsegetWifiEnabledState(): 3, getWifiApEnabledState: 11
D/WifiService( 435): updateWifiState(): mAirplaneModeOn.get(): false, mPersistWifiState.get(): 1
D/WifiService( 435): updateWifiState(): mEmergencyCallbackMode: false, mDeviceIdle: false, lockHeld: false, mStopWifiRequested:false
D/WifiService( 435): updateWifiState(): enable and start wifi
D/PowerManagerService( 435): releaseWakeLock(42a442d0): PARTIAL_WAKE_LOCK , tag=NlpWakeLock, flags=0x1
D/PowerManagerService( 435): acquireWakeLock(42e656f0): PARTIAL_WAKE_LOCK , tag=NlpLocationReceiverService, flags=0x1, pid=20446, uid=10019, mUserState=0x0
D/PowerManagerService( 435): acquireWakeLock(42cd83b8): PARTIAL_WAKE_LOCK , tag=dwh, flags=0x1, pid=20446, uid=10019, mUserState=0x0
D/PowerManagerService( 435): releaseWakeLock(42cd83b8): PARTIAL_WAKE_LOCK , tag=dwh, flags=0x1
D/PowerManagerService( 435): releaseWakeLock(42e656f0): PARTIAL_WAKE_LOCK , tag=NlpLocationReceiverService, flags=0x1
D/PowerManagerService( 435): acquireWakeLock(43236370): PARTIAL_WAKE_LOCK , tag=WakefulIntentService[GCoreUlr-LocationReceiverService], flags=0x1, pid=20446, uid=10019, mUserState=0x0
D/PowerManagerService( 435): releaseWakeLock(43236370): PARTIAL_WAKE_LOCK , tag=WakefulIntentService[GCoreUlr-LocationReceiverService], flags=0x1
D/BatteryService( 435): updateBatteryStats: update triggered by UEvent.
D/PowerManagerService( 435): acquireWakeLock(432b5b50): PARTIAL_WAKE_LOCK , tag=BatteryServiceUpdateStats, flags=0x1, pid=435, uid=1000, mUserState=0x0
D/PowerManagerService( 435): runHtcPowerSaverCheck ======================================
D/NotificationService( 435): mIntentReceiver() Intent.ACTION_BATTERY_CHANGED
D/PowerUI ( 582): closing low battery warning: level=100
D/PowerUI ( 582): plugged = true, health = 2, mBatteryLevel = 100, mPluggedBatteryLevel = 77, mLowBatteryWarningLevel2 = 25, mshowLowChargingWarning2 = true
D/WifiService( 435): ACTION_BATTERY_CHANGED pluggedType: 2
D/PowerManagerService( 435): releaseWakeLock(432b5b50): PARTIAL_WAKE_LOCK , tag=BatteryServiceUpdateStats, flags=0x1
D/BatteryService( 435): updateBatteryStats: update triggered by UEvent.
D/PowerManagerService( 435): acquireWakeLock(43631c68): PARTIAL_WAKE_LOCK , tag=BatteryServiceUpdateStats, flags=0x1, pid=435, uid=1000, mUserState=0x0
D/NotificationService( 435): mIntentReceiver() Intent.ACTION_BATTERY_CHANGED
D/PowerManagerService( 435): runHtcPowerSaverCheck ======================================
D/PowerUI ( 582): closing low battery warning: level=100
D/PowerUI ( 582): plugged = true, health = 2, mBatteryLevel = 100, mPluggedBatteryLevel = 77, mLowBatteryWarningLevel2 = 25, mshowLowChargingWarning2 = true
D/WifiService( 435): ACTION_BATTERY_CHANGED pluggedType: 2
D/PowerManagerService( 435): releaseWakeLock(43631c68): PARTIAL_WAKE_LOCK , tag=BatteryServiceUpdateStats, flags=0x1
D/PowerManagerService( 435): acquireWakeLock(42a33588): PARTIAL_WAKE_LOCK , tag=AlarmManager, flags=0x1, pid=435, uid=1000, mUserState=0x0
V/AlarmManager( 435): sending alarm PendingIntent{42ab8230: PendingIntentRecord{428315b8 android broadcastIntent}}, intent=android.intent.action.TIME_TICK, type=RTC, count=1, when=1375803180000, repeateInterval=0
D/PowerManagerService( 435): releaseWakeLock(42a33588): PARTIAL_WAKE_LOCK , tag=AlarmManager, flags=0x1
D/PowerManagerService( 435): acquireWakeLock(4310b3f0): PARTIAL_WAKE_LOCK , tag=AlarmManager, flags=0x1, pid=435, uid=1000, mUserState=0x0
V/AlarmManager( 435): sending alarm PendingIntent{430c3220: PendingIntentRecord{432c2290 com.google.android.gms broadcastIntent}}, intent=com.google.android.gms.nlp.ALARM_WAKEUP_LOCATOR, type=ELAPSED_REALTIME_WAKEUP, count=1, when=308787387, repeateInterval=0
D/PowerManagerService( 435): acquireWakeLock(432c6af8): PARTIAL_WAKE_LOCK , tag=NlpWakeLock, flags=0x1, pid=20446, uid=10019, mUserState=0x0
D/PowerManagerService( 435): acquireWakeLock(43387808): PARTIAL_WAKE_LOCK , tag=NlpWakeLock, flags=0x1, pid=20446, uid=10019, mUserState=0x0
D/WifiService( 435): acquireWifiLockLocked: WifiLock{NlpWifiLock type=2 binder=android.os.BinderProxy@42d3cb88}
D/WifiService( 435): updateWifiState(): wifiApEnabled: false, wifiApAirplaneMode: falsegetWifiEnabledState(): 3, getWifiApEnabledState: 11
D/WifiService( 435): updateWifiState(): mAirplaneModeOn.get(): false, mPersistWifiState.get(): 1
D/WifiService( 435): updateWifiState(): mEmergencyCallbackMode: false, mDeviceIdle: false, lockHeld: true, mStopWifiRequested:false
D/WifiService( 435): updateWifiState(): enable and start wifi
D/PowerManagerService( 435): releaseWakeLock(4310b3f0): PARTIAL_WAKE_LOCK , tag=AlarmManager, flags=0x1
D/PowerManagerService( 435): acquireWakeLock(42ff9d88): PARTIAL_WAKE_LOCK , tag=NlpCollectorWakeLock, flags=0x1, pid=20446, uid=10019, mUserState=0x0
D/PowerManagerService( 435): acquireWakeLock(430b75d0): PARTIAL_WAKE_LOCK , tag=NlpCollectorWakeLock, flags=0x1, pid=20446, uid=10019, mUserState=0x0
D/PowerManagerService( 435): acquireWakeLock(431ce858): PARTIAL_WAKE_LOCK , tag=NlpCollectorWakeLock, flags=0x1, pid=20446, uid=10019, mUserState=0x0
D/PowerManagerService( 435): acquireWakeLock(43684018): PARTIAL_WAKE_LOCK , tag=NlpCollectorWakeLock, flags=0x1, pid=20446, uid=10019, mUserState=0x0
D/PowerManagerService( 435): releaseWakeLock(432c6af8): PARTIAL_WAKE_LOCK , tag=NlpWakeLock, flags=0x1
D/PowerManagerService( 435): acquireWakeLock(42809cb0): PARTIAL_WAKE_LOCK , tag=RILJ, flags=0x1, pid=768, uid=1001, mUserState=0x0
D/PowerManagerService( 435): releaseWakeLock(42809cb0): PARTIAL_WAKE_LOCK , tag=RILJ, flags=0x1
D/PowerManagerService( 435): releaseWakeLock(43684018): PARTIAL_WAKE_LOCK , tag=NlpCollectorWakeLock, flags=0x1
D/PowerManagerService( 435): acquireWakeLock(432babe0): PARTIAL_WAKE_LOCK , tag=AlarmManager, flags=0x1, pid=435, uid=1000, mUserState=0x0
V/AlarmManager( 435): sending alarm PendingIntent{42c9be70: PendingIntentRecord{4308ef00 com.sina.mfweibo broadcastIntent}}, intent=AlarmTaskSchedule, type=RTC_WAKEUP, count=1, when=1375803183528, repeateInterval=0
D/PowerManagerService( 435): releaseWakeLock(432babe0): PARTIAL_WAKE_LOCK , tag=AlarmManager, flags=0x1
W/PowerManagerService( 435): Can not get flags by lock
D/PowerManagerService( 435): acquireWakeLock(425d85c8): PARTIAL_WAKE_LOCK , tag=NlpCollectorWakeLock, flags=0x1, pid=20446, uid=10019, mUserState=0x0
D/PowerManagerService( 435): releaseWakeLock(425d85c8): PARTIAL_WAKE_LOCK , tag=NlpCollectorWakeLock, flags=0x1
D/PowerManagerService( 435): releaseWakeLock(431ce858): PARTIAL_WAKE_LOCK , tag=NlpCollectorWakeLock, flags=0x1
D/PowerManagerService( 435): acquireWakeLock(43092470): PARTIAL_WAKE_LOCK , tag=NlpCollectorWakeLock, flags=0x1, pid=20446, uid=10019, mUserState=0x0
D/PowerManagerService( 435): releaseWakeLock(43092470): PARTIAL_WAKE_LOCK , tag=NlpCollectorWakeLock, flags=0x1
D/PowerManagerService( 435): releaseWakeLock(430b75d0): PARTIAL_WAKE_LOCK , tag=NlpCollectorWakeLock, flags=0x1
D/PowerManagerService( 435): acquireWakeLock(431c74b8): PARTIAL_WAKE_LOCK , tag=NlpCollectorWakeLock, flags=0x1, pid=20446, uid=10019, mUserState=0x0
D/PowerManagerService( 435): releaseWakeLock(42ff9d88): PARTIAL_WAKE_LOCK , tag=NlpCollectorWakeLock, flags=0x1
D/PowerManagerService( 435): acquireWakeLock(43384ef0): PARTIAL_WAKE_LOCK , tag=NlpWakeLock, flags=0x1, pid=20446, uid=10019, mUserState=0x0
D/PowerManagerService( 435): acquireWakeLock(43504e88): PARTIAL_WAKE_LOCK , tag=NlpWakeLock, flags=0x1, pid=20446, uid=10019, mUserState=0x0
D/PowerManagerService( 435): releaseWakeLock(43504e88): PARTIAL_WAKE_LOCK , tag=NlpWakeLock, flags=0x1
D/PowerManagerService( 435): releaseWakeLock(431c74b8): PARTIAL_WAKE_LOCK , tag=NlpCollectorWakeLock, flags=0x1
D/PowerManagerService( 435): releaseWakeLock(43384ef0): PARTIAL_WAKE_LOCK , tag=NlpWakeLock, flags=0x1
D/PowerManagerService( 435): acquireWakeLock(429096d8): PARTIAL_WAKE_LOCK , tag=WakefulIntentService[GCoreUlr-LocationReceiverService], flags=0x1, pid=20446, uid=10019, mUserState=0x0
D/PowerManagerService( 435): releaseWakeLock(429096d8): PARTIAL_WAKE_LOCK , tag=WakefulIntentService[GCoreUlr-LocationReceiverService], flags=0x1
D/PowerManagerService( 435): acquireWakeLock(43127f38): PARTIAL_WAKE_LOCK , tag=NlpWakeLock, flags=0x1, pid=20446, uid=10019, mUserState=0x0
D/PowerManagerService( 435): releaseWakeLock(43127f38): PARTIAL_WAKE_LOCK , tag=NlpWakeLock, flags=0x1
D/WifiService( 435): releaseWifiLockLocked: WifiLock{NlpWifiLock type=2 binder=android.os.BinderProxy@42d3cb88}
D/WifiService( 435): updateWifiState(): wifiApEnabled: false, wifiApAirplaneMode: falsegetWifiEnabledState(): 3, getWifiApEnabledState: 11
D/WifiService( 435): updateWifiState(): mAirplaneModeOn.get(): false, mPersistWifiState.get(): 1
D/WifiService( 435): updateWifiState(): mEmergencyCallbackMode: false, mDeviceIdle: false, lockHeld: false, mStopWifiRequested:false
D/WifiService( 435): updateWifiState(): enable and start wifi
D/PowerManagerService( 435): releaseWakeLock(43387808): PARTIAL_WAKE_LOCK , tag=NlpWakeLock, flags=0x1
D/PowerManagerService( 435): acquireWakeLock(431b39a0): PARTIAL_WAKE_LOCK , tag=NlpLocationReceiverService, flags=0x1, pid=20446, uid=10019, mUserState=0x0
W/PowerManagerService( 435): Can not get flags by lock
D/PowerManagerService( 435): acquireWakeLock(4338de50): PARTIAL_WAKE_LOCK , tag=dwh, flags=0x1, pid=20446, uid=10019, mUserState=0x0
D/PowerManagerService( 435): releaseWakeLock(431b39a0): PARTIAL_WAKE_LOCK , tag=NlpLocationReceiverService, flags=0x1
D/PowerManagerService( 435): acquireWakeLock(4307faf0): PARTIAL_WAKE_LOCK , tag=WakefulIntentService[GCoreUlr-LocationReceiverService], flags=0x1, pid=20446, uid=10019, mUserState=0x0
D/PowerManagerService( 435): releaseWakeLock(4307faf0): PARTIAL_WAKE_LOCK , tag=WakefulIntentService[GCoreUlr-LocationReceiverService], flags=0x1
D/PowerManagerService( 435): releaseWakeLock(4338de50): PARTIAL_WAKE_LOCK , tag=dwh, flags=0x1
D/PowerManagerService( 435): acquireWakeLock(438ef5e8): PARTIAL_WAKE_LOCK , tag=jp.naver.line.android, flags=0x1, pid=11226, uid=10186, mUserState=0x0
D/PowerManagerService( 435): acquireWakeLock(4306b2d0): PARTIAL_WAKE_LOCK , tag=AlarmManager, flags=0x1, pid=435, uid=1000, mUserState=0x0
V/AlarmManager( 435): sending alarm PendingIntent{43431d00: PendingIntentRecord{42dbc008 jp.naver.line.android startService}}, intent=jp.naver.android.npush.intent.action.SUBSCRIBE, type=RTC_WAKEUP, count=1, when=1375803392744, repeateInterval=202736
D/PowerManagerService( 435): releaseWakeLock(4306b2d0): PARTIAL_WAKE_LOCK , tag=AlarmManager, flags=0x1
D/PowerManagerService( 435): releaseWakeLock(438ef5e8): PARTIAL_WAKE_LOCK , tag=jp.naver.line.android, flags=0x1
D/PowerManagerService( 435): acquireWakeLock(425ed168): PARTIAL_WAKE_LOCK , tag=jp.naver.line.android, flags=0x1, pid=11226, uid=10186, mUserState=0x0
D/PowerManagerService( 435): releaseWakeLock(425ed168): PARTIAL_WAKE_LOCK , tag=jp.naver.line.android, flags=0x1
D/PowerManagerService( 435): acquireWakeLock(42fc39b0): PARTIAL_WAKE_LOCK , tag=keyguardWakeAndHandOff, flags=0x1, pid=435, uid=1000, mUserState=0x0
D/PowerManagerService( 435): nativeSetScreenState: on=true
D/PowerManagerService( 435): nativeSetScreenState: err=0
W/Vold ( 135): Ignoring unknown switch 'tegradc.0'
D/PowerManagerService( 435): button light setOrientation:-1
D/PowerManagerService( 435): acquireWakeLock(435bff60): PARTIAL_WAKE_LOCK , tag=sleep_broadcast, flags=0x1, pid=435, uid=1000, mUserState=0x0
D/PowerManagerService( 435): acquireWakeLock(4309f178): FULL_WAKE_LOCK ACQUIRE_CAUSES_WAKEUP , tag=keyguard, flags=0x1000001a, pid=435, uid=1000, mUserState=0x0
D/PowerManagerService( 435): TPE algorithm. remove timeout.
D/PowerManagerService( 435): ALG=2, lsvalue=10(0th)->160(3th), last_level=0, lValue=64->99, bValue=255, kValue=0, mPowerState=0x3, mSkippedScreenOn=true, mInitialAnimation=false, immediate=false
D/PowerManagerService( 435): releaseWakeLock(42fc39b0): PARTIAL_WAKE_LOCK , tag=keyguardWakeAndHandOff, flags=0x1
D/PowerManagerService( 435): ActivityManagerNative.getDefault().wakingUp();
I/InputMethodManagerService( 435): screenObserver: isScreenOn=true
I/InputMethodManagerService( 435): Enable input method client.
D/AlarmManager( 435): ACTION_SCREEN_ON
D/PowerManagerService( 435): acquireWakeLock(425d61e8): PARTIAL_WAKE_LOCK , tag=IdleScreen:command_15, flags=0x1, pid=714, uid=10177, mUserState=0x0
D/PowerManagerService( 435): acquireWakeLock(425f7740): PARTIAL_WAKE_LOCK , tag=NfcService:mRoutingWakeLock, flags=0x1, pid=798, uid=1027, mUserState=0x0
D/PowerManagerService( 435): releaseWakeLock(425d61e8): PARTIAL_WAKE_LOCK , tag=IdleScreen:command_15, flags=0x1
I/WindowManager( 435): Check Keyguard window and wait for drawn.
I/WindowManager( 435): Lock screen displayed!
V/LightsService( 435): setLight #0: color=#ff636363
V/LightsService( 435): setLight #2: color=#ffffffff
I/ActivityManager( 435): Recipient 7020
I/ActivityManager( 435): Process com.google.android.gsf.login (pid 7020) has died.
V/LightsService( 435): setLight #1: color=#ff000000
E/PowerManagerService( 435): Excessive delay when setting lcd brightness: mLcdLight.setBrightness(99, 1) spend 219ms, mask=2
D/PowerManagerService( 435): releaseWakeLock(425f7740): PARTIAL_WAKE_LOCK , tag=NfcService:mRoutingWakeLock, flags=0x1
D/PowerManagerService( 435): acquireWakeLock(42feaa88): PARTIAL_WAKE_LOCK , tag=RILJ, flags=0x1, pid=768, uid=1001, mUserState=0x0
D/WifiService( 435): ACTION_SCREEN_ON (WIFI_ON)
D/WifiService( 435): actionScreenOn()
D/WifiStateMachine( 435): fetchRssiAndLinkSpeedNative send RSSIChange intent, newSignalLevel =3mLastSignalLevel = -1
D/WIFI_ICON( 582): updateWifiState: action=android.net.wifi.RSSI_CHANGED newRssi=-35 freq=2462 newLevel=3 lastWifiLevel=3
D/StatusBar.NetworkController( 582): dumpIconState[dataVisible=false dataIconId=stat_sys_data_inandout_h signalIconId=stat_sys_5signal_4 wifiVisible=true wifiIconId=stat_sys_wifi_signal_4 airplaneMode=false]
D/PowerManagerService( 435): acquireWakeLock(430d88a8): PARTIAL_WAKE_LOCK , tag=AlarmManager, flags=0x1, pid=435, uid=1000, mUserState=0x0
V/AlarmManager( 435): sending alarm PendingIntent{42d94ac0: PendingIntentRecord{42d94970 android broadcastIntent}}, intent=com.android.server.WifiManager.action.UPDATE_WIFI_STATE, type=RTC_WAKEUP, count=1, when=1375803211317, repeateInterval=0
D/PowerManagerService( 435): acquireWakeLock(4316dcd0): PARTIAL_WAKE_LOCK , tag=GeofencerStateMachine, flags=0x1, pid=20446, uid=10019, mUserState=0x0
D/PowerManagerService( 435): releaseWakeLock(4316dcd0): PARTIAL_WAKE_LOCK , tag=GeofencerStateMachine, flags=0x1
W/PowerManagerService( 435): Can not get flags by lock
D/WifiStateMachine( 435): fetchRssiAndLinkSpeedNative send RSSIChange intent, newSignalLevel =3mLastSignalLevel = -1
D/WIFI_ICON( 582): updateWifiState: action=android.net.wifi.RSSI_CHANGED newRssi=-34 freq=2462 newLevel=3 lastWifiLevel=3
D/StatusBar.NetworkController( 582): dumpIconState[dataVisible=false dataIconId=stat_sys_data_inandout_h signalIconId=stat_sys_5signal_4 wifiVisible=true wifiIconId=stat_sys_wifi_signal_4 airplaneMode=false]
D/PowerManagerService( 435): acquireWakeLock(430e51b8): PARTIAL_WAKE_LOCK , tag=SWITCH_NETWORK_MODE_WAKE_LOCK, flags=0x1, pid=7307, uid=10016, mUserState=0x0
D/PowerManagerService( 435): releaseWakeLock(42feaa88): PARTIAL_WAKE_LOCK , tag=RILJ, flags=0x1
D/PowerManagerService( 435): releaseWakeLock(430e51b8): PARTIAL_WAKE_LOCK , tag=SWITCH_NETWORK_MODE_WAKE_LOCK, flags=0x1
D/PowerManagerService( 435): releaseWakeLock(435bff60): PARTIAL_WAKE_LOCK , tag=sleep_broadcast, flags=0x1
D/Socket_Alarm( 7076): registerHTCSocketMonitorCallBack
D/Socket_Alarm( 7076): set mSocketMonitor
D/Socket_Alarm( 7076): HTCSocketMonitorImpl::HTCSocketMonitorImpl
D/WifiService( 435): Got ACTION_UPDATE_WIFI_STATE
D/WifiService( 435): updateWifiState(): wifiApEnabled: false, wifiApAirplaneMode: falsegetWifiEnabledState(): 3, getWifiApEnabledState: 11
D/WifiService( 435): updateWifiState(): mAirplaneModeOn.get(): false, mPersistWifiState.get(): 1
D/WifiService( 435): updateWifiState(): mEmergencyCallbackMode: false, mDeviceIdle: false, lockHeld: false, mStopWifiRequested:false
D/WifiService( 435): updateWifiState(): enable and start wifi
D/PowerManagerService( 435): releaseWakeLock(430d88a8): PARTIAL_WAKE_LOCK , tag=AlarmManager, flags=0x1
D/PowerManagerService( 435): acquireWakeLock(43149780): PARTIAL_WAKE_LOCK , tag=IdleScreen:command_15, flags=0x1, pid=714, uid=10177, mUserState=0x0
D/PowerManagerService( 435): releaseWakeLock(43149780): PARTIAL_WAKE_LOCK , tag=IdleScreen:command_15, flags=0x1
I/ActivityManager( 435): Recipient 6724
I/ActivityManager( 435): Process com.facebook.katana (pid 6724) has died.
V/LocationManagerService( 435): Location listener died
V/LocationManagerService( 435): _removeUpdates: listener = Receiver{431de228 Listener android.os.BinderProxy@43187a70}mUpdateRecords: {passive=UpdateRecord{43320a20 mProvider: passive mUid: 10032}}
V/LocationManagerService( 435): _removeUpdates: listener = Receiver{431de228 Listener android.os.BinderProxy@43187a70}mUpdateRecords: {passive=UpdateRecord{43320a20 mProvider: passive mUid: 10032}} package = android.uid.system:1000
I/LocationManagerService( 435): remove passive (pid 435), next minTime = 0
D/PowerManagerService( 435): acquireWakeLock(430cea00): PARTIAL_WAKE_LOCK , tag=IdleScreen:command_15, flags=0x1, pid=714, uid=10177, mUserState=0x0
D/PowerManagerService( 435): releaseWakeLock(430cea00): PARTIAL_WAKE_LOCK , tag=IdleScreen:command_15, flags=0x1
W/ThrottleService( 435): unable to find stats for iface rmnet0
D/PowerManagerService( 435): acquireWakeLock(430684d8): PARTIAL_WAKE_LOCK , tag=AlarmManager, flags=0x1, pid=435, uid=1000, mUserState=0x0
V/AlarmManager( 435): sending alarm PendingIntent{429bfda0: PendingIntentRecord{42896570 android broadcastIntent}}, intent=com.android.server.ThrottleManager.action.POLL, type=ELAPSED_REALTIME, count=1, when=308817340, repeateInterval=0
D/PowerManagerService( 435): releaseWakeLock(430684d8): PARTIAL_WAKE_LOCK , tag=AlarmManager, flags=0x1
D/PhoneStatusBar( 582): disable: < expand* icons alerts ticker* system_info back home recent* clock > D/PowerManagerService( 435): releaseWakeLock(4309f178): FULL_WAKE_LOCK ACQUIRE_CAUSES_WAKEUP , tag=keyguard, flags=0x1000001a
D/PowerManagerService( 435): acquireWakeLock(42ffd820): PARTIAL_WAKE_LOCK , tag=NfcService:mRoutingWakeLock, flags=0x1, pid=798, uid=1027, mUserState=0x3
D/PowerManagerService( 435): acquireWakeLock(42fe44d0): PARTIAL_WAKE_LOCK , tag=IdleScreen:command_15, flags=0x1, pid=714, uid=10177, mUserState=0x3
D/PowerManagerService( 435): acquireWakeLock(42fc92d0): PARTIAL_WAKE_LOCK , tag=IdleScreen_base:remote_15, flags=0x1, pid=714, uid=10177, mUserState=0x3
D/PowerManagerService( 435): releaseWakeLock(42ffd820): PARTIAL_WAKE_LOCK , tag=NfcService:mRoutingWakeLock, flags=0x1
D/PowerManagerService( 435): acquireWakeLock(42fb1968): PARTIAL_WAKE_LOCK , tag=IdleScreen:event_15, flags=0x1, pid=714, uid=10177, mUserState=0x3
D/PowerManagerService( 435): releaseWakeLock(42fe44d0): PARTIAL_WAKE_LOCK , tag=IdleScreen:command_15, flags=0x1
D/PowerManagerService( 435): releaseWakeLock(42fc92d0): PARTIAL_WAKE_LOCK , tag=IdleScreen_base:remote_15, flags=0x1
D/PowerManagerService( 435): releaseWakeLock(42fb1968): PARTIAL_WAKE_LOCK , tag=IdleScreen:event_15, flags=0x1
W/InputMethodManagerService( 435): Window already focused, ignoring focus gain of: com.android.internal.view.IInputMethodClient$Stub$Proxy@43173f88 attribute=android.view.inputmethod.EditorInfo@4314c2a0
I/ActivityManager( 435): Start proc jp.naver.line.android for broadcast jp.naver.line.android/.service.push.SystemBroadcastReceiver: pid=7601 uid=10186 gids={1006, 3003, 1015, 1028, 3002}
V/LocationManagerService( 435): _requestLocationUpdates: listener = Receiver{42b42ac8 Intent PendingIntent{43359a50: PendingIntentRecord{43359950 com.htc.htclocationservice startService}}}mUpdateRecords: {passive=UpdateRecord{4302dc78 mProvider: passive mUid: 10016}}
I/LocationManagerService( 435): request passive (pid 7307) 5000 0
V/LocationManagerService( 435): _requestLocationUpdates: enableLocationTracking(true)
V/LocationManagerService( 435): _requestLocationUpdates: provider = passive listener = Receiver{42b42ac8 Intent PendingIntent{43359a50: PendingIntentRecord{43359950 com.htc.htclocationservice startService}}}mUpdateRecords: {passive=UpdateRecord{42f43700 mProvider: passive mUid: 10016}} package = com.htc.bg.uid.shared:10016
D/WifiStateMachine( 435): fetchRssiAndLinkSpeedNative send RSSIChange intent, SameSignalLevelCount =1
D/WIFI_ICON( 582): updateWifiState: action=android.net.wifi.RSSI_CHANGED newRssi=-30 freq=2462 newLevel=3 lastWifiLevel=3
D/StatusBar.NetworkController( 582): dumpIconState[dataVisible=false dataIconId=stat_sys_data_inandout_h signalIconId=stat_sys_5signal_4 wifiVisible=true wifiIconId=stat_sys_wifi_signal_4 airplaneMode=false]
D/Socket_Alarm( 7601): registerHTCSocketMonitorCallBack
D/Socket_Alarm( 7601): set mSocketMonitor
D/Socket_Alarm( 7601): HTCSocketMonitorImpl::HTCSocketMonitorImpl
