D/wpa_supplicant(10826): wpa_s 0x40afe6a8 cmd SIGNAL_POLL
D/wpa_supplicant(10826): RX ctrl_iface - hexdump(len=11): 53 49 47 4e 41 4c 5f 50 4f 4c 4c
D/wpa_supplicant(10826): ctrl_iface: SIGNAL_POLL
D/wpa_supplicant(10826): nl80211: survey data missing!
D/WifiStateMachine( 435): fetchRssiAndLinkSpeedNative RSSI = -26
D/StateMachine( 435): handleMessage: X
D/Rosie.IndicatorPagedVi_( 957): com.htc.launcher.AllAppsPagedView@423ea890.onViewResume
D/PowerManagerService( 435): releaseWakeLock(43b32b98): PARTIAL_WAKE_LOCK , tag=ActivityManager-Launch, flags=0x1
D/WakeLockManager( 957): acquireWakeLock(com.htc.launcher.AllAppsPagedView@423ea890) tag=RosieScroll_2
W/dalvikvm( 957): disableGcForExternalAlloc: true
W/dalvikvm( 435): disableGcForExternalAlloc: true
W/dalvikvm( 435): disableGcForExternalAlloc: false
W/dalvikvm( 435): disableGcForExternalAlloc: true
W/dalvikvm( 435): disableGcForExternalAlloc: false
D/PowerManagerService( 435): acquireWakeLock(434f0310): CPU_MIN_NUM , tag=RosieScroll_2, flags=0x400, pid=957, uid=9999, mUserState=0x3
D/PowerManagerService( 435): acquireWakeLock(433efbc8): CPU_MIN_FREQ , tag=RosieScroll_2, flags=0x100, pid=957, uid=9999, mUserState=0x3
D/WakeLockManager( 957): releaseWakeLock(com.htc.launcher.AllAppsPagedView@423ea890) tag=RosieScroll_2
W/dalvikvm( 957): disableGcForExternalAlloc: false
D/PowerManagerService( 435): releaseWakeLock(434f0310): CPU_MIN_NUM , tag=RosieScroll_2, flags=0x400
D/PowerManagerService( 435): releaseWakeLock(433efbc8): CPU_MIN_FREQ , tag=RosieScroll_2, flags=0x100
W/CpuWake ( 435): >>nativeAcquireCpuPerfWakeLock()
W/CpuWake ( 435): <>nativeReleaseCpuPerfWakeLock()
W/CpuWake ( 435): <driver->scan2 = 0x4015e6f5
I/wpa_supplicant(10826): Scan requested (ret=0) - scan timeout 30 seconds
I/wpa_supplicant(10826): bgscan successful, set back to long interval:60
D/wpa_supplicant(10826): nl80211: Event message available
D/wpa_supplicant(10826): nl80211: Scan trigger
D/wpa_supplicant(10826): nl80211: Event message available
I/wpa_supplicant(10826): nl80211: New scan results available
D/wpa_supplicant(10826): wlan0: Event SCAN_RESULTS (3) received
W/wpa_supplicant(10826): wlan0: [HTC] wpa_supplicant_event():2718- Got an original EVENT_SCAN_RESULTS
D/wpa_supplicant(10826): CTRL_IFACE monitor send - hexdump(len=41): 2f 64 61 74 61 2f 6d 69 73 63 2f 77 69 66 69 2f 73 6f 63 6b 65 74 73 2f 77 70 61 5f 63 74 72 6c ...
I/wpa_supplicant(10826): Got an original EVENT_SCAN_RESULTS
D/wpa_supplicant(10826): nl80211: Associated on 2462 MHz
D/wpa_supplicant(10826): nl80211: Associated with 00:0d:0b:1a:e8:9c
D/wpa_supplicant(10826): nl80211: Received scan results (1 BSSes)
D/wpa_supplicant(10826): nl80211: Survey data missing
D/wpa_supplicant(10826): nl80211: Scan results indicate BSS status with 00:0d:0b:1a:e8:9c as associated
I/wpa_supplicant(10826): [120903] 00:0d:0b:1a:e8:9c freq=2462 qual=0 noise=-87 level=-24 snr=63* flags=0x29
D/wpa_supplicant(10826): wlan0: BSS: Start scan result update 313
D/wpa_supplicant(10826): wlan0: New scan results available
D/wpa_supplicant(10826): CTRL_IFACE monitor send - hexdump(len=41): 2f 64 61 74 61 2f 6d 69 73 63 2f 77 69 66 69 2f 73 6f 63 6b 65 74 73 2f 77 70 61 5f 63 74 72 6c ...
D/wpa_supplicant(10826): bgscan learn: scan result notification
D/wpa_supplicant(10826): bgscan learn: 1 matching BSSes in scan results
D/wpa_supplicant(10826): wlan0: Selecting BSS from priority group 87
D/wpa_supplicant(10826): wlan0: 0: 00:0d:0b:1a:e8:9c ssid='120903' wpa_ie_len=0 rsn_ie_len=20 caps=0x411 level=-24
D/wpa_supplicant(10826): wlan0: selected based on RSN IE
W/wpa_supplicant(10826): [EAP-MSG] EAP wpa_supplicant_check_sim@637: eap_methods not available
I/wpa_supplicant(10826): wlan0: selected BSS 00:0d:0b:1a:e8:9c ssid='120903'
D/wpa_supplicant(10826): CTRL_IFACE monitor send - hexdump(len=41): 2f 64 61 74 61 2f 6d 69 73 63 2f 77 69 66 69 2f 73 6f 63 6b 65 74 73 2f 77 70 61 5f 63 74 72 6c ...
I/wpa_supplicant(10826): Check WiFi offload status: wpa_s->vh_wifi_to_mobile:0 ,wpa_s->vh_user_connect:0
D/wpa_supplicant(10826): wlan0: Skip roam - [WFD] Restrict all scan for WFD CT3
D/wpa_supplicant(10826): wlan0: Checking for other virtual interfaces sharing same radio (phy17) in event_scan_results
D/wpa_supplicant(10826): p2p0: Updating scan results from sibling
D/wpa_supplicant(10826): Not Updating scan results on interface p2p0 from sibling wlan0
D/wpa_supplicant(10826): RTM_NEWLINK: operstate=1 ifi_flags=0x11043 ([UP][RUNNING][LOWER_UP])
D/wpa_supplicant(10826): RTM_NEWLINK, IFLA_IFNAME: Interface 'wlan0' added
D/wpa_supplicant(10826): nl80211: if_removed already cleared - ignore event
D/StateMachine( 435): handleMessage: E msg.what=147461
D/StateMachine( 435): processMsg: ConnectedState
D/WifiStateMachine( 435): ConnectedState{ what=147461 when=-1ms target=Handler (com.android.internal.util.StateMachine$SmHandler) {42d87f78} }
D/StateMachine( 435): processMsg: L2ConnectedState
D/WifiStateMachine( 435): L2ConnectedState{ what=147461 when=-2ms target=Handler (com.android.internal.util.StateMachine$SmHandler) {42d87f78} }
D/StateMachine( 435): processMsg: ConnectModeState
D/WifiStateMachine( 435): ConnectModeState{ what=147461 when=-3ms target=Handler (com.android.internal.util.StateMachine$SmHandler) {42d87f78} }
D/wpa_supplicant(10826): wpa_s 0x40afe6a8 cmd AP_SCAN 1
D/wpa_supplicant(10826): RX ctrl_iface - hexdump(len=9): 41 50 5f 53 43 41 4e 20 31
D/wpa_supplicant(10826): ctrl_iface: AP_SCAN 1
D/StateMachine( 435): processMsg: DriverStartedState
D/Tethering( 435): [isWifi] getHotspotEnabled: false
D/WifiStateMachine( 435): DriverStartedState{ what=147461 when=-10ms target=Handler (com.android.internal.util.StateMachine$SmHandler) {42d87f78} }
D/StateMachine( 435): processMsg: SupplicantStartedState
D/WifiStateMachine( 435): SupplicantStartedState{ what=147461 when=-12ms target=Handler (com.android.internal.util.StateMachine$SmHandler) {42d87f78} }
D/wpa_supplicant(10826): wpa_s 0x40afe6a8 cmd SCAN_RESULTS
D/wpa_supplicant(10826): RX ctrl_iface - hexdump(len=12): 53 43 41 4e 5f 52 45 53 55 4c 54 53
D/wpa_supplicant(10826): ctrl_iface: SCAN_RESULTS
D/wpa_supplicant(10826): wpa_s 0x40afe6a8 cmd LIST_DONGLES
D/wpa_supplicant(10826): RX ctrl_iface - hexdump(len=12): 4c 49 53 54 5f 44 4f 4e 47 4c 45 53
D/wpa_supplicant(10826): ctrl_iface: LIST_DONGLES
D/WirelessDisplayService( 435): Receive Wifi scan results available intent.
D/WirelessDisplayService( 435): HANDLE_WIFI_SCAN_RESULT_AVAILABLE, dongle scan = 0
D/WirelessDisplayService( 435): constructDongleInfoFromWifi() dongleScan = false
D/StateMachine( 435): handleMessage: X
D/WirelessDisplayService( 435): wfdservice: true, finger gesture: true, don't sendBroadcast
D/WirelessDisplayService( 435): getDiscoveryDongleList
I/ActivityManager( 435): Start proc TW.App.Che for broadcast TW.App.Che/.WifiBroadcastReceiver: pid=9012 uid=10023 gids={3003, 1028}
D/StateMachine( 435): handleMessage: E msg.what=131218
D/StateMachine( 435): processMsg: ConnectedState
D/WifiStateMachine( 435): ConnectedState{ what=131218 when=0 target=Handler (com.android.internal.util.StateMachine$SmHandler) {42d87f78} }
D/StateMachine( 435): processMsg: L2ConnectedState
D/WifiStateMachine( 435): L2ConnectedState{ what=131218 when=0 target=Handler (com.android.internal.util.StateMachine$SmHandler) {42d87f78} }
D/StateMachine( 435): processMsg: ConnectModeState
D/WifiStateMachine( 435): ConnectModeState{ what=131218 when=-1ms target=Handler (com.android.internal.util.StateMachine$SmHandler) {42d87f78} }
D/StateMachine( 435): processMsg: DriverStartedState
D/WifiStateMachine( 435): DriverStartedState{ what=131218 when=-1ms target=Handler (com.android.internal.util.StateMachine$SmHandler) {42d87f78} }
D/wpa_supplicant(10826): wpa_s 0x40afe6a8 cmd SIGNAL_POLL
D/wpa_supplicant(10826): RX ctrl_iface - hexdump(len=11): 53 49 47 4e 41 4c 5f 50 4f 4c 4c
D/wpa_supplicant(10826): ctrl_iface: SIGNAL_POLL
D/wpa_supplicant(10826): nl80211: survey data missing!
D/StateMachine( 435): handleMessage: X
D/PowerManagerService( 435): acquireWakeLock(42d24de8): PARTIAL_WAKE_LOCK , tag=AlarmManager, flags=0x1, pid=435, uid=1000, mUserState=0x3
V/AlarmManager( 435): sending alarm PendingIntent{43431d00: PendingIntentRecord{42dbc008 jp.naver.line.android startService}}, intent=jp.naver.android.npush.intent.action.SUBSCRIBE, type=RTC_WAKEUP, count=1, when=1375803595480, repeateInterval=202736
D/PowerManagerService( 435): releaseWakeLock(42d24de8): PARTIAL_WAKE_LOCK , tag=AlarmManager, flags=0x1
D/PowerManagerService( 435): acquireWakeLock(42d0bd40): PARTIAL_WAKE_LOCK , tag=jp.naver.line.android, flags=0x1, pid=11226, uid=10186, mUserState=0x3
D/PowerManagerService( 435): releaseWakeLock(42d0bd40): PARTIAL_WAKE_LOCK , tag=jp.naver.line.android, flags=0x1
D/PowerManagerService( 435): acquireWakeLock(42cffd88): PARTIAL_WAKE_LOCK , tag=jp.naver.line.android, flags=0x1, pid=11226, uid=10186, mUserState=0x3
D/PowerManagerService( 435): releaseWakeLock(42cffd88): PARTIAL_WAKE_LOCK , tag=jp.naver.line.android, flags=0x1
D/PowerManagerService( 435): acquireWakeLock(42cf0f38): PARTIAL_WAKE_LOCK , tag=jp.naver.line.android, flags=0x1, pid=11226, uid=10186, mUserState=0x3
D/PowerManagerService( 435): releaseWakeLock(42cf0f38): PARTIAL_WAKE_LOCK , tag=jp.naver.line.android, flags=0x1
D/StateMachine( 435): handleMessage: E msg.what=131155
D/StateMachine( 435): processMsg: ConnectedState
D/WifiStateMachine( 435): ConnectedState{ what=131155 when=-3ms target=Handler (com.android.internal.util.StateMachine$SmHandler) {42d87f78} arg1=92 }
D/StateMachine( 435): processMsg: L2ConnectedState
D/WifiStateMachine( 435): L2ConnectedState{ what=131155 when=-4ms target=Handler (com.android.internal.util.StateMachine$SmHandler) {42d87f78} arg1=92 }
D/wpa_supplicant(10826): wpa_s 0x40afe6a8 cmd SIGNAL_POLL
D/wpa_supplicant(10826): RX ctrl_iface - hexdump(len=11): 53 49 47 4e 41 4c 5f 50 4f 4c 4c
D/wpa_supplicant(10826): ctrl_iface: SIGNAL_POLL
D/wpa_supplicant(10826): nl80211: survey data missing!
D/WifiStateMachine( 435): fetchRssiAndLinkSpeedNative RSSI = -26
D/StateMachine( 435): handleMessage: X
V/ServerController( 8838): Server is temporary inactive for 30 sec.
D/StateMachine( 435): handleMessage: E msg.what=131155
D/StateMachine( 435): processMsg: ConnectedState
D/WifiStateMachine( 435): ConnectedState{ what=131155 when=-10ms target=Handler (com.android.internal.util.StateMachine$SmHandler) {42d87f78} arg1=92 }
D/StateMachine( 435): processMsg: L2ConnectedState
D/WifiStateMachine( 435): L2ConnectedState{ what=131155 when=-17ms target=Handler (com.android.internal.util.StateMachine$SmHandler) {42d87f78} arg1=92 }
D/wpa_supplicant(10826): wpa_s 0x40afe6a8 cmd SIGNAL_POLL
D/wpa_supplicant(10826): RX ctrl_iface - hexdump(len=11): 53 49 47 4e 41 4c 5f 50 4f 4c 4c
D/wpa_supplicant(10826): ctrl_iface: SIGNAL_POLL
D/wpa_supplicant(10826): nl80211: survey data missing!
D/WifiStateMachine( 435): fetchRssiAndLinkSpeedNative RSSI = -27
D/StateMachine( 435): handleMessage: X
D/StateMachine( 435): handleMessage: E msg.what=131155
D/StateMachine( 435): processMsg: ConnectedState
D/WifiStateMachine( 435): ConnectedState{ what=131155 when=-3ms target=Handler (com.android.internal.util.StateMachine$SmHandler) {42d87f78} arg1=92 }
D/StateMachine( 435): processMsg: L2ConnectedState
D/WifiStateMachine( 435): L2ConnectedState{ what=131155 when=-4ms target=Handler (com.android.internal.util.StateMachine$SmHandler) {42d87f78} arg1=92 }
D/wpa_supplicant(10826): wpa_s 0x40afe6a8 cmd SIGNAL_POLL
D/wpa_supplicant(10826): RX ctrl_iface - hexdump(len=11): 53 49 47 4e 41 4c 5f 50 4f 4c 4c
D/wpa_supplicant(10826): ctrl_iface: SIGNAL_POLL
D/wpa_supplicant(10826): nl80211: survey data missing!
D/WifiStateMachine( 435): fetchRssiAndLinkSpeedNative RSSI = -27
D/StateMachine( 435): handleMessage: X
D/StateMachine( 435): handleMessage: E msg.what=131155
D/StateMachine( 435): processMsg: ConnectedState
D/WifiStateMachine( 435): ConnectedState{ what=131155 when=-13ms target=Handler (com.android.internal.util.StateMachine$SmHandler) {42d87f78} arg1=92 }
D/StateMachine( 435): processMsg: L2ConnectedState
D/WifiStateMachine( 435): L2ConnectedState{ what=131155 when=-24ms target=Handler (com.android.internal.util.StateMachine$SmHandler) {42d87f78} arg1=92 }
D/wpa_supplicant(10826): wpa_s 0x40afe6a8 cmd SIGNAL_POLL
D/wpa_supplicant(10826): RX ctrl_iface - hexdump(len=11): 53 49 47 4e 41 4c 5f 50 4f 4c 4c
D/wpa_supplicant(10826): ctrl_iface: SIGNAL_POLL
D/wpa_supplicant(10826): nl80211: survey data missing!
D/WifiStateMachine( 435): fetchRssiAndLinkSpeedNative RSSI = -26
D/StateMachine( 435): handleMessage: X
D/StateMachine( 435): handleMessage: E msg.what=131155
D/StateMachine( 435): processMsg: ConnectedState
D/WifiStateMachine( 435): ConnectedState{ what=131155 when=-7ms target=Handler (com.android.internal.util.StateMachine$SmHandler) {42d87f78} arg1=92 }
D/StateMachine( 435): processMsg: L2ConnectedState
D/WifiStateMachine( 435): L2ConnectedState{ what=131155 when=-13ms target=Handler (com.android.internal.util.StateMachine$SmHandler) {42d87f78} arg1=92 }
D/wpa_supplicant(10826): wpa_s 0x40afe6a8 cmd SIGNAL_POLL
D/wpa_supplicant(10826): RX ctrl_iface - hexdump(len=11): 53 49 47 4e 41 4c 5f 50 4f 4c 4c
D/wpa_supplicant(10826): ctrl_iface: SIGNAL_POLL
D/wpa_supplicant(10826): nl80211: survey data missing!
D/WifiStateMachine( 435): fetchRssiAndLinkSpeedNative RSSI = -28
D/StateMachine( 435): handleMessage: X
D/BatteryService( 435): updateBatteryStats: update triggered by UEvent.
D/PowerManagerService( 435): acquireWakeLock(42c4c470): PARTIAL_WAKE_LOCK , tag=BatteryServiceUpdateStats, flags=0x1, pid=435, uid=1000, mUserState=0x3
I/BatteryService( 435): read native_update done
D/HtcPowerSaver( 435): Received battery changed intent.
D/UsbnetService( 435): BroadcastReceiver::onReceive+
D/UsbnetService( 435): onReceive BATTERY_CHANGED
D/UsbnetService( 435): --> pluggedType = 2, mPluggedType = 0, mScreenOff = false
D/UsbnetService( 435): BroadcastReceiver::onReceive-
D/HtcPowerSaver( 435): Checking...
D/NotificationService( 435): mIntentReceiver() Intent.ACTION_BATTERY_CHANGED
D/PowerManagerService( 435): runHtcPowerSaverCheck ======================================
I/HtcPowerSaver( 435): >> updateStatus
D/PowerUI ( 582): closing low battery warning: level=100
D/PowerUI ( 582): plugged = true, health = 2, mBatteryLevel = 100, mPluggedBatteryLevel = 77, mLowBatteryWarningLevel2 = 25, mshowLowChargingWarning2 = true
I/HtcPowerSaver( 435): currentStatus=8002, currentLevel=100, enableLevel=-1, enable=true, mAutoModeOn=false, popDialog=false, statusChangeTo=-1
I/HtcPowerSaver( 435): << updateStatus
D/WifiService( 435): ACTION_BATTERY_CHANGED pluggedType: 2
V/UsbConnectedHelper( 8838): Receiced android.intent.action.BATTERY_CHANGED
V/UsbConnectedHelper( 8838): Receiced android.intent.action.BATTERY_CHANGED (plugged:2)
D/UsbConnectedHelper( 8838): updateBattery level:100 status:5 health:2 present:true voltage:4223 temperature:371 technology:Li-ion icon:17302799 scale:100
V/UsbConnectedHelper( 8838): BATTERY_PLUGGED_USB
V/UsbConnectedHelper( 8838): Receiced android.intent.action.BATTERY_CHANGED (plugged:2 connected:true charging:true)
D/PowerManagerService( 435): releaseWakeLock(42c4c470): PARTIAL_WAKE_LOCK , tag=BatteryServiceUpdateStats, flags=0x1
V/PowerSaverNotificationReceiver( 8524): onReceive(): ------ action = com.htc.intent.action.BATTERY_CHANGE_NOTIFICATION
D/PowerSaverNotificationReceiver( 8524): isCustomizationCompleted = 1
D/PowerSaverNotificationReceiver( 8524): isShowPowerSaverUi, hide value = -1
D/PowerSaverNotificationReceiver( 8524): getPowersaverMode() DBKEY_POWER_SAVING_PROFILE_MANUAL = 1
V/PowerSaverNotificationReceiver( 8524): onReceive(): ------ action = com.htc.intent.action.BATTERY_CHANGE_NOTIFICATION ------ end
D/StateMachine( 435): handleMessage: E msg.what=131155
D/StateMachine( 435): processMsg: ConnectedState
D/WifiStateMachine( 435): ConnectedState{ what=131155 when=-7ms target=Handler (com.android.internal.util.StateMachine$SmHandler) {42d87f78} arg1=92 }
D/StateMachine( 435): processMsg: L2ConnectedState
D/WifiStateMachine( 435): L2ConnectedState{ what=131155 when=-16ms target=Handler (com.android.internal.util.StateMachine$SmHandler) {42d87f78} arg1=92 }
D/wpa_supplicant(10826): wpa_s 0x40afe6a8 cmd SIGNAL_POLL
D/wpa_supplicant(10826): RX ctrl_iface - hexdump(len=11): 53 49 47 4e 41 4c 5f 50 4f 4c 4c
D/wpa_supplicant(10826): ctrl_iface: SIGNAL_POLL
D/wpa_supplicant(10826): nl80211: survey data missing!
D/WifiStateMachine( 435): fetchRssiAndLinkSpeedNative RSSI = -29
D/StateMachine( 435): handleMessage: X
D/StateMachine( 435): handleMessage: E msg.what=131155
D/StateMachine( 435): processMsg: ConnectedState
D/WifiStateMachine( 435): ConnectedState{ what=131155 when=-10ms target=Handler (com.android.internal.util.StateMachine$SmHandler) {42d87f78} arg1=92 }
D/StateMachine( 435): processMsg: L2ConnectedState
D/WifiStateMachine( 435): L2ConnectedState{ what=131155 when=-17ms target=Handler (com.android.internal.util.StateMachine$SmHandler) {42d87f78} arg1=92 }
D/wpa_supplicant(10826): wpa_s 0x40afe6a8 cmd SIGNAL_POLL
D/wpa_supplicant(10826): RX ctrl_iface - hexdump(len=11): 53 49 47 4e 41 4c 5f 50 4f 4c 4c
D/wpa_supplicant(10826): ctrl_iface: SIGNAL_POLL
D/wpa_supplicant(10826): nl80211: survey data missing!
D/WifiStateMachine( 435): fetchRssiAndLinkSpeedNative RSSI = -32
D/StateMachine( 435): handleMessage: X
D/StateMachine( 435): handleMessage: E msg.what=131155
D/StateMachine( 435): processMsg: ConnectedState
D/WifiStateMachine( 435): ConnectedState{ what=131155 when=-11ms target=Handler (com.android.internal.util.StateMachine$SmHandler) {42d87f78} arg1=92 }
D/StateMachine( 435): processMsg: L2ConnectedState
D/WifiStateMachine( 435): L2ConnectedState{ what=131155 when=-24ms target=Handler (com.android.internal.util.StateMachine$SmHandler) {42d87f78} arg1=92 }
D/wpa_supplicant(10826): wpa_s 0x40afe6a8 cmd SIGNAL_POLL
D/wpa_supplicant(10826): RX ctrl_iface - hexdump(len=11): 53 49 47 4e 41 4c 5f 50 4f 4c 4c
D/wpa_supplicant(10826): ctrl_iface: SIGNAL_POLL
D/wpa_supplicant(10826): nl80211: survey data missing!
D/WifiStateMachine( 435): fetchRssiAndLinkSpeedNative RSSI = -26
D/StateMachine( 435): handleMessage: X
I/Intent ( 435): @test_code: getHtcIntentFlag: 0 obj: 1124412744
W/CpuWake ( 435): >>nativeAcquireCpuPerfWakeLock()
W/CpuWake ( 435): <>nativeReleaseCpuPerfWakeLock()
W/CpuWake ( 435): < stat_sys_5signal_2
D/StatusBar.NetworkController( 582): dumpIconState[dataVisible=false dataIconId=stat_sys_data_inandout_h signalIconId=stat_sys_5signal_2 wifiVisible=true wifiIconId=stat_sys_wifi_signal_4 airplaneMode=false]
D/FDUI ( 8653): [ HTCStatusDetectorThread: 137 ] - getSocketMessage > 7890: read count = -1
D/FDUI ( 8653): [ HTCStatusDetectorThread: 142 ] - getSocketMessage > 7890: read error!
D/FDUI ( 8653): [ HTCStatusDetectorThread: 195 ] - sendMsgToUI > 7890: status = 5
D/FDUI ( 8653): [ HTCStatusDetectorThread: 221 ] - sendMsgToUI > 7890: no activity is actived, return false!
D/FDUI ( 8653): [ HTCStatusDetectorThread: 186 ] - getSocketMessage > 7890 getSocketMessage break
D/StateMachine( 435): handleMessage: E msg.what=131155
D/StateMachine( 435): processMsg: ConnectedState
D/WifiStateMachine( 435): ConnectedState{ what=131155 when=-7ms target=Handler (com.android.internal.util.StateMachine$SmHandler) {42d87f78} arg1=92 }
D/StateMachine( 435): processMsg: L2ConnectedState
D/WifiStateMachine( 435): L2ConnectedState{ what=131155 when=-13ms target=Handler (com.android.internal.util.StateMachine$SmHandler) {42d87f78} arg1=92 }
D/wpa_supplicant(10826): wpa_s 0x40afe6a8 cmd SIGNAL_POLL
D/wpa_supplicant(10826): RX ctrl_iface - hexdump(len=11): 53 49 47 4e 41 4c 5f 50 4f 4c 4c
D/wpa_supplicant(10826): ctrl_iface: SIGNAL_POLL
D/wpa_supplicant(10826): nl80211: survey data missing!
D/WifiStateMachine( 435): fetchRssiAndLinkSpeedNative RSSI = -35
D/StateMachine( 435): handleMessage: X
V/ServerController( 8838): Server is temporary inactive for 60 sec.
D/WifiStateMachine( 435): get mPhoneStateListener
D/TELEPHONY_CALLBACK( 582): @onSignalStrengthChanged: SignalStrength: 11 -1 -1 -1 -1 -1 -1 -1 0 0 0 -1 gsm|lte
D/StatusBar.NetworkController( 582): dumpState[hasService=true ServiceState=0 home 中華電信 (N/A) 46692 UMTS CSS not supported -1 -1 RoamInd=-1 DefRoamInd=-1EriInd= -1EriMode= -1RadioPowerSv: false EmergOnly=false PhoneType: 1 IsCdma=false SimState=UNKNOWN GprsState=0 DataState=Disconnected DataActivity=IN_OUT NetworkType=UMTS HtcModemLinkOn=false HspaDataDistinquishable=true]
D/SIGNAL_ICON( 582): updateTelephonySignalStrength
D/SIGNAL_ICON( 582): fakeui srv=0 mTimerEnabled=false asu=11
D/SIGNAL_ICON( 582): asu=11
D/SIGNAL_ICON( 582): SUPPORT_5_LEVEL_SIGNAL
D/SIGNAL_ICON( 582): mapTelephonySignalStrength
D/SIGNAL_ICON( 582): maxLevel=5 asu=11 networkType=UMTS
D/SIGNAL_ICON( 582): return iconLevel=3
D/SIGNAL_ICON( 582): refreshViews: mPhoneSignalIconId -> stat_sys_5signal_3
D/StatusBar.NetworkController( 582): dumpIconState[dataVisible=false dataIconId=stat_sys_data_inandout_h signalIconId=stat_sys_5signal_3 wifiVisible=true wifiIconId=stat_sys_wifi_signal_4 airplaneMode=false]
W/dalvikvm( 435): disableGcForExternalAlloc: true
D/PowerManagerService( 435): acquireWakeLock(42e20728): CPU_MIN_FREQ , tag=WindowManager-ScreenRotation-Freq, flags=0x100, pid=435, uid=1000, mUserState=0x3
W/dalvikvm( 435): disableGcForExternalAlloc: false
W/dalvikvm( 435): disableGcForExternalAlloc: true
W/dalvikvm( 435): disableGcForExternalAlloc: false
D/PowerManagerService( 435): acquireWakeLock(42dc5810): CPU_MIN_NUM , tag=WindowManager-ScreenRotation-Num, flags=0x400, pid=435, uid=1000, mUserState=0x3
D/PowerManagerService( 435): acquireWakeLock(42d4bdd0): PARTIAL_WAKE_LOCK , tag=SCREEN_FROZEN, flags=0x1, pid=435, uid=1000, mUserState=0x3
D/PowerManagerService( 435): button light setOrientation:3
I/ActivityManager( 435): Config changed: {1.0 466mcc92mnc zh_TW sw360dp w640dp h335dp nrml long land finger -keyb/v/h -nav/h s.56 skin=default fontsize=3}
I/VolumePanel( 435): ACTION_CONFIGURATION_CHANGED
D/VolumePanel( 435): forceTimeout
W/dalvikvm( 8969): No implementation found for native Lcom/hyperrate/gcin/GcinIMESettingsActivity;.gcinIMClientOpen:()I
W/dalvikvm( 8969): threadid=1: thread exiting with uncaught exception (group=0x41f7f2d0)
E/AndroidRuntime( 8969): FATAL EXCEPTION: main
E/AndroidRuntime( 8969): java.lang.UnsatisfiedLinkError: Native method not found: com.hyperrate.gcin.GcinIMESettingsActivity.gcinIMClientOpen:()I
E/AndroidRuntime( 8969): at com.hyperrate.gcin.GcinIMESettingsActivity.gcinIMClientOpen(Native Method)
E/AndroidRuntime( 8969): at com.hyperrate.gcin.GcinIMESettingsActivity.send_message(GcinIMESettingsActivity.java:179)
E/AndroidRuntime( 8969): at com.hyperrate.gcin.GcinIMESettingsActivity.reload_tsin(GcinIMESettingsActivity.java:186)
E/AndroidRuntime( 8969): at com.hyperrate.gcin.PhraseEdit.onPause(PhraseEdit.java:264)
E/AndroidRuntime( 8969): at android.app.Activity.performPause(Activity.java:5184)
E/AndroidRuntime( 8969): at android.app.Instrumentation.callActivityOnPause(Instrumentation.java:1337)
E/AndroidRuntime( 8969): at android.app.ActivityThread.performPauseActivity(ActivityThread.java:3303)
E/AndroidRuntime( 8969): at android.app.ActivityThread.performPauseActivity(ActivityThread.java:3272)
E/AndroidRuntime( 8969): at android.app.ActivityThread.handleRelaunchActivity(ActivityThread.java:4005)
E/AndroidRuntime( 8969): at android.app.ActivityThread.access$700(ActivityThread.java:151)
E/AndroidRuntime( 8969): at android.app.ActivityThread$H.handleMessage(ActivityThread.java:1341)
E/AndroidRuntime( 8969): at android.os.Handler.dispatchMessage(Handler.java:99)
E/AndroidRuntime( 8969): at android.os.Looper.loop(Looper.java:155)
E/AndroidRuntime( 8969): at android.app.ActivityThread.main(ActivityThread.java:5493)
E/AndroidRuntime( 8969): at java.lang.reflect.Method.invokeNative(Native Method)
E/AndroidRuntime( 8969): at java.lang.reflect.Method.invoke(Method.java:511)
E/AndroidRuntime( 8969): at com.android.internal.os.ZygoteInit$MethodAndArgsCaller.run(ZygoteInit.java:1028)
E/AndroidRuntime( 8969): at com.android.internal.os.ZygoteInit.main(ZygoteInit.java:795)
E/AndroidRuntime( 8969): at dalvik.system.NativeStart.main(Native Method)
I/mode10 ( 714): loadSkinResource : Package = default; skinName = default
I/mode10 ( 714): loadSkinResource private
D/mode10 ( 714): [ResourceAccessWrapper] getAssetManagerFromApkPath, apkPath=/system/app/fusion.apk, packageName=com.htc.fusion.FusionApk
D/mode10 ( 714): [ResourceAccessWrapper] getAssetManagerFromPackageName : packageName=com.htc.fusion.FusionApk
D/mode10 ( 714): [ResourceAccessWrapper] getResourceFromPackageName : packageName=com.htc.fusion.FusionApk
D/mode10 ( 714): [ResourceAccessWrapper] getResourcesFromPackageName, get java Resources elapsed time=1(ms)
E/EmbeddedLogger( 435): App crashed! Process: com.hyperrate.gcin
E/EmbeddedLogger( 435): App crashed! Package: com.hyperrate.gcin v12 (2.11)
D/mode10 ( 714): [ResourceAccessWrapper] getAssetManagerFromApkPath, apkPath=/system/app/fusion.apk, packageName=com.htc.fusion.FusionApk
E/EmbeddedLogger( 435): Application Label: gcin
D/mode10 ( 714): [ResourceAccessWrapper] getAssetManagerFromPackageName : packageName=com.htc.fusion.FusionApk
D/mode10 ( 714): [ResourceAccessWrapper] getResourceFromPackageName : packageName=com.htc.fusion.FusionApk
D/mode10 ( 714): [ResourceAccessWrapper] getResourcesFromPackageName, get java Resources elapsed time=1(ms)
W/ActivityManager( 435): Force finishing activity com.hyperrate.gcin/.PhraseEdit
V/MfLog ( 785): BrowseLayerCarouselFragment{423e2f08 #0 id=0x36f8056f}, onConfigurationChanged
V/MfLog ( 785): Dialer{425981f0 #1 id=0x40000001 idojrc.BrowseLayerCarouselFragment.1.PEOPLE_DIALER}, onConfigurationChanged
D/PowerManagerService( 435): acquireWakeLock(425c56a0): PARTIAL_WAKE_LOCK , tag=ActivityManager-Launch, flags=0x1, pid=435, uid=1000, mUserState=0x3
V/LightsService( 435): setLight #8: color=#c8c800
V/NotificationService( 435): Battery Full, Charging
V/LightsService( 435): setLight #8: color=#c800
D/PowerManagerService( 435): releaseWakeLock(42d4bdd0): PARTIAL_WAKE_LOCK , tag=SCREEN_FROZEN, flags=0x1
D/CarrierLabel( 582): CarrierLabel mIntentReceiver : android.intent.action.CONFIGURATION_CHANGED
D/CarrierLabel( 582): updateResources()
W/CarrierLabel( 582): updateNetworkNameExt: mSimState = UNKNOWN
D/CarrierLabel( 582): updateNetworkName showSpn=false spn= showPlmn=true plmn=中華電信
W/PhoneStatusBar/NavigationBarView( 582): *** Invalid layout in navigation bar (sizeChanged this=0x720 cur=720x0)
D/PhoneStatusBar( 582): addNotification score=0
D/ViewRootImpl( 435): @@@- disable SystemServer HW acceleration
D/OnDemandProgressBar( 582): release indeterminate drawable android.widget.OnDemandProgressBar@427abf20
D/OnDemandProgressBar( 582): new OnDemandProgressBar android.widget.OnDemandProgressBar@427abf20
I/ActivityManager( 435): Recipient 8790
I/ActivityManager( 435): Process com.htc.bgp (pid 8790) has died.
D/HtcDialer( 785): updateButtonTextPreferred() mShouldUpdateCallBtnPreferred=true slot=1
D/HtcDialer( 785): updateButtonTextPreferred() mShouldUpdateCallBtnPreferred=true slot=1
D/HtcDialer( 785): updateButtonTextPreferred() mShouldUpdateCallBtnPreferred=true slot=1
D/my ( 785): myGC1
W/ActivityManager( 435): Activity pause timeout for ActivityRecord{429081b0 com.hyperrate.gcin/.PhraseEdit}
D/PowerManagerService( 435): acquireWakeLock(42a322d0): PARTIAL_WAKE_LOCK , tag=AlarmManager, flags=0x1, pid=435, uid=1000, mUserState=0x3
V/AlarmManager( 435): sending alarm PendingIntent{42f46118: PendingIntentRecord{432c2290 com.google.android.gms broadcastIntent}}, intent=com.google.android.gms.nlp.ALARM_WAKEUP_LOCATOR, type=ELAPSED_REALTIME_WAKEUP, count=1, when=309030540, repeateInterval=0
D/PowerManagerService( 435): acquireWakeLock(4280b4d8): PARTIAL_WAKE_LOCK , tag=NlpWakeLock, flags=0x1, pid=20446, uid=10019, mUserState=0x3
D/PowerManagerService( 435): releaseWakeLock(42a322d0): PARTIAL_WAKE_LOCK , tag=AlarmManager, flags=0x1
D/PowerManagerService( 435): acquireWakeLock(4304d538): PARTIAL_WAKE_LOCK , tag=NlpWakeLock, flags=0x1, pid=20446, uid=10019, mUserState=0x3
D/WifiService( 435): acquireWifiLockLocked: WifiLock{NlpWifiLock type=2 binder=android.os.BinderProxy@43010950}
D/StateMachine( 435): handleMessage: E msg.what=131073
D/StateMachine( 435): processMsg: ConnectedState
D/WifiStateMachine( 435): ConnectedState{ what=131073 when=0 target=Handler (com.android.internal.util.StateMachine$SmHandler) {42d87f78} arg1=2 }
D/StateMachine( 435): processMsg: L2ConnectedState
D/WifiStateMachine( 435): L2ConnectedState{ what=131073 when=0 target=Handler (com.android.internal.util.StateMachine$SmHandler) {42d87f78} arg1=2 }
D/StateMachine( 435): processMsg: ConnectModeState
D/WifiStateMachine( 435): ConnectModeState{ what=131073 when=-1ms target=Handler (com.android.internal.util.StateMachine$SmHandler) {42d87f78} arg1=2 }
D/StateMachine( 435): processMsg: DriverStartedState
D/WifiStateMachine( 435): DriverStartedState{ what=131073 when=-1ms target=Handler (com.android.internal.util.StateMachine$SmHandler) {42d87f78} arg1=2 }
D/StateMachine( 435): processMsg: SupplicantStartedState
D/WifiStateMachine( 435): SupplicantStartedState{ what=131073 when=-1ms target=Handler (com.android.internal.util.StateMachine$SmHandler) {42d87f78} arg1=2 }
D/StateMachine( 435): processMsg: SoftApStartedState
D/WifiStateMachine( 435): SoftApStartedState{ what=131073 when=-1ms target=Handler (com.android.internal.util.StateMachine$SmHandler) {42d87f78} arg1=2 }
D/StateMachine( 435): processMsg: DefaultState
D/WifiStateMachine( 435): DefaultState{ what=131073 when=-1ms target=Handler (com.android.internal.util.StateMachine$SmHandler) {42d87f78} arg1=2 }
D/StateMachine( 435): handleMessage: X
D/StateMachine( 435): handleMessage: E msg.what=131083
D/StateMachine( 435): processMsg: ConnectedState
D/WifiStateMachine( 435): ConnectedState{ what=131083 when=-2ms target=Handler (com.android.internal.util.StateMachine$SmHandler) {42d87f78} }
D/StateMachine( 435): processMsg: L2ConnectedState
D/WifiStateMachine( 435): L2ConnectedState{ what=131083 when=-2ms target=Handler (com.android.internal.util.StateMachine$SmHandler) {42d87f78} }
D/StateMachine( 435): processMsg: ConnectModeState
D/WifiStateMachine( 435): ConnectModeState{ what=131083 when=-2ms target=Handler (com.android.internal.util.StateMachine$SmHandler) {42d87f78} }
D/StateMachine( 435): processMsg: DriverStartedState
D/WifiStateMachine( 435): DriverStartedState{ what=131083 when=-2ms target=Handler (com.android.internal.util.StateMachine$SmHandler) {42d87f78} }
D/StateMachine( 435): processMsg: SupplicantStartedState
D/WifiStateMachine( 435): SupplicantStartedState{ what=131083 when=-2ms target=Handler (com.android.internal.util.StateMachine$SmHandler) {42d87f78} }
D/StateMachine( 435): processMsg: SoftApStartedState
D/WifiStateMachine( 435): SoftApStartedState{ what=131083 when=-2ms target=Handler (com.android.internal.util.StateMachine$SmHandler) {42d87f78} }
D/StateMachine( 435): processMsg: DefaultState
D/WifiStateMachine( 435): DefaultState{ what=131083 when=-3ms target=Handler (com.android.internal.util.StateMachine$SmHandler) {42d87f78} }
D/StateMachine( 435): handleMessage: X
D/StateMachine( 435): handleMessage: E msg.what=131144
D/StateMachine( 435): processMsg: ConnectedState
D/WifiStateMachine( 435): ConnectedState{ what=131144 when=-3ms target=Handler (com.android.internal.util.StateMachine$SmHandler) {42d87f78} arg1=1 }
D/StateMachine( 435): processMsg: L2ConnectedState
D/WifiService( 435): updateWifiState(): wifiApEnabled: false, wifiApAirplaneMode: falsegetWifiEnabledState(): 3, getWifiApEnabledState: 11
D/WifiService( 435): updateWifiState(): mAirplaneModeOn.get(): false, mPersistWifiState.get(): 1
D/WifiService( 435): updateWifiState(): mEmergencyCallbackMode: false, mDeviceIdle: false, lockHeld: true, mStopWifiRequested:false
D/WifiService( 435): updateWifiState(): enable and start wifi
D/WifiStateMachine( 435): L2ConnectedState{ what=131144 when=-4ms target=Handler (com.android.internal.util.StateMachine$SmHandler) {42d87f78} arg1=1 }
D/StateMachine( 435): handleMessage: X
D/StateMachine( 435): handleMessage: E msg.what=131085
D/StateMachine( 435): processMsg: ConnectedState
D/WifiStateMachine( 435): ConnectedState{ what=131085 when=-4ms target=Handler (com.android.internal.util.StateMachine$SmHandler) {42d87f78} }
D/StateMachine( 435): processMsg: L2ConnectedState
D/WifiStateMachine( 435): L2ConnectedState{ what=131085 when=-4ms target=Handler (com.android.internal.util.StateMachine$SmHandler) {42d87f78} }
D/StateMachine( 435): processMsg: ConnectModeState
D/WifiStateMachine( 435): ConnectModeState{ what=131085 when=-5ms target=Handler (com.android.internal.util.StateMachine$SmHandler) {42d87f78} }
D/StateMachine( 435): processMsg: DriverStartedState
D/WifiStateMachine( 435): DriverStartedState{ what=131085 when=-6ms target=Handler (com.android.internal.util.StateMachine$SmHandler) {42d87f78} }
D/StateMachine( 435): handleMessage: X
D/StateMachine( 435): handleMessage: E msg.what=131149
D/StateMachine( 435): processMsg: ConnectedState
D/WifiStateMachine( 435): ConnectedState{ what=131149 when=-6ms target=Handler (com.android.internal.util.StateMachine$SmHandler) {42d87f78} }
D/StateMachine( 435): processMsg: L2ConnectedState
D/WifiStateMachine( 435): L2ConnectedState{ what=131149 when=-6ms target=Handler (com.android.internal.util.StateMachine$SmHandler) {42d87f78} }
D/StateMachine( 435): processMsg: ConnectModeState
D/WifiStateMachine( 435): ConnectModeState{ what=131149 when=-6ms target=Handler (com.android.internal.util.StateMachine$SmHandler) {42d87f78} }
D/StateMachine( 435): processMsg: DriverStartedState
D/WifiStateMachine( 435): DriverStartedState{ what=131149 when=-6ms target=Handler (com.android.internal.util.StateMachine$SmHandler) {42d87f78} }
D/StateMachine( 435): handleMessage: X
D/PowerManagerService( 435): releaseWakeLock(4280b4d8): PARTIAL_WAKE_LOCK , tag=NlpWakeLock, flags=0x1
D/PowerManagerService( 435): acquireWakeLock(42d4c3b8): PARTIAL_WAKE_LOCK , tag=RILJ, flags=0x1, pid=768, uid=1001, mUserState=0x3
D/PowerManagerService( 435): releaseWakeLock(42d4c3b8): PARTIAL_WAKE_LOCK , tag=RILJ, flags=0x1
D/PowerManagerService( 435): acquireWakeLock(42cdc150): PARTIAL_WAKE_LOCK , tag=NlpWakeLock, flags=0x1, pid=20446, uid=10019, mUserState=0x3
D/PowerManagerService( 435): releaseWakeLock(42cdc150): PARTIAL_WAKE_LOCK , tag=NlpWakeLock, flags=0x1
D/WifiService( 435): releaseWifiLockLocked: WifiLock{NlpWifiLock type=2 binder=android.os.BinderProxy@43010950}
D/StateMachine( 435): handleMessage: E msg.what=131073
D/StateMachine( 435): processMsg: ConnectedState
D/WifiStateMachine( 435): ConnectedState{ what=131073 when=-1ms target=Handler (com.android.internal.util.StateMachine$SmHandler) {42d87f78} arg1=2 }
D/StateMachine( 435): processMsg: L2ConnectedState
D/WifiStateMachine( 435): L2ConnectedState{ what=131073 when=-1ms target=Handler (com.android.internal.util.StateMachine$SmHandler) {42d87f78} arg1=2 }
D/StateMachine( 435): processMsg: ConnectModeState
D/WifiStateMachine( 435): ConnectModeState{ what=131073 when=-2ms target=Handler (com.android.internal.util.StateMachine$SmHandler) {42d87f78} arg1=2 }
D/StateMachine( 435): processMsg: DriverStartedState
D/WifiStateMachine( 435): DriverStartedState{ what=131073 when=-2ms target=Handler (com.android.internal.util.StateMachine$SmHandler) {42d87f78} arg1=2 }
D/WifiService( 435): updateWifiState(): wifiApEnabled: false, wifiApAirplaneMode: falsegetWifiEnabledState(): 3, getWifiApEnabledState: 11
D/WifiService( 435): updateWifiState(): mAirplaneModeOn.get(): false, mPersistWifiState.get(): 1
D/WifiService( 435): updateWifiState(): mEmergencyCallbackMode: false, mDeviceIdle: false, lockHeld: false, mStopWifiRequested:false
D/WifiService( 435): updateWifiState(): enable and start wifi
D/StateMachine( 435): processMsg: SupplicantStartedState
D/WifiStateMachine( 435): SupplicantStartedState{ what=131073 when=-4ms target=Handler (com.android.internal.util.StateMachine$SmHandler) {42d87f78} arg1=2 }
D/StateMachine( 435): processMsg: SoftApStartedState
D/WifiStateMachine( 435): SoftApStartedState{ what=131073 when=-5ms target=Handler (com.android.internal.util.StateMachine$SmHandler) {42d87f78} arg1=2 }
D/StateMachine( 435): processMsg: DefaultState
D/WifiStateMachine( 435): DefaultState{ what=131073 when=-6ms target=Handler (com.android.internal.util.StateMachine$SmHandler) {42d87f78} arg1=2 }
D/StateMachine( 435): handleMessage: X
D/StateMachine( 435): handleMessage: E msg.what=131083
D/StateMachine( 435): processMsg: ConnectedState
D/WifiStateMachine( 435): ConnectedState{ what=131083 when=-6ms target=Handler (com.android.internal.util.StateMachine$SmHandler) {42d87f78} }
D/StateMachine( 435): processMsg: L2ConnectedState
D/WifiStateMachine( 435): L2ConnectedState{ what=131083 when=-7ms target=Handler (com.android.internal.util.StateMachine$SmHandler) {42d87f78} }
D/StateMachine( 435): processMsg: ConnectModeState
D/WifiStateMachine( 435): ConnectModeState{ what=131083 when=-7ms target=Handler (com.android.internal.util.StateMachine$SmHandler) {42d87f78} }
D/StateMachine( 435): processMsg: DriverStartedState
D/WifiStateMachine( 435): DriverStartedState{ what=131083 when=-7ms target=Handler (com.android.internal.util.StateMachine$SmHandler) {42d87f78} }
D/StateMachine( 435): processMsg: SupplicantStartedState
D/WifiStateMachine( 435): SupplicantStartedState{ what=131083 when=-8ms target=Handler (com.android.internal.util.StateMachine$SmHandler) {42d87f78} }
D/StateMachine( 435): processMsg: SoftApStartedState
D/WifiStateMachine( 435): SoftApStartedState{ what=131083 when=-8ms target=Handler (com.android.internal.util.StateMachine$SmHandler) {42d87f78} }
D/StateMachine( 435): processMsg: DefaultState
D/WifiStateMachine( 435): DefaultState{ what=131083 when=-8ms target=Handler (com.android.internal.util.StateMachine$SmHandler) {42d87f78} }
D/StateMachine( 435): handleMessage: X
D/PowerManagerService( 435): acquireWakeLock(428de710): PARTIAL_WAKE_LOCK , tag=NlpLocationReceiverService, flags=0x1, pid=20446, uid=10019, mUserState=0x3
D/PowerManagerService( 435): releaseWakeLock(4304d538): PARTIAL_WAKE_LOCK , tag=NlpWakeLock, flags=0x1
D/StateMachine( 435): handleMessage: E msg.what=131144
D/StateMachine( 435): processMsg: ConnectedState
D/WifiStateMachine( 435): ConnectedState{ what=131144 when=-9ms target=Handler (com.android.internal.util.StateMachine$SmHandler) {42d87f78} arg1=1 }
D/StateMachine( 435): processMsg: L2ConnectedState
D/WifiStateMachine( 435): L2ConnectedState{ what=131144 when=-9ms target=Handler (com.android.internal.util.StateMachine$SmHandler) {42d87f78} arg1=1 }
D/StateMachine( 435): handleMessage: X
D/StateMachine( 435): handleMessage: E msg.what=131085
D/StateMachine( 435): processMsg: ConnectedState
D/WifiStateMachine( 435): ConnectedState{ what=131085 when=-10ms target=Handler (com.android.internal.util.StateMachine$SmHandler) {42d87f78} }
D/StateMachine( 435): processMsg: L2ConnectedState
D/WifiStateMachine( 435): L2ConnectedState{ what=131085 when=-10ms target=Handler (com.android.internal.util.StateMachine$SmHandler) {42d87f78} }
D/StateMachine( 435): processMsg: ConnectModeState
D/WifiStateMachine( 435): ConnectModeState{ what=131085 when=-11ms target=Handler (com.android.internal.util.StateMachine$SmHandler) {42d87f78} }
D/StateMachine( 435): processMsg: DriverStartedState
D/WifiStateMachine( 435): DriverStartedState{ what=131085 when=-11ms target=Handler (com.android.internal.util.StateMachine$SmHandler) {42d87f78} }
D/StateMachine( 435): handleMessage: X
D/StateMachine( 435): handleMessage: E msg.what=131149
D/StateMachine( 435): processMsg: ConnectedState
D/WifiStateMachine( 435): ConnectedState{ what=131149 when=-12ms target=Handler (com.android.internal.util.StateMachine$SmHandler) {42d87f78} }
D/StateMachine( 435): processMsg: L2ConnectedState
D/WifiStateMachine( 435): L2ConnectedState{ what=131149 when=-12ms target=Handler (com.android.internal.util.StateMachine$SmHandler) {42d87f78} }
D/StateMachine( 435): processMsg: ConnectModeState
D/WifiStateMachine( 435): ConnectModeState{ what=131149 when=-12ms target=Handler (com.android.internal.util.StateMachine$SmHandler) {42d87f78} }
D/StateMachine( 435): processMsg: DriverStartedState
D/WifiStateMachine( 435): DriverStartedState{ what=131149 when=-13ms target=Handler (com.android.internal.util.StateMachine$SmHandler) {42d87f78} }
D/StateMachine( 435): handleMessage: X
D/PowerManagerService( 435): acquireWakeLock(42f51a70): PARTIAL_WAKE_LOCK , tag=dwh, flags=0x1, pid=20446, uid=10019, mUserState=0x3
D/PowerManagerService( 435): releaseWakeLock(42f51a70): PARTIAL_WAKE_LOCK , tag=dwh, flags=0x1
D/PowerManagerService( 435): releaseWakeLock(428de710): PARTIAL_WAKE_LOCK , tag=NlpLocationReceiverService, flags=0x1
D/PowerManagerService( 435): acquireWakeLock(42645910): PARTIAL_WAKE_LOCK , tag=WakefulIntentService[GCoreUlr-LocationReceiverService], flags=0x1, pid=20446, uid=10019, mUserState=0x3
I/GCoreUlr(20446): Successfully inserted location
I/GCoreUlr(20446): Not calling LocationReportingService, hasMoved: false, elapsed millis: 2921754, request: Phone
D/PowerManagerService( 435): releaseWakeLock(42645910): PARTIAL_WAKE_LOCK , tag=WakefulIntentService[GCoreUlr-LocationReceiverService], flags=0x1
W/PnPMgr ( 977): Write /sys/devices/system/cpu/cpu0/cpufreq/scaling_min_freq failed (Invalid argument)
D/StateMachine( 435): handleMessage: E msg.what=131155
D/StateMachine( 435): processMsg: ConnectedState
D/PowerManagerService( 435): releaseWakeLock(42e20728): CPU_MIN_FREQ , tag=WindowManager-ScreenRotation-Freq, flags=0x100
D/PowerManagerService( 435): releaseWakeLock(42dc5810): CPU_MIN_NUM , tag=WindowManager-ScreenRotation-Num, flags=0x400
D/WifiStateMachine( 435): ConnectedState{ what=131155 when=-1ms target=Handler (com.android.internal.util.StateMachine$SmHandler) {42d87f78} arg1=92 }
D/StateMachine( 435): processMsg: L2ConnectedState
D/WifiStateMachine( 435): L2ConnectedState{ what=131155 when=-1ms target=Handler (com.android.internal.util.StateMachine$SmHandler) {42d87f78} arg1=92 }
D/wpa_supplicant(10826): wpa_s 0x40afe6a8 cmd SIGNAL_POLL
D/wpa_supplicant(10826): RX ctrl_iface - hexdump(len=11): 53 49 47 4e 41 4c 5f 50 4f 4c 4c
D/wpa_supplicant(10826): ctrl_iface: SIGNAL_POLL
D/wpa_supplicant(10826): nl80211: survey data missing!
D/WifiStateMachine( 435): fetchRssiAndLinkSpeedNative RSSI = -40
D/StateMachine( 435): handleMessage: X
D/StateMachine( 435): handleMessage: E msg.what=131155
D/StateMachine( 435): processMsg: ConnectedState
D/WifiStateMachine( 435): ConnectedState{ what=131155 when=-1ms target=Handler (com.android.internal.util.StateMachine$SmHandler) {42d87f78} arg1=92 }
D/StateMachine( 435): processMsg: L2ConnectedState
D/WifiStateMachine( 435): L2ConnectedState{ what=131155 when=-2ms target=Handler (com.android.internal.util.StateMachine$SmHandler) {42d87f78} arg1=92 }
D/wpa_supplicant(10826): wpa_s 0x40afe6a8 cmd SIGNAL_POLL
D/wpa_supplicant(10826): RX ctrl_iface - hexdump(len=11): 53 49 47 4e 41 4c 5f 50 4f 4c 4c
D/wpa_supplicant(10826): ctrl_iface: SIGNAL_POLL
D/wpa_supplicant(10826): nl80211: survey data missing!
D/WifiStateMachine( 435): fetchRssiAndLinkSpeedNative RSSI = -36
D/StateMachine( 435): handleMessage: X
D/wpa_supplicant(10826): wlan0: BSS: Remove id 202 BSSID 00:24:6c:42:6b:40 SSID 'TWM WiFi' due to wpa_bss_flush_by_age
D/wpa_supplicant(10826): CTRL_IFACE monitor send - hexdump(len=41): 2f 64 61 74 61 2f 6d 69 73 63 2f 77 69 66 69 2f 73 6f 63 6b 65 74 73 2f 77 70 61 5f 63 74 72 6c ...
W/dalvikvm( 435): disableGcForExternalAlloc: true
W/dalvikvm( 435): disableGcForExternalAlloc: false
W/dalvikvm( 435): disableGcForExternalAlloc: true
W/dalvikvm( 435): disableGcForExternalAlloc: false
D/PowerManagerService( 435): acquireWakeLock(43c408b0): CPU_MIN_FREQ , tag=WindowManager-ScreenRotation-Freq, flags=0x100, pid=435, uid=1000, mUserState=0x3
D/PowerManagerService( 435): acquireWakeLock(43b04490): CPU_MIN_NUM , tag=WindowManager-ScreenRotation-Num, flags=0x400, pid=435, uid=1000, mUserState=0x3
D/PowerManagerService( 435): acquireWakeLock(43440760): PARTIAL_WAKE_LOCK , tag=SCREEN_FROZEN, flags=0x1, pid=435, uid=1000, mUserState=0x3
D/PowerManagerService( 435): button light setOrientation:0
I/ActivityManager( 435): Config changed: {1.0 466mcc92mnc zh_TW sw360dp w360dp h615dp nrml long port finger -keyb/v/h -nav/h s.57 skin=default fontsize=3}
I/VolumePanel( 435): ACTION_CONFIGURATION_CHANGED
D/VolumePanel( 435): forceTimeout
I/mode10 ( 714): loadSkinResource : Package = default; skinName = default
I/mode10 ( 714): loadSkinResource private
D/mode10 ( 714): [ResourceAccessWrapper] getAssetManagerFromApkPath, apkPath=/system/app/fusion.apk, packageName=com.htc.fusion.FusionApk
D/mode10 ( 714): [ResourceAccessWrapper] getAssetManagerFromPackageName : packageName=com.htc.fusion.FusionApk
D/mode10 ( 714): [ResourceAccessWrapper] getResourceFromPackageName : packageName=com.htc.fusion.FusionApk
D/mode10 ( 714): [ResourceAccessWrapper] getResourcesFromPackageName, get java Resources elapsed time=1(ms)
D/mode10 ( 714): [ResourceAccessWrapper] getAssetManagerFromApkPath, apkPath=/system/app/fusion.apk, packageName=com.htc.fusion.FusionApk
D/mode10 ( 714): [ResourceAccessWrapper] getAssetManagerFromPackageName : packageName=com.htc.fusion.FusionApk
D/mode10 ( 714): [ResourceAccessWrapper] getResourceFromPackageName : packageName=com.htc.fusion.FusionApk
V/MfLog ( 785): BrowseLayerCarouselFragment{423e2f08 #0 id=0x36f8056f}, onConfigurationChanged
V/MfLog ( 785): Dialer{425981f0 #1 id=0x40000001 idojrc.BrowseLayerCarouselFragment.1.PEOPLE_DIALER}, onConfigurationChanged
D/mode10 ( 714): [ResourceAccessWrapper] getResourcesFromPackageName, get java Resources elapsed time=8(ms)
V/LightsService( 435): setLight #8: color=#c8c800
V/NotificationService( 435): Battery Full, Charging
V/LightsService( 435): setLight #8: color=#c800
D/CarrierLabel( 582): CarrierLabel mIntentReceiver : android.intent.action.CONFIGURATION_CHANGED
D/CarrierLabel( 582): updateResources()
W/CarrierLabel( 582): updateNetworkNameExt: mSimState = UNKNOWN
D/CarrierLabel( 582): updateNetworkName showSpn=false spn= showPlmn=true plmn=中華電信
D/PhoneStatusBar( 582): addNotification score=0
D/PowerManagerService( 435): releaseWakeLock(43440760): PARTIAL_WAKE_LOCK , tag=SCREEN_FROZEN, flags=0x1
D/OnDemandProgressBar( 582): release indeterminate drawable android.widget.OnDemandProgressBar@4285b260
D/OnDemandProgressBar( 582): new OnDemandProgressBar android.widget.OnDemandProgressBar@4285b260
D/FDUI ( 8653): [ HTCStatusDetectorThread: 80 ] - startToListenPort > StatusThread=7890 Get new connection!
D/HtcDialer( 785): updateButtonTextPreferred() mShouldUpdateCallBtnPreferred=true slot=1
D/HtcDialer( 785): updateButtonTextPreferred() mShouldUpdateCallBtnPreferred=true slot=1
D/HtcDialer( 785): updateButtonTextPreferred() mShouldUpdateCallBtnPreferred=true slot=1
D/my ( 785): myGC1
D/FDUI ( 8653): [ HTCStatusDetectorThread: 137 ] - getSocketMessage > 7890: read count = 9
D/FDUI ( 8653): [ HTCStatusDetectorThread: 154 ] - getSocketMessage > 7890 get socket msg: AT+CGSN
D/FDUI ( 8653): [ HTCUICommon: 902 ] - getIMEI > get imei
D/FDUI ( 8653): [ HTCStatusDetectorThread: 195 ] - sendMsgToUI > 7890: status = 1
D/FDUI ( 8653): [ HTCStatusDetectorThread: 221 ] - sendMsgToUI > 7890: no activity is actived, return false!
D/PowerManagerService( 435): releaseWakeLock(43c408b0): CPU_MIN_FREQ , tag=WindowManager-ScreenRotation-Freq, flags=0x100
W/PnPMgr ( 977): Write /sys/devices/system/cpu/cpu0/cpufreq/scaling_min_freq failed (Invalid argument)
D/PowerManagerService( 435): releaseWakeLock(43b04490): CPU_MIN_NUM , tag=WindowManager-ScreenRotation-Num, flags=0x400
D/Process ( 8969): killProcess, pid=8969
D/Process ( 8969): dalvik.system.VMStack.getThreadStackTrace(Native Method)
D/Process ( 8969): java.lang.Thread.getStackTrace(Thread.java:599)
D/Process ( 8969): android.os.Process.killProcess(Process.java:944)
D/Process ( 8969): com.android.internal.os.RuntimeInit$UncaughtHandler.uncaughtException(RuntimeInit.java:108)
D/Process ( 8969): java.lang.ThreadGroup.uncaughtException(ThreadGroup.java:693)
D/Process ( 8969): java.lang.ThreadGroup.uncaughtException(ThreadGroup.java:690)
D/Process ( 8969): dalvik.system.NativeStart.main(Native Method)
I/ActivityManager( 435): Recipient 8969
I/ActivityManager( 435): Process com.hyperrate.gcin (pid 8969) has died.
W/InputDispatcher( 435): channel '432d61e8 com.hyperrate.gcin/com.hyperrate.gcin.PhraseEdit (server)' ~ Consumer closed input channel or an error occurred. events=0x9
E/InputDispatcher( 435): channel '432d61e8 com.hyperrate.gcin/com.hyperrate.gcin.PhraseEdit (server)' ~ Channel is unrecoverably broken and will be disposed!
D/ViewRootImpl( 435): @@@- disable SystemServer HW acceleration
I/WindowState( 435): WIN DEATH: Window{4304f7c8 com.hyperrate.gcin/com.hyperrate.gcin.GcinTools paused=false}
W/InputDispatcher( 435): Attempted to unregister already unregistered input channel '432d61e8 com.hyperrate.gcin/com.hyperrate.gcin.PhraseEdit (server)'
I/WindowState( 435): WIN DEATH: Window{432d61e8 com.hyperrate.gcin/com.hyperrate.gcin.PhraseEdit paused=false}
I/WindowManager( 435): WINDOW DIED Window{432d61e8 com.hyperrate.gcin/com.hyperrate.gcin.PhraseEdit paused=false}
I/ActivityManager( 435): Start proc com.hyperrate.gcin for activity com.hyperrate.gcin/.GcinTools: pid=9107 uid=10219 gids={3003, 1028}
W/ActivityManager( 435): handleTopAppChanged(): The previous AP is died unexpectedly.
V/PhoneStatusBar( 582): setLightsOn(true)
E/ ( 9107): file /data/data/com.nvidia.NvCPLSvc/files/driverlist.txt: not found!
I/ ( 9107): Attempting to load EGL implementation /system/lib//egl/libEGL_tegra_impl
