D/WifiStateMachine( 435): ConnectedState{ what=131218 when=0 target=Handler (com.android.internal.util.StateMachine$SmHandler) {42d87f78} }
D/StateMachine( 435): processMsg: L2ConnectedState
D/WifiStateMachine( 435): L2ConnectedState{ what=131218 when=-1ms target=Handler (com.android.internal.util.StateMachine$SmHandler) {42d87f78} }
D/StateMachine( 435): processMsg: ConnectModeState
D/WifiStateMachine( 435): ConnectModeState{ what=131218 when=-1ms target=Handler (com.android.internal.util.StateMachine$SmHandler) {42d87f78} }
D/StateMachine( 435): processMsg: DriverStartedState
D/WifiStateMachine( 435): DriverStartedState{ what=131218 when=-1ms target=Handler (com.android.internal.util.StateMachine$SmHandler) {42d87f78} }
D/wpa_supplicant(10826): wpa_s 0x40afe6a8 cmd SIGNAL_POLL
D/wpa_supplicant(10826): RX ctrl_iface - hexdump(len=11): 53 49 47 4e 41 4c 5f 50 4f 4c 4c
D/wpa_supplicant(10826): ctrl_iface: SIGNAL_POLL
V/PlayListSync( 8838): Found 0 playlists on source
V/PlayListSync( 8838): Found 0 playlists on target
V/PlayListSync( 8838): thread: 17950 Add/update playlists []
V/PlayListSync( 8838): PlaylistAccessorMediaStore: updating playlists
W/PlayListSync( 8838): onChanged.run: the updateMediaStore changed nothing => updateFiles will not be called!
V/PlayListSync( 8838): onChanged.run has been finished, thread-id: 17950
I/WiFiConnectedHelper( 8838): WiFi address: /192.168.100.109
D/VolumeInfo( 8838): Read the volume-id from the sd card: {495601F4-9056-432B-AAE7-8F51A3D233D5}
D/wpa_supplicant(10826): nl80211: survey data missing!
D/StateMachine( 435): handleMessage: X
D/StateMachine( 435): handleMessage: E msg.what=131218
D/StateMachine( 435): processMsg: ConnectedState
D/WifiStateMachine( 435): ConnectedState{ what=131218 when=-10ms target=Handler (com.android.internal.util.StateMachine$SmHandler) {42d87f78} }
D/StateMachine( 435): processMsg: L2ConnectedState
D/WifiStateMachine( 435): L2ConnectedState{ what=131218 when=-10ms target=Handler (com.android.internal.util.StateMachine$SmHandler) {42d87f78} }
D/StateMachine( 435): processMsg: ConnectModeState
D/WifiStateMachine( 435): ConnectModeState{ what=131218 when=-11ms target=Handler (com.android.internal.util.StateMachine$SmHandler) {42d87f78} }
D/StateMachine( 435): processMsg: DriverStartedState
D/WifiStateMachine( 435): DriverStartedState{ what=131218 when=-11ms target=Handler (com.android.internal.util.StateMachine$SmHandler) {42d87f78} }
D/wpa_supplicant(10826): wpa_s 0x40afe6a8 cmd SIGNAL_POLL
D/wpa_supplicant(10826): RX ctrl_iface - hexdump(len=11): 53 49 47 4e 41 4c 5f 50 4f 4c 4c
D/wpa_supplicant(10826): ctrl_iface: SIGNAL_POLL
D/wpa_supplicant(10826): nl80211: survey data missing!
D/StateMachine( 435): handleMessage: X
D/VolumeInfo( 8838): check the sys-path: /sys/devices/platform/sdhci-tegra.3/mmc_host/mmc0
V/VolumeInfo( 8838): New VolumeInfo with mount point /storage/sdcard0 and sys path /sys/devices/platform/sdhci-tegra.3/mmc_host/mmc0 created
D/VolumeInfo( 8838): read cached Id for /storage/sdcard0/ from the preference: /storage/sdcard0/
V/ServerController( 8838): NWInterface lo (lo): /::1%1%1,/127.0.0.1,
V/ServerController( 8838): NWInterface dummy0 (dummy0):
V/ServerController( 8838): NWInterface sit0 (sit0):
V/ServerController( 8838): NWInterface ip6tnl0 (ip6tnl0):
V/ServerController( 8838): NWInterface gannet0 (gannet0):
V/ServerController( 8838): NWInterface rmnet0 (rmnet0): /100.110.47.230,
V/ServerController( 8838): NWInterface rmnet1 (rmnet1):
V/ServerController( 8838): NWInterface rmnet2 (rmnet2):
V/ServerController( 8838): NWInterface wlan0 (wlan0): /fe80::%wlan0%46,/192.168.100.109,
V/ServerController( 8838): NWInterface p2p0 (p2p0):
I/AbstractBackgroundService( 8838): STOP (MODE_NORMAL) | USB changed [charge,connect,]
I/AbstractBackgroundService( 8838): STOP (MODE_NORMAL) | Autostart conditions changed.
I/AbstractBackgroundService( 8838): STOP (MODE_NORMAL) | Check for USB mode. autoUSB configured:true USB connected:true USB allowed:[true,false]
I/AbstractBackgroundService( 8838): STOP (MODE_NORMAL) | USB auto-start (current: false,MODE_NORMAL)
D/AbstractBackgroundService( 8838): Trigger start server.
D/AbstractBackgroundService( 8838): Abort service shutdown.
V/ServerController( 8838): Get interface mask from preferences.
V/ServerController( 8838): Get interface mask from preferences.
I/AbstractBackgroundService( 8838): STOP (MODE_AUTOUSB) | Trigger start server [[USB,16,] network:"ANY" mode:MODE_AUTOUSB]
V/ServerController( 8838): Get interface mask from preferences.
V/ServerController( 8838): Get interface mask from preferences.
V/ServerController( 8838): has available interfaces (1)?
V/InterfaceController( 8838): Is hardware available? - USB: true
I/AbstractBackgroundService( 8838): Enable PIM server.
I/AbstractBackgroundService( 8838): STOP (MODE_AUTOUSB) | Default interface: null
I/AbstractBackgroundService( 8838): Using default IP address /127.0.0.1
I/AbstractBackgroundService( 8838): STOP (MODE_AUTOUSB) | Check for Wi-Fi mode. autoWiFi configured:false charging mode:false WiFi connected:false WiFi allowed:true SSID:null(false)
I/AbstractBackgroundService( 8838): STOP (MODE_AUTOUSB) | isShutdownLocked(): 0
D/ServerController( 8838): onStateChanged WiFi
V/ServerController( 8838): get effective network status for ---
D/InterfaceController( 8838): Get status...
D/InterfaceController( 8838): Get enabled interfaces 0
V/ServerController( 8838): effective network status: 0
V/ServerController( 8838): enabled interfaces: --- of ---
V/ServerController( 8838): server state: STOP
V/ServerController( 8838): All interfaces disabled. Server not running
D/ServerController( 8838): update filter for WiFi
I/AbstractBackgroundService( 8838): STOP (MODE_AUTOUSB) | Detected that Wi-Fi changed. WiFi enabled:true WiFi connected:false
D/ServerController( 8838): onStateChanged WiFi
V/ServerController( 8838): get effective network status for ---
D/InterfaceController( 8838): Get status...
D/InterfaceController( 8838): Get enabled interfaces 0
V/ServerController( 8838): effective network status: 0
V/ServerController( 8838): enabled interfaces: --- of ---
V/ServerController( 8838): server state: STOP
V/ServerController( 8838): All interfaces disabled. Server not running
D/ServerController( 8838): update filter for WiFi
I/AbstractBackgroundService( 8838): STOP (MODE_AUTOUSB) | Detected that Wi-Fi changed. WiFi enabled:true WiFi connected:true
D/VolumeInfo( 8838): Read the volume-id from the sd card: {495601F4-9056-432B-AAE7-8F51A3D233D5}
I/AbstractBackgroundService( 8838): STOP (MODE_AUTOUSB) | Autostart conditions changed.
D/VolumeInfo( 8838): check the sys-path: /sys/devices/platform/tegra-ehci
D/VolumeInfo( 8838): The sys-path does not exist: /sys/devices/platform/tegra-ehci
I/AbstractBackgroundService( 8838): STOP (MODE_AUTOUSB) | Check for USB mode. autoUSB configured:true USB connected:true USB allowed:[true,false]
I/AbstractBackgroundService( 8838): STOP (MODE_AUTOUSB) | Check for Wi-Fi mode. autoWiFi configured:false charging mode:false WiFi connected:true WiFi allowed:true SSID:120903(false)
V/VolumeInfo( 8838): Found 1 mount point(s)
I/AbstractBackgroundService( 8838): STOP (MODE_AUTOUSB) | isShutdownLocked(): 0
D/ServerController( 8838): Received TRIGGER_ACTIVATE_SERVER in STOP
D/InterfaceController( 8838): Unlock interfaces 0
I/ServerController( 8838): stopServer()
I/ServerController( 8838): Start server for interface mask: 1
D/VolumeInfo( 8838): read cached Id for /storage/sdcard0/ from the preference: /storage/sdcard0/
V/ServerController( 8838): Enter new state: WAIT_FOR_NETWORK
I/AbstractBackgroundService( 8838): WAIT_FOR_NETWORK (MODE_AUTOUSB) | isShutdownLocked(): 0
D/VolumeInfo( 8838): Read the volume-id from the sd card: {495601F4-9056-432B-AAE7-8F51A3D233D5}
E/NotificationService( 435): Ignoring notification with icon==0: Notification(pri=0 contentView=com.nero.android.htc.sync/0x1090071 vibrate=null sound=nullnull defaults=0x0 flags=0x22 kind=[null])
E/NotificationService( 435): Ignoring notification with icon==0: Notification(pri=0 contentView=com.nero.android.htc.sync/0x1090071 vibrate=null sound=nullnull defaults=0x0 flags=0x62 kind=[null])
V/ServerController( 8838): get effective network status for USB
D/InterfaceController( 8838): Get status...
V/InterfaceController( 8838): USB status: 4
D/InterfaceController( 8838): Get enabled interfaces 1
V/InterfaceController( 8838): Interface USB is enabled.
V/ServerController( 8838): effective network status: 4
V/ServerController( 8838): enabled interfaces: USB of USB
V/ServerController( 8838): server state: WAIT_FOR_NETWORK
V/ServerController( 8838): Notify interface available.
D/ServerController( 8838): Received TRIGGER_NETWORK_AVAILABLE in WAIT_FOR_NETWORK
D/InterfaceController( 8838): Unlock interfaces 1
V/InterfaceController( 8838): Release USB lock.
D/InterfaceController( 8838): Lock interfaces 1
V/InterfaceController( 8838): Get USB lock.
W/ServerController( 8838): startServer()
D/ServerController( 8838): update filter for USB
V/ServerController( 8838): NWInterface lo (lo): /::1%1%1,/127.0.0.1,
V/ServerController( 8838): NWInterface dummy0 (dummy0):
V/ServerController( 8838): NWInterface sit0 (sit0):
V/ServerController( 8838): NWInterface ip6tnl0 (ip6tnl0):
V/ServerController( 8838): NWInterface gannet0 (gannet0):
V/ServerController( 8838): NWInterface rmnet0 (rmnet0): /100.110.47.230,
V/ServerController( 8838): NWInterface rmnet1 (rmnet1):
V/ServerController( 8838): NWInterface rmnet2 (rmnet2):
V/ServerController( 8838): NWInterface wlan0 (wlan0): /fe80::%wlan0%46,/192.168.100.109,
V/ServerController( 8838): NWInterface p2p0 (p2p0):
D/ServerController( 8838): update filter for WiFi
D/ServerController( 8838): update filter for [4,]
D/ServerController( 8838): update filter for [8,]
D/ServerController( 8838): update filter for [16,]
D/ServerController( 8838): update filter for [32,]
I/ServerController( 8838): Start server for interface /127.0.0.1 D/com.nero.android.neroconnect.backgroundservice.httpserver.HttpServerRequestHandler( 8838): Find the non-local IP address: ::1%1 D/com.nero.android.neroconnect.backgroundservice.httpserver.HttpServerRequestHandler( 8838): Find the non-local IP address: 127.0.0.1 D/com.nero.android.neroconnect.backgroundservice.httpserver.HttpServerRequestHandler( 8838): Find the non-local IP address: fe80::%wlan0
I/HttpServer( 8838): Starting HTTP server ...
I/HttpServer( 8838): HTTP SERVER started
I/HttpServer( 8838): HTTP web server listening on port 9088
V/InterfaceController( 8838): Does USB require SSDP? false
I/AbstractBackgroundService( 8838): WAIT_FOR_NETWORK (MODE_AUTOUSB) | isShutdownLocked(): 0
E/NotificationService( 435): Ignoring notification with icon==0: Notification(pri=0 contentView=com.nero.android.htc.sync/0x1090071 vibrate=null sound=nullnull defaults=0x0 flags=0x62 kind=[null])
E/NotificationService( 435): Ignoring notification with icon==0: Notification(pri=0 contentView=com.nero.android.htc.sync/0x1090071 vibrate=null sound=nullnull defaults=0x0 flags=0x62 kind=[null])
V/InterfaceController( 8838): Does USB require SSDP? false
V/ServerController( 8838): Enter new state: WAIT_FOR_CONNECTION
I/AbstractBackgroundService( 8838): WAIT_FOR_CONNECTION (MODE_AUTOUSB) | isShutdownLocked(): 0
E/NotificationService( 435): Ignoring notification with icon==0: Notification(pri=0 contentView=com.nero.android.htc.sync/0x1090071 vibrate=null sound=nullnull defaults=0x0 flags=0x62 kind=[null])
E/NotificationService( 435): Ignoring notification with icon==0: Notification(pri=0 contentView=com.nero.android.htc.sync/0x1090071 vibrate=null sound=nullnull defaults=0x0 flags=0x62 kind=[null])
D/ServerController( 8838): Received NOTIFY_SERVER_CONNECTED in WAIT_FOR_CONNECTION
D/InterfaceController( 8838): Unlock interfaces 1
V/InterfaceController( 8838): Release USB lock.
D/InterfaceController( 8838): Lock interfaces 1
V/InterfaceController( 8838): Get USB lock.
I/AbstractBackgroundService( 8838): WAIT_FOR_CONNECTION (MODE_AUTOUSB) | isShutdownLocked(): 0
E/NotificationService( 435): Ignoring notification with icon==0: Notification(pri=0 contentView=com.nero.android.htc.sync/0x1090071 vibrate=null sound=nullnull defaults=0x0 flags=0x62 kind=[null])
E/NotificationService( 435): Ignoring notification with icon==0: Notification(pri=0 contentView=com.nero.android.htc.sync/0x1090071 vibrate=null sound=nullnull defaults=0x0 flags=0x62 kind=[null])
I/ServerController( 8838): "HTC Mobile Sync" server: 127.0.0.1/9088
V/ServerController( 8838): Enter new state: CONNECTED
I/AbstractBackgroundService( 8838): CONNECTED (MODE_AUTOUSB) | isShutdownLocked(): 0
E/NotificationService( 435): Ignoring notification with icon==0: Notification(pri=0 contentView=com.nero.android.htc.sync/0x1090071 vibrate=null sound=nullnull defaults=0x0 flags=0x62 kind=[null])
E/NotificationService( 435): Ignoring notification with icon==0: Notification(pri=0 contentView=com.nero.android.htc.sync/0x1090071 vibrate=null sound=nullnull defaults=0x0 flags=0x62 kind=[null])
D/StateMachine( 435): handleMessage: E msg.what=131155
D/StateMachine( 435): processMsg: ConnectedState
D/WifiStateMachine( 435): ConnectedState{ what=131155 when=-3ms target=Handler (com.android.internal.util.StateMachine$SmHandler) {42d87f78} arg1=92 }
D/StateMachine( 435): processMsg: L2ConnectedState
D/WifiStateMachine( 435): L2ConnectedState{ what=131155 when=-4ms target=Handler (com.android.internal.util.StateMachine$SmHandler) {42d87f78} arg1=92 }
D/wpa_supplicant(10826): wpa_s 0x40afe6a8 cmd SIGNAL_POLL
D/wpa_supplicant(10826): RX ctrl_iface - hexdump(len=11): 53 49 47 4e 41 4c 5f 50 4f 4c 4c
D/wpa_supplicant(10826): ctrl_iface: SIGNAL_POLL
D/wpa_supplicant(10826): nl80211: survey data missing!
D/WifiStateMachine( 435): fetchRssiAndLinkSpeedNative RSSI = -39
D/StateMachine( 435): handleMessage: X
V/HttpServer( 8838): Received from /127.0.0.1 at /127.0.0.1
W/HttpServer( 8838): Accepting HTTP connection from IP 127.0.0.1
I/HttpServer( 8838): Handle request from connection connection from /127.0.0.1:56154 (#1110646352)
I/HttpServer( 8838): Serving request from 127.0.0.1:9344 - URI /Diverse/alive
D/ServerController( 8838): Received NOTIFY_SERVER_CONNECTED in CONNECTED
I/AbstractBackgroundService( 8838): CONNECTED (MODE_AUTOUSB) | isShutdownLocked(): 0
E/NotificationService( 435): Ignoring notification with icon==0: Notification(pri=0 contentView=com.nero.android.htc.sync/0x1090071 vibrate=null sound=nullnull defaults=0x0 flags=0x62 kind=[null])
E/NotificationService( 435): Ignoring notification with icon==0: Notification(pri=0 contentView=com.nero.android.htc.sync/0x1090071 vibrate=null sound=nullnull defaults=0x0 flags=0x62 kind=[null])
I/HttpServer( 8838): Serving request from 127.0.0.1:9344 - URI /Platform/getApkVersion
V/FastXmlSerializer( 8838): Start serialization: PSApkInfo
D/MtpDatabase( 3887): [USBF] getStorageInfo: StorageId=65537,Path=/storage/sdcard0,State=mounted
D/MtpDatabase( 3887): StorageID1=65537,StorageID2=-1
D/MtpDatabase( 3887): [USBF] getObjectList.Count.HandleIdx=70
D/MtpDatabase( 3887): [USBF] StartMediaScanner: 2,-1
D/MtpDatabase( 3887): [USBF] GetFilenamefromHandle: Path=/storage/sdcard0/Ringtones, Handle=2
D/MtpDatabase( 3887): [USBF] StartMediaScannerDir+: /storage/sdcard0,1,/storage/sdcard0
D/MtpDatabase( 3887): [USBF] StartMediaScannerDir-: skip.
D/MtpPropertyGroup( 3887): [USBF] getPropertyList.HandleIdx=5
D/MtpPropertyGroup( 3887): [USBF] getPropertyList.length: 1
D/MtpPropertyGroup( 3887): [USBF] getPropertyList.HandleIdx=5
D/MtpPropertyGroup( 3887): [USBF] getPropertyList.length: 30
D/MtpPropertyGroup( 3887): [USBF] getPropertyList.HandleIdx=16
D/MtpPropertyGroup( 3887): [USBF] getPropertyList.length: 1
D/MtpPropertyGroup( 3887): [USBF] getPropertyList.HandleIdx=16
D/MtpPropertyGroup( 3887): [USBF] getPropertyList.length: 30
D/MtpPropertyGroup( 3887): [USBF] getPropertyList.HandleIdx=17
D/MtpPropertyGroup( 3887): [USBF] getPropertyList.length: 1
D/MtpPropertyGroup( 3887): [USBF] getPropertyList.HandleIdx=17
D/MtpPropertyGroup( 3887): [USBF] getPropertyList.length: 30
D/MtpPropertyGroup( 3887): [USBF] getPropertyList.HandleIdx=18
D/MtpPropertyGroup( 3887): [USBF] getPropertyList.length: 1
D/MtpPropertyGroup( 3887): [USBF] getPropertyList.HandleIdx=18
D/MtpPropertyGroup( 3887): [USBF] getPropertyList.length: 30
D/MtpPropertyGroup( 3887): [USBF] getPropertyList.HandleIdx=19
D/MtpPropertyGroup( 3887): [USBF] getPropertyList.length: 1
D/MtpPropertyGroup( 3887): [USBF] getPropertyList.HandleIdx=19
D/MtpPropertyGroup( 3887): [USBF] getPropertyList.length: 30
D/MtpPropertyGroup( 3887): [USBF] getPropertyList.HandleIdx=20
D/MtpPropertyGroup( 3887): [USBF] getPropertyList.length: 1
D/MtpPropertyGroup( 3887): [USBF] getPropertyList.HandleIdx=20
D/MtpPropertyGroup( 3887): [USBF] getPropertyList.length: 30
D/MtpPropertyGroup( 3887): [USBF] getPropertyList.HandleIdx=21
D/MtpPropertyGroup( 3887): [USBF] getPropertyList.length: 1
D/MtpPropertyGroup( 3887): [USBF] getPropertyList.HandleIdx=21
D/MtpPropertyGroup( 3887): [USBF] getPropertyList.length: 30
D/MtpPropertyGroup( 3887): [USBF] getPropertyList.HandleIdx=34
D/MtpPropertyGroup( 3887): [USBF] getPropertyList.length: 1
D/MtpPropertyGroup( 3887): [USBF] getPropertyList.HandleIdx=34
D/MtpPropertyGroup( 3887): [USBF] getPropertyList.length: 30
D/MtpPropertyGroup( 3887): [USBF] getPropertyList.HandleIdx=22
D/MtpPropertyGroup( 3887): [USBF] getPropertyList.length: 1
D/MtpPropertyGroup( 3887): [USBF] getPropertyList.HandleIdx=22
D/MtpPropertyGroup( 3887): [USBF] getPropertyList.length: 30
D/MtpPropertyGroup( 3887): [USBF] getPropertyList.HandleIdx=23
D/MtpPropertyGroup( 3887): [USBF] getPropertyList.length: 1
D/MtpPropertyGroup( 3887): [USBF] getPropertyList.HandleIdx=23
D/MtpPropertyGroup( 3887): [USBF] getPropertyList.length: 30
D/MtpPropertyGroup( 3887): [USBF] getPropertyList.HandleIdx=24
D/MtpPropertyGroup( 3887): [USBF] getPropertyList.length: 1
D/MtpPropertyGroup( 3887): [USBF] getPropertyList.HandleIdx=24
D/MtpPropertyGroup( 3887): [USBF] getPropertyList.length: 30
D/MtpPropertyGroup( 3887): [USBF] getPropertyList.HandleIdx=25
D/MtpPropertyGroup( 3887): [USBF] getPropertyList.length: 1
D/MtpPropertyGroup( 3887): [USBF] getPropertyList.HandleIdx=25
D/MtpPropertyGroup( 3887): [USBF] getPropertyList.length: 30
D/MtpPropertyGroup( 3887): [USBF] getPropertyList.HandleIdx=35
D/MtpPropertyGroup( 3887): [USBF] getPropertyList.length: 1
D/MtpPropertyGroup( 3887): [USBF] getPropertyList.HandleIdx=35
D/MtpPropertyGroup( 3887): [USBF] getPropertyList.length: 30
D/MtpPropertyGroup( 3887): [USBF] getPropertyList.HandleIdx=36
D/MtpPropertyGroup( 3887): [USBF] getPropertyList.length: 1
D/MtpPropertyGroup( 3887): [USBF] getPropertyList.HandleIdx=36
D/MtpPropertyGroup( 3887): [USBF] getPropertyList.length: 30
D/MtpPropertyGroup( 3887): [USBF] getPropertyList.HandleIdx=37
D/MtpPropertyGroup( 3887): [USBF] getPropertyList.length: 1
D/MtpPropertyGroup( 3887): [USBF] getPropertyList.HandleIdx=37
D/MtpPropertyGroup( 3887): [USBF] getPropertyList.length: 30
D/MtpPropertyGroup( 3887): [USBF] getPropertyList.HandleIdx=38
D/MtpPropertyGroup( 3887): [USBF] getPropertyList.length: 1
D/MtpPropertyGroup( 3887): [USBF] getPropertyList.HandleIdx=38
D/MtpPropertyGroup( 3887): [USBF] getPropertyList.length: 30
D/MtpPropertyGroup( 3887): [USBF] getPropertyList.HandleIdx=39
D/MtpPropertyGroup( 3887): [USBF] getPropertyList.length: 1
D/MtpPropertyGroup( 3887): [USBF] getPropertyList.HandleIdx=39
D/MtpPropertyGroup( 3887): [USBF] getPropertyList.length: 30
D/MtpPropertyGroup( 3887): [USBF] getPropertyList.HandleIdx=40
D/MtpPropertyGroup( 3887): [USBF] getPropertyList.length: 1
D/MtpPropertyGroup( 3887): [USBF] getPropertyList.HandleIdx=40
D/MtpPropertyGroup( 3887): [USBF] getPropertyList.length: 30
D/MtpPropertyGroup( 3887): [USBF] getPropertyList.HandleIdx=41
D/MtpPropertyGroup( 3887): [USBF] getPropertyList.length: 1
D/MtpPropertyGroup( 3887): [USBF] getPropertyList.HandleIdx=41
D/MtpPropertyGroup( 3887): [USBF] getPropertyList.length: 30
D/MtpPropertyGroup( 3887): [USBF] getPropertyList.HandleIdx=0
D/MtpPropertyGroup( 3887): [USBF] getPropertyList.length: 1
D/MtpPropertyGroup( 3887): [USBF] getPropertyList.HandleIdx=0
D/MtpPropertyGroup( 3887): [USBF] getPropertyList.length: 30
D/MtpPropertyGroup( 3887): [USBF] getPropertyList.HandleIdx=6
D/MtpPropertyGroup( 3887): [USBF] getPropertyList.length: 1
D/MtpPropertyGroup( 3887): [USBF] getPropertyList.HandleIdx=6
D/MtpPropertyGroup( 3887): [USBF] getPropertyList.length: 30
D/MtpPropertyGroup( 3887): [USBF] getPropertyList.HandleIdx=7
D/MtpPropertyGroup( 3887): [USBF] getPropertyList.length: 1
D/MtpPropertyGroup( 3887): [USBF] getPropertyList.HandleIdx=7
D/MtpPropertyGroup( 3887): [USBF] getPropertyList.length: 30
D/MtpPropertyGroup( 3887): [USBF] getPropertyList.HandleIdx=8
D/MtpPropertyGroup( 3887): [USBF] getPropertyList.length: 1
D/MtpPropertyGroup( 3887): [USBF] getPropertyList.HandleIdx=8
D/MtpPropertyGroup( 3887): [USBF] getPropertyList.length: 30
D/MtpPropertyGroup( 3887): [USBF] getPropertyList.HandleIdx=42
D/MtpPropertyGroup( 3887): [USBF] getPropertyList.length: 1
D/MtpPropertyGroup( 3887): [USBF] getPropertyList.HandleIdx=42
D/MtpPropertyGroup( 3887): [USBF] getPropertyList.length: 30
D/MtpPropertyGroup( 3887): [USBF] getPropertyList.HandleIdx=43
D/MtpPropertyGroup( 3887): [USBF] getPropertyList.length: 1
D/MtpPropertyGroup( 3887): [USBF] getPropertyList.HandleIdx=43
D/MtpPropertyGroup( 3887): [USBF] getPropertyList.length: 30
D/MtpPropertyGroup( 3887): [USBF] getPropertyList.HandleIdx=44
D/MtpPropertyGroup( 3887): [USBF] getPropertyList.length: 1
D/MtpPropertyGroup( 3887): [USBF] getPropertyList.HandleIdx=44
D/MtpPropertyGroup( 3887): [USBF] getPropertyList.length: 30
D/MtpPropertyGroup( 3887): [USBF] getPropertyList.HandleIdx=9
D/MtpPropertyGroup( 3887): [USBF] getPropertyList.length: 1
D/MtpPropertyGroup( 3887): [USBF] getPropertyList.HandleIdx=9
D/MtpPropertyGroup( 3887): [USBF] getPropertyList.length: 30
D/MtpPropertyGroup( 3887): [USBF] getPropertyList.HandleIdx=45
D/MtpPropertyGroup( 3887): [USBF] getPropertyList.length: 1
D/MtpPropertyGroup( 3887): [USBF] getPropertyList.HandleIdx=45
D/MtpPropertyGroup( 3887): [USBF] getPropertyList.length: 30
D/MtpDatabase( 3887): [USBF] StartMediaScanner: 10348,10348
D/MtpDatabase( 3887): [USBF] GetFilenamefromHandle: Path=/storage/sdcard0/Albums, Handle=10348
D/MtpDatabase( 3887): [USBF] StartMediaScannerDir+: /storage/sdcard0/Albums,1,/storage/sdcard0
D/MtpDatabase( 3887): [USBF] StartMediaScannerDir-: skip.
I/HttpServer( 8838): Serving request from 127.0.0.1:9344 - URI /Diverse/alive
D/ServerController( 8838): Received NOTIFY_SERVER_CONNECTED in CONNECTED
I/AbstractBackgroundService( 8838): CONNECTED (MODE_AUTOUSB) | isShutdownLocked(): 0
E/NotificationService( 435): Ignoring notification with icon==0: Notification(pri=0 contentView=com.nero.android.htc.sync/0x1090071 vibrate=null sound=nullnull defaults=0x0 flags=0x62 kind=[null])
E/NotificationService( 435): Ignoring notification with icon==0: Notification(pri=0 contentView=com.nero.android.htc.sync/0x1090071 vibrate=null sound=nullnull defaults=0x0 flags=0x62 kind=[null])
D/MtpDatabase( 3887): [USBF] StartMediaScanner: 6994,6994
D/MtpDatabase( 3887): [USBF] GetFilenamefromHandle: Path=/storage/sdcard0/mobile, Handle=6994
D/MtpDatabase( 3887): [USBF] StartMediaScannerDir+: /storage/sdcard0/mobile,1,/storage/sdcard0
D/MtpDatabase( 3887): [USBF] StartMediaScannerDir-: skip.
D/MtpDatabase( 3887): [USBF] StartMediaScanner: 6992,6992
D/MtpDatabase( 3887): [USBF] GetFilenamefromHandle: Path=/storage/sdcard0/_nero_sync, Handle=6992
D/MtpDatabase( 3887): [USBF] StartMediaScannerDir+: /storage/sdcard0/_nero_sync,1,/storage/sdcard0
D/MtpDatabase( 3887): [USBF] StartMediaScannerDir-: skip.
D/StateMachine( 435): handleMessage: E msg.what=131155
D/StateMachine( 435): processMsg: ConnectedState
D/WifiStateMachine( 435): ConnectedState{ what=131155 when=-4ms target=Handler (com.android.internal.util.StateMachine$SmHandler) {42d87f78} arg1=92 }
D/StateMachine( 435): processMsg: L2ConnectedState
D/WifiStateMachine( 435): L2ConnectedState{ what=131155 when=-4ms target=Handler (com.android.internal.util.StateMachine$SmHandler) {42d87f78} arg1=92 }
D/wpa_supplicant(10826): wpa_s 0x40afe6a8 cmd SIGNAL_POLL
D/wpa_supplicant(10826): RX ctrl_iface - hexdump(len=11): 53 49 47 4e 41 4c 5f 50 4f 4c 4c
D/wpa_supplicant(10826): ctrl_iface: SIGNAL_POLL
D/wpa_supplicant(10826): nl80211: survey data missing!
D/WifiStateMachine( 435): fetchRssiAndLinkSpeedNative RSSI = -42
D/StateMachine( 435): handleMessage: X
D/PowerManagerService( 435): acquireWakeLock(42f43528): PARTIAL_WAKE_LOCK , tag=AlarmManager, flags=0x1, pid=435, uid=1000, mUserState=0x3
V/AlarmManager( 435): sending alarm PendingIntent{42bf45f8: PendingIntentRecord{432c2290 com.google.android.gms broadcastIntent}}, intent=com.google.android.gms.nlp.ALARM_WAKEUP_LOCATOR, type=ELAPSED_REALTIME_WAKEUP, count=1, when=308970524, repeateInterval=0
D/PowerManagerService( 435): acquireWakeLock(42cb9178): PARTIAL_WAKE_LOCK , tag=NlpWakeLock, flags=0x1, pid=20446, uid=10019, mUserState=0x3
D/StateMachine( 435): handleMessage: E msg.what=131073
D/StateMachine( 435): processMsg: ConnectedState
D/PowerManagerService( 435): releaseWakeLock(42f43528): PARTIAL_WAKE_LOCK , tag=AlarmManager, flags=0x1
D/PowerManagerService( 435): acquireWakeLock(4298d138): PARTIAL_WAKE_LOCK , tag=NlpWakeLock, flags=0x1, pid=20446, uid=10019, mUserState=0x3
D/WifiService( 435): acquireWifiLockLocked: WifiLock{NlpWifiLock type=2 binder=android.os.BinderProxy@4280df60}
D/WifiService( 435): updateWifiState(): wifiApEnabled: false, wifiApAirplaneMode: falsegetWifiEnabledState(): 3, getWifiApEnabledState: 11
D/WifiService( 435): updateWifiState(): mAirplaneModeOn.get(): false, mPersistWifiState.get(): 1
D/WifiService( 435): updateWifiState(): mEmergencyCallbackMode: false, mDeviceIdle: false, lockHeld: true, mStopWifiRequested:false
D/WifiService( 435): updateWifiState(): enable and start wifi
D/WifiStateMachine( 435): ConnectedState{ what=131073 when=0 target=Handler (com.android.internal.util.StateMachine$SmHandler) {42d87f78} arg1=2 }
D/StateMachine( 435): processMsg: L2ConnectedState
D/WifiStateMachine( 435): L2ConnectedState{ what=131073 when=-1ms target=Handler (com.android.internal.util.StateMachine$SmHandler) {42d87f78} arg1=2 }
D/StateMachine( 435): processMsg: ConnectModeState
D/WifiStateMachine( 435): ConnectModeState{ what=131073 when=-1ms target=Handler (com.android.internal.util.StateMachine$SmHandler) {42d87f78} arg1=2 }
D/StateMachine( 435): processMsg: DriverStartedState
D/WifiStateMachine( 435): DriverStartedState{ what=131073 when=-1ms target=Handler (com.android.internal.util.StateMachine$SmHandler) {42d87f78} arg1=2 }
D/StateMachine( 435): processMsg: SupplicantStartedState
D/WifiStateMachine( 435): SupplicantStartedState{ what=131073 when=-2ms target=Handler (com.android.internal.util.StateMachine$SmHandler) {42d87f78} arg1=2 }
D/StateMachine( 435): processMsg: SoftApStartedState
D/WifiStateMachine( 435): SoftApStartedState{ what=131073 when=-2ms target=Handler (com.android.internal.util.StateMachine$SmHandler) {42d87f78} arg1=2 }
D/StateMachine( 435): processMsg: DefaultState
D/WifiStateMachine( 435): DefaultState{ what=131073 when=-2ms target=Handler (com.android.internal.util.StateMachine$SmHandler) {42d87f78} arg1=2 }
D/StateMachine( 435): handleMessage: X
D/StateMachine( 435): handleMessage: E msg.what=131083
D/StateMachine( 435): processMsg: ConnectedState
D/WifiStateMachine( 435): ConnectedState{ what=131083 when=-3ms target=Handler (com.android.internal.util.StateMachine$SmHandler) {42d87f78} }
D/StateMachine( 435): processMsg: L2ConnectedState
D/WifiStateMachine( 435): L2ConnectedState{ what=131083 when=-3ms target=Handler (com.android.internal.util.StateMachine$SmHandler) {42d87f78} }
D/StateMachine( 435): processMsg: ConnectModeState
D/WifiStateMachine( 435): ConnectModeState{ what=131083 when=-3ms target=Handler (com.android.internal.util.StateMachine$SmHandler) {42d87f78} }
D/StateMachine( 435): processMsg: DriverStartedState
D/WifiStateMachine( 435): DriverStartedState{ what=131083 when=-4ms target=Handler (com.android.internal.util.StateMachine$SmHandler) {42d87f78} }
D/StateMachine( 435): processMsg: SupplicantStartedState
D/WifiStateMachine( 435): SupplicantStartedState{ what=131083 when=-4ms target=Handler (com.android.internal.util.StateMachine$SmHandler) {42d87f78} }
D/StateMachine( 435): processMsg: SoftApStartedState
D/WifiStateMachine( 435): SoftApStartedState{ what=131083 when=-4ms target=Handler (com.android.internal.util.StateMachine$SmHandler) {42d87f78} }
D/StateMachine( 435): processMsg: DefaultState
D/WifiStateMachine( 435): DefaultState{ what=131083 when=-4ms target=Handler (com.android.internal.util.StateMachine$SmHandler) {42d87f78} }
D/StateMachine( 435): handleMessage: X
D/StateMachine( 435): handleMessage: E msg.what=131144
D/StateMachine( 435): processMsg: ConnectedState
D/WifiStateMachine( 435): ConnectedState{ what=131144 when=-5ms target=Handler (com.android.internal.util.StateMachine$SmHandler) {42d87f78} arg1=1 }
D/StateMachine( 435): processMsg: L2ConnectedState
D/WifiStateMachine( 435): L2ConnectedState{ what=131144 when=-5ms target=Handler (com.android.internal.util.StateMachine$SmHandler) {42d87f78} arg1=1 }
D/StateMachine( 435): handleMessage: X
D/StateMachine( 435): handleMessage: E msg.what=131085
D/StateMachine( 435): processMsg: ConnectedState
D/WifiStateMachine( 435): ConnectedState{ what=131085 when=-5ms target=Handler (com.android.internal.util.StateMachine$SmHandler) {42d87f78} }
D/StateMachine( 435): processMsg: L2ConnectedState
D/WifiStateMachine( 435): L2ConnectedState{ what=131085 when=-6ms target=Handler (com.android.internal.util.StateMachine$SmHandler) {42d87f78} }
D/StateMachine( 435): processMsg: ConnectModeState
D/WifiStateMachine( 435): ConnectModeState{ what=131085 when=-6ms target=Handler (com.android.internal.util.StateMachine$SmHandler) {42d87f78} }
D/StateMachine( 435): processMsg: DriverStartedState
D/WifiStateMachine( 435): DriverStartedState{ what=131085 when=-7ms target=Handler (com.android.internal.util.StateMachine$SmHandler) {42d87f78} }
D/StateMachine( 435): handleMessage: X
D/StateMachine( 435): handleMessage: E msg.what=131149
D/StateMachine( 435): processMsg: ConnectedState
D/WifiStateMachine( 435): ConnectedState{ what=131149 when=-7ms target=Handler (com.android.internal.util.StateMachine$SmHandler) {42d87f78} }
D/StateMachine( 435): processMsg: L2ConnectedState
D/WifiStateMachine( 435): L2ConnectedState{ what=131149 when=-7ms target=Handler (com.android.internal.util.StateMachine$SmHandler) {42d87f78} }
D/StateMachine( 435): processMsg: ConnectModeState
D/WifiStateMachine( 435): ConnectModeState{ what=131149 when=-8ms target=Handler (com.android.internal.util.StateMachine$SmHandler) {42d87f78} }
D/StateMachine( 435): processMsg: DriverStartedState
D/WifiStateMachine( 435): DriverStartedState{ what=131149 when=-8ms target=Handler (com.android.internal.util.StateMachine$SmHandler) {42d87f78} }
D/StateMachine( 435): handleMessage: X
D/PowerManagerService( 435): releaseWakeLock(42cb9178): PARTIAL_WAKE_LOCK , tag=NlpWakeLock, flags=0x1
D/PowerManagerService( 435): acquireWakeLock(431dbd00): PARTIAL_WAKE_LOCK , tag=RILJ, flags=0x1, pid=768, uid=1001, mUserState=0x3
D/PowerManagerService( 435): releaseWakeLock(431dbd00): PARTIAL_WAKE_LOCK , tag=RILJ, flags=0x1
D/PowerManagerService( 435): acquireWakeLock(430fef40): PARTIAL_WAKE_LOCK , tag=NlpWakeLock, flags=0x1, pid=20446, uid=10019, mUserState=0x3
D/StateMachine( 435): handleMessage: E msg.what=131073
D/StateMachine( 435): processMsg: ConnectedState
D/WifiStateMachine( 435): ConnectedState{ what=131073 when=0 target=Handler (com.android.internal.util.StateMachine$SmHandler) {42d87f78} arg1=2 }
D/StateMachine( 435): processMsg: L2ConnectedState
D/WifiStateMachine( 435): L2ConnectedState{ what=131073 when=0 target=Handler (com.android.internal.util.StateMachine$SmHandler) {42d87f78} arg1=2 }
D/StateMachine( 435): processMsg: ConnectModeState
D/PowerManagerService( 435): releaseWakeLock(430fef40): PARTIAL_WAKE_LOCK , tag=NlpWakeLock, flags=0x1
D/WifiService( 435): releaseWifiLockLocked: WifiLock{NlpWifiLock type=2 binder=android.os.BinderProxy@4280df60}
D/WifiService( 435): updateWifiState(): wifiApEnabled: false, wifiApAirplaneMode: falsegetWifiEnabledState(): 3, getWifiApEnabledState: 11
D/WifiService( 435): updateWifiState(): mAirplaneModeOn.get(): false, mPersistWifiState.get(): 1
D/WifiService( 435): updateWifiState(): mEmergencyCallbackMode: false, mDeviceIdle: false, lockHeld: false, mStopWifiRequested:false
D/WifiService( 435): updateWifiState(): enable and start wifi
D/WifiStateMachine( 435): ConnectModeState{ what=131073 when=-1ms target=Handler (com.android.internal.util.StateMachine$SmHandler) {42d87f78} arg1=2 }
D/StateMachine( 435): processMsg: DriverStartedState
D/WifiStateMachine( 435): DriverStartedState{ what=131073 when=-1ms target=Handler (com.android.internal.util.StateMachine$SmHandler) {42d87f78} arg1=2 }
D/StateMachine( 435): processMsg: SupplicantStartedState
D/WifiStateMachine( 435): SupplicantStartedState{ what=131073 when=-1ms target=Handler (com.android.internal.util.StateMachine$SmHandler) {42d87f78} arg1=2 }
D/StateMachine( 435): processMsg: SoftApStartedState
D/WifiStateMachine( 435): SoftApStartedState{ what=131073 when=-2ms target=Handler (com.android.internal.util.StateMachine$SmHandler) {42d87f78} arg1=2 }
D/StateMachine( 435): processMsg: DefaultState
D/WifiStateMachine( 435): DefaultState{ what=131073 when=-2ms target=Handler (com.android.internal.util.StateMachine$SmHandler) {42d87f78} arg1=2 }
D/StateMachine( 435): handleMessage: X
D/StateMachine( 435): handleMessage: E msg.what=131083
D/StateMachine( 435): processMsg: ConnectedState
D/WifiStateMachine( 435): ConnectedState{ what=131083 when=-3ms target=Handler (com.android.internal.util.StateMachine$SmHandler) {42d87f78} }
D/StateMachine( 435): processMsg: L2ConnectedState
D/WifiStateMachine( 435): L2ConnectedState{ what=131083 when=-3ms target=Handler (com.android.internal.util.StateMachine$SmHandler) {42d87f78} }
D/StateMachine( 435): processMsg: ConnectModeState
D/WifiStateMachine( 435): ConnectModeState{ what=131083 when=-3ms target=Handler (com.android.internal.util.StateMachine$SmHandler) {42d87f78} }
D/StateMachine( 435): processMsg: DriverStartedState
D/WifiStateMachine( 435): DriverStartedState{ what=131083 when=-4ms target=Handler (com.android.internal.util.StateMachine$SmHandler) {42d87f78} }
D/StateMachine( 435): processMsg: SupplicantStartedState
D/WifiStateMachine( 435): SupplicantStartedState{ what=131083 when=-4ms target=Handler (com.android.internal.util.StateMachine$SmHandler) {42d87f78} }
D/StateMachine( 435): processMsg: SoftApStartedState
D/WifiStateMachine( 435): SoftApStartedState{ what=131083 when=-5ms target=Handler (com.android.internal.util.StateMachine$SmHandler) {42d87f78} }
D/StateMachine( 435): processMsg: DefaultState
D/WifiStateMachine( 435): DefaultState{ what=131083 when=-5ms target=Handler (com.android.internal.util.StateMachine$SmHandler) {42d87f78} }
D/StateMachine( 435): handleMessage: X
D/StateMachine( 435): handleMessage: E msg.what=131144
D/StateMachine( 435): processMsg: ConnectedState
D/WifiStateMachine( 435): ConnectedState{ what=131144 when=-5ms target=Handler (com.android.internal.util.StateMachine$SmHandler) {42d87f78} arg1=1 }
D/StateMachine( 435): processMsg: L2ConnectedState
D/WifiStateMachine( 435): L2ConnectedState{ what=131144 when=-5ms target=Handler (com.android.internal.util.StateMachine$SmHandler) {42d87f78} arg1=1 }
D/StateMachine( 435): handleMessage: X
D/StateMachine( 435): handleMessage: E msg.what=131085
D/StateMachine( 435): processMsg: ConnectedState
D/WifiStateMachine( 435): ConnectedState{ what=131085 when=-6ms target=Handler (com.android.internal.util.StateMachine$SmHandler) {42d87f78} }
D/StateMachine( 435): processMsg: L2ConnectedState
D/WifiStateMachine( 435): L2ConnectedState{ what=131085 when=-6ms target=Handler (com.android.internal.util.StateMachine$SmHandler) {42d87f78} }
D/StateMachine( 435): processMsg: ConnectModeState
D/WifiStateMachine( 435): ConnectModeState{ what=131085 when=-8ms target=Handler (com.android.internal.util.StateMachine$SmHandler) {42d87f78} }
D/StateMachine( 435): processMsg: DriverStartedState
D/WifiStateMachine( 435): DriverStartedState{ what=131085 when=-8ms target=Handler (com.android.internal.util.StateMachine$SmHandler) {42d87f78} }
D/StateMachine( 435): handleMessage: X
D/StateMachine( 435): handleMessage: E msg.what=131149
D/StateMachine( 435): processMsg: ConnectedState
D/WifiStateMachine( 435): ConnectedState{ what=131149 when=-8ms target=Handler (com.android.internal.util.StateMachine$SmHandler) {42d87f78} }
D/StateMachine( 435): processMsg: L2ConnectedState
D/WifiStateMachine( 435): L2ConnectedState{ what=131149 when=-9ms target=Handler (com.android.internal.util.StateMachine$SmHandler) {42d87f78} }
D/StateMachine( 435): processMsg: ConnectModeState
D/WifiStateMachine( 435): ConnectModeState{ what=131149 when=-9ms target=Handler (com.android.internal.util.StateMachine$SmHandler) {42d87f78} }
D/StateMachine( 435): processMsg: DriverStartedState
D/WifiStateMachine( 435): DriverStartedState{ what=131149 when=-9ms target=Handler (com.android.internal.util.StateMachine$SmHandler) {42d87f78} }
D/StateMachine( 435): handleMessage: X
D/PowerManagerService( 435): releaseWakeLock(4298d138): PARTIAL_WAKE_LOCK , tag=NlpWakeLock, flags=0x1
D/PowerManagerService( 435): acquireWakeLock(431550b8): PARTIAL_WAKE_LOCK , tag=NlpLocationReceiverService, flags=0x1, pid=20446, uid=10019, mUserState=0x3
D/PowerManagerService( 435): acquireWakeLock(430b2e80): PARTIAL_WAKE_LOCK , tag=dwh, flags=0x1, pid=20446, uid=10019, mUserState=0x3
D/PowerManagerService( 435): releaseWakeLock(430b2e80): PARTIAL_WAKE_LOCK , tag=dwh, flags=0x1
D/PowerManagerService( 435): releaseWakeLock(431550b8): PARTIAL_WAKE_LOCK , tag=NlpLocationReceiverService, flags=0x1
D/PowerManagerService( 435): acquireWakeLock(42dc8658): PARTIAL_WAKE_LOCK , tag=WakefulIntentService[GCoreUlr-LocationReceiverService], flags=0x1, pid=20446, uid=10019, mUserState=0x3
I/GCoreUlr(20446): Successfully inserted location
I/GCoreUlr(20446): Not calling LocationReportingService, hasMoved: false, elapsed millis: 2861839, request: Phone
D/PowerManagerService( 435): releaseWakeLock(42dc8658): PARTIAL_WAKE_LOCK , tag=WakefulIntentService[GCoreUlr-LocationReceiverService], flags=0x1
D/FDUI ( 8653): [ HTCStatusDetectorThread: 137 ] - getSocketMessage > 7890: read count = -1
W/HttpServer( 8838): Client closed connection: Client closed connection (#1110646352)
I/HttpServer( 8838): socket closed, port: 56154
D/FDUI ( 8653): [ HTCStatusDetectorThread: 142 ] - getSocketMessage > 7890: read error!
D/FDUI ( 8653): [ HTCStatusDetectorThread: 195 ] - sendMsgToUI > 7890: status = 5
D/FDUI ( 8653): [ HTCStatusDetectorThread: 221 ] - sendMsgToUI > 7890: no activity is actived, return false!
D/FDUI ( 8653): [ HTCStatusDetectorThread: 186 ] - getSocketMessage > 7890 getSocketMessage break
D/StateMachine( 435): handleMessage: E msg.what=131155
D/StateMachine( 435): processMsg: ConnectedState
D/WifiStateMachine( 435): ConnectedState{ what=131155 when=-3ms target=Handler (com.android.internal.util.StateMachine$SmHandler) {42d87f78} arg1=92 }
D/StateMachine( 435): processMsg: L2ConnectedState
D/WifiStateMachine( 435): L2ConnectedState{ what=131155 when=-3ms target=Handler (com.android.internal.util.StateMachine$SmHandler) {42d87f78} arg1=92 }
D/wpa_supplicant(10826): wpa_s 0x40afe6a8 cmd SIGNAL_POLL
D/wpa_supplicant(10826): RX ctrl_iface - hexdump(len=11): 53 49 47 4e 41 4c 5f 50 4f 4c 4c
D/wpa_supplicant(10826): ctrl_iface: SIGNAL_POLL
D/wpa_supplicant(10826): nl80211: survey data missing!
D/WifiStateMachine( 435): fetchRssiAndLinkSpeedNative RSSI = -39
D/StateMachine( 435): handleMessage: X
D/WakeLockManager( 957): acquireWakeLock(com.htc.launcher.AllAppsPagedView@423ea890) tag=RosieScroll_2
W/dalvikvm( 957): disableGcForExternalAlloc: true
W/dalvikvm( 435): disableGcForExternalAlloc: true
W/dalvikvm( 435): disableGcForExternalAlloc: false
D/PowerManagerService( 435): acquireWakeLock(432e6cb8): CPU_MIN_NUM , tag=RosieScroll_2, flags=0x400, pid=957, uid=9999, mUserState=0x3
W/dalvikvm( 435): disableGcForExternalAlloc: true
W/dalvikvm( 435): disableGcForExternalAlloc: false
D/PowerManagerService( 435): acquireWakeLock(43152bb8): CPU_MIN_FREQ , tag=RosieScroll_2, flags=0x100, pid=957, uid=9999, mUserState=0x3
D/WakeLockManager( 957): releaseWakeLock(com.htc.launcher.AllAppsPagedView@423ea890) tag=RosieScroll_2
W/dalvikvm( 957): disableGcForExternalAlloc: false
D/PowerManagerService( 435): releaseWakeLock(432e6cb8): CPU_MIN_NUM , tag=RosieScroll_2, flags=0x400
D/PowerManagerService( 435): releaseWakeLock(43152bb8): CPU_MIN_FREQ , tag=RosieScroll_2, flags=0x100
W/CpuWake ( 435): >>nativeAcquireCpuPerfWakeLock()
W/CpuWake ( 435): <>nativeReleaseCpuPerfWakeLock()
W/CpuWake ( 435): < StatusThread=7890 Get new connection!
D/FDUI ( 8653): [ HTCStatusDetectorThread: 137 ] - getSocketMessage > 7890: read count = 9
D/FDUI ( 8653): [ HTCStatusDetectorThread: 154 ] - getSocketMessage > 7890 get socket msg: AT+CGSN
D/FDUI ( 8653): [ HTCUICommon: 902 ] - getIMEI > get imei
D/FDUI ( 8653): [ HTCStatusDetectorThread: 195 ] - sendMsgToUI > 7890: status = 1
D/FDUI ( 8653): [ HTCStatusDetectorThread: 221 ] - sendMsgToUI > 7890: no activity is actived, return false!
D/StateMachine( 435): handleMessage: E msg.what=131155
D/StateMachine( 435): processMsg: ConnectedState
D/WifiStateMachine( 435): ConnectedState{ what=131155 when=-3ms target=Handler (com.android.internal.util.StateMachine$SmHandler) {42d87f78} arg1=92 }
D/StateMachine( 435): processMsg: L2ConnectedState
D/WifiStateMachine( 435): L2ConnectedState{ what=131155 when=-4ms target=Handler (com.android.internal.util.StateMachine$SmHandler) {42d87f78} arg1=92 }
D/wpa_supplicant(10826): wpa_s 0x40afe6a8 cmd SIGNAL_POLL
D/wpa_supplicant(10826): RX ctrl_iface - hexdump(len=11): 53 49 47 4e 41 4c 5f 50 4f 4c 4c
D/wpa_supplicant(10826): ctrl_iface: SIGNAL_POLL
D/wpa_supplicant(10826): nl80211: survey data missing!
D/WifiStateMachine( 435): fetchRssiAndLinkSpeedNative RSSI = -27
D/StateMachine( 435): handleMessage: X
I/BatteryService( 435): read native_update done
D/BatteryService( 435): updateBatteryStats: update triggered by UEvent.
D/PowerManagerService( 435): acquireWakeLock(432db1b8): PARTIAL_WAKE_LOCK , tag=BatteryServiceUpdateStats, flags=0x1, pid=435, uid=1000, mUserState=0x3
D/HtcPowerSaver( 435): Received battery changed intent.
D/HtcPowerSaver( 435): Checking...
I/HtcPowerSaver( 435): >> updateStatus
I/HtcPowerSaver( 435): currentStatus=8002, currentLevel=100, enableLevel=-1, enable=true, mAutoModeOn=false, popDialog=false, statusChangeTo=-1
I/HtcPowerSaver( 435): << updateStatus
D/UsbnetService( 435): BroadcastReceiver::onReceive+
D/UsbnetService( 435): onReceive BATTERY_CHANGED
D/UsbnetService( 435): --> pluggedType = 2, mPluggedType = 0, mScreenOff = false
D/UsbnetService( 435): BroadcastReceiver::onReceive-
D/PowerManagerService( 435): runHtcPowerSaverCheck ======================================
D/NotificationService( 435): mIntentReceiver() Intent.ACTION_BATTERY_CHANGED
D/PowerUI ( 582): closing low battery warning: level=100
V/UsbConnectedHelper( 8838): Receiced android.intent.action.BATTERY_CHANGED
V/UsbConnectedHelper( 8838): Receiced android.intent.action.BATTERY_CHANGED (plugged:2)
D/UsbConnectedHelper( 8838): updateBattery level:100 status:5 health:2 present:true voltage:4211 temperature:370 technology:Li-ion icon:17302799 scale:100
V/UsbConnectedHelper( 8838): BATTERY_PLUGGED_USB
V/UsbConnectedHelper( 8838): Receiced android.intent.action.BATTERY_CHANGED (plugged:2 connected:true charging:true)
D/PowerUI ( 582): plugged = true, health = 2, mBatteryLevel = 100, mPluggedBatteryLevel = 77, mLowBatteryWarningLevel2 = 25, mshowLowChargingWarning2 = true
D/WifiService( 435): ACTION_BATTERY_CHANGED pluggedType: 2
D/PowerManagerService( 435): releaseWakeLock(432db1b8): PARTIAL_WAKE_LOCK , tag=BatteryServiceUpdateStats, flags=0x1
V/PowerSaverNotificationReceiver( 8524): onReceive(): ------ action = com.htc.intent.action.BATTERY_CHANGE_NOTIFICATION
D/PowerSaverNotificationReceiver( 8524): isCustomizationCompleted = 1
D/PowerSaverNotificationReceiver( 8524): isShowPowerSaverUi, hide value = -1
D/PowerSaverNotificationReceiver( 8524): getPowersaverMode() DBKEY_POWER_SAVING_PROFILE_MANUAL = 1
V/PowerSaverNotificationReceiver( 8524): onReceive(): ------ action = com.htc.intent.action.BATTERY_CHANGE_NOTIFICATION ------ end
D/StateMachine( 435): handleMessage: E msg.what=131155
D/StateMachine( 435): processMsg: ConnectedState
D/WifiStateMachine( 435): ConnectedState{ what=131155 when=-3ms target=Handler (com.android.internal.util.StateMachine$SmHandler) {42d87f78} arg1=92 }
D/StateMachine( 435): processMsg: L2ConnectedState
D/WifiStateMachine( 435): L2ConnectedState{ what=131155 when=-3ms target=Handler (com.android.internal.util.StateMachine$SmHandler) {42d87f78} arg1=92 }
D/wpa_supplicant(10826): wpa_s 0x40afe6a8 cmd SIGNAL_POLL
D/wpa_supplicant(10826): RX ctrl_iface - hexdump(len=11): 53 49 47 4e 41 4c 5f 50 4f 4c 4c
D/wpa_supplicant(10826): ctrl_iface: SIGNAL_POLL
D/wpa_supplicant(10826): nl80211: survey data missing!
D/WifiStateMachine( 435): fetchRssiAndLinkSpeedNative RSSI = -28
D/StateMachine( 435): handleMessage: X
D/WifiStateMachine( 435): get mPhoneStateListener
D/TELEPHONY_CALLBACK( 582): @onSignalStrengthChanged: SignalStrength: 11 -1 -1 -1 -1 -1 -1 -1 0 0 0 -1 gsm|lte
D/StatusBar.NetworkController( 582): dumpState[hasService=true ServiceState=0 home 中華電信 (N/A) 46692 UMTS CSS not supported -1 -1 RoamInd=-1 DefRoamInd=-1EriInd= -1EriMode= -1RadioPowerSv: false EmergOnly=false PhoneType: 1 IsCdma=false SimState=UNKNOWN GprsState=0 DataState=Disconnected DataActivity=IN_OUT NetworkType=UMTS HtcModemLinkOn=false HspaDataDistinquishable=true]
D/SIGNAL_ICON( 582): updateTelephonySignalStrength
D/SIGNAL_ICON( 582): fakeui srv=0 mTimerEnabled=false asu=11
D/SIGNAL_ICON( 582): asu=11
D/SIGNAL_ICON( 582): SUPPORT_5_LEVEL_SIGNAL
D/SIGNAL_ICON( 582): mapTelephonySignalStrength
D/SIGNAL_ICON( 582): maxLevel=5 asu=11 networkType=UMTS
D/SIGNAL_ICON( 582): return iconLevel=3
D/SIGNAL_ICON( 582): refreshViews: mPhoneSignalIconId -> stat_sys_5signal_3
D/StatusBar.NetworkController( 582): dumpIconState[dataVisible=false dataIconId=stat_sys_data_inandout_h signalIconId=stat_sys_5signal_3 wifiVisible=true wifiIconId=stat_sys_wifi_signal_4 airplaneMode=false]
D/StateMachine( 435): handleMessage: E msg.what=131155
D/StateMachine( 435): processMsg: ConnectedState
D/WifiStateMachine( 435): ConnectedState{ what=131155 when=-4ms target=Handler (com.android.internal.util.StateMachine$SmHandler) {42d87f78} arg1=92 }
D/StateMachine( 435): processMsg: L2ConnectedState
D/WifiStateMachine( 435): L2ConnectedState{ what=131155 when=-4ms target=Handler (com.android.internal.util.StateMachine$SmHandler) {42d87f78} arg1=92 }
D/wpa_supplicant(10826): wpa_s 0x40afe6a8 cmd SIGNAL_POLL
D/wpa_supplicant(10826): RX ctrl_iface - hexdump(len=11): 53 49 47 4e 41 4c 5f 50 4f 4c 4c
D/wpa_supplicant(10826): ctrl_iface: SIGNAL_POLL
D/wpa_supplicant(10826): nl80211: survey data missing!
D/WifiStateMachine( 435): fetchRssiAndLinkSpeedNative RSSI = -28
D/StateMachine( 435): handleMessage: X
D/StateMachine( 435): handleMessage: E msg.what=131155
D/StateMachine( 435): processMsg: ConnectedState
D/WifiStateMachine( 435): ConnectedState{ what=131155 when=-3ms target=Handler (com.android.internal.util.StateMachine$SmHandler) {42d87f78} arg1=92 }
D/StateMachine( 435): processMsg: L2ConnectedState
D/WifiStateMachine( 435): L2ConnectedState{ what=131155 when=-4ms target=Handler (com.android.internal.util.StateMachine$SmHandler) {42d87f78} arg1=92 }
D/wpa_supplicant(10826): wpa_s 0x40afe6a8 cmd SIGNAL_POLL
D/wpa_supplicant(10826): RX ctrl_iface - hexdump(len=11): 53 49 47 4e 41 4c 5f 50 4f 4c 4c
D/wpa_supplicant(10826): ctrl_iface: SIGNAL_POLL
D/wpa_supplicant(10826): nl80211: survey data missing!
D/WifiStateMachine( 435): fetchRssiAndLinkSpeedNative RSSI = -33
D/StateMachine( 435): handleMessage: X
V/ServerController( 8838): Server is temporary inactive for 20 sec.
D/PowerManagerService( 435): acquireWakeLock(43b32b98): PARTIAL_WAKE_LOCK , tag=ActivityManager-Launch, flags=0x1, pid=435, uid=1000, mUserState=0x3
I/WindowState( 435): WIN DEATH: Window{42a39a00 com.hyperrate.gcin/com.hyperrate.gcin.GcinTools paused=true}
I/ActivityManager( 435): Recipient 8914
I/ActivityManager( 435): Process com.hyperrate.gcin (pid 8914) has died.
D/WirelessDisplayService( 435): getMirrorDisplayStatus:falsecurState:1
W/ActivityManager( 435): handleTopAppChanged(): The previous AP is died unexpectedly.
I/Rosie.AllAppsCarouselF_( 957): onResume
D/CAT ( 768): CatService: Return current sInstance
V/InputMethodManagerService( 435): unbindCurrentInputLocked: client = android.os.BinderProxy@4344fd88
W/InputMethodManagerService( 435): Got RemoteException sending setActive(false) notification to pid 8914 uid 10219
V/InputMethodManagerService( 435): switching to client: client = android.os.BinderProxy@42fe94d0
I/InputMethodManagerService( 435): Enable input method client.
D/StateMachine( 435): handleMessage: E msg.what=131155
D/StateMachine( 435): processMsg: ConnectedState
D/WifiStateMachine( 435): ConnectedState{ what=131155 when=-1ms target=Handler (com.android.internal.util.StateMachine$SmHandler) {42d87f78} arg1=92 }
D/StateMachine( 435): processMsg: L2ConnectedState
D/WifiStateMachine( 435): L2ConnectedState{ what=131155 when=-2ms target=Handler (com.android.internal.util.StateMachine$SmHandler) {42d87f78} arg1=92 }
