D/PowerManagerService( 435): acquireWakeLock(42db5eb0): PARTIAL_WAKE_LOCK , tag=jp.naver.line.android, flags=0x1, pid=11226, uid=10186, mUserState=0x3
D/PowerManagerService( 435): releaseWakeLock(42db5eb0): PARTIAL_WAKE_LOCK , tag=jp.naver.line.android, flags=0x1
D/WifiStateMachine( 435): fetchRssiAndLinkSpeedNative send RSSIChange intent, SameSignalLevelCount =2
D/WIFI_ICON( 582): updateWifiState: action=android.net.wifi.RSSI_CHANGED newRssi=-28 freq=2462 newLevel=3 lastWifiLevel=3
D/StatusBar.NetworkController( 582): dumpIconState[dataVisible=false dataIconId=stat_sys_data_inandout_h signalIconId=stat_sys_5signal_4 wifiVisible=true wifiIconId=stat_sys_wifi_signal_4 airplaneMode=false]
D/PowerManagerService( 435): acquireWakeLock(43101be8): CPU_MIN_NUM , tag=RosieScroll_2, flags=0x400, pid=957, uid=9999, mUserState=0x3
D/PowerManagerService( 435): acquireWakeLock(430f5eb0): CPU_MIN_FREQ , tag=RosieScroll_2, flags=0x100, pid=957, uid=9999, mUserState=0x3
D/PowerManagerService( 435): releaseWakeLock(43101be8): CPU_MIN_NUM , tag=RosieScroll_2, flags=0x400
D/PowerManagerService( 435): releaseWakeLock(430f5eb0): CPU_MIN_FREQ , tag=RosieScroll_2, flags=0x100
W/CpuWake ( 435): >>nativeAcquireCpuPerfWakeLock()
W/CpuWake ( 435): <>nativeReleaseCpuPerfWakeLock()
W/CpuWake ( 435): <>nativeAcquireCpuPerfWakeLock()
W/CpuWake ( 435): <>nativeReleaseCpuPerfWakeLock()
W/CpuWake ( 435): <>nativeAcquireCpuPerfWakeLock()
W/CpuWake ( 435): <>nativeReleaseCpuPerfWakeLock()
W/CpuWake ( 435): < stat_sys_5signal_3
D/StatusBar.NetworkController( 582): dumpIconState[dataVisible=false dataIconId=stat_sys_data_inandout_h signalIconId=stat_sys_5signal_3 wifiVisible=true wifiIconId=stat_sys_wifi_signal_4 airplaneMode=false]
D/PowerManagerService( 435): acquireWakeLock(4309e650): CPU_MIN_FREQ , tag=WindowManager-ScreenRotation-Freq, flags=0x100, pid=435, uid=1000, mUserState=0x3
D/PowerManagerService( 435): acquireWakeLock(4300d268): CPU_MIN_NUM , tag=WindowManager-ScreenRotation-Num, flags=0x400, pid=435, uid=1000, mUserState=0x3
D/PowerManagerService( 435): acquireWakeLock(42fd7b18): PARTIAL_WAKE_LOCK , tag=SCREEN_FROZEN, flags=0x1, pid=435, uid=1000, mUserState=0x3
D/PowerManagerService( 435): button light setOrientation:0
I/ActivityManager( 435): Config changed: {1.0 466mcc92mnc zh_TW sw360dp w360dp h615dp nrml long port finger -keyb/v/h -nav/h s.43 skin=default fontsize=3}
I/ActivityManager( 435): Recipient 18598
I/ActivityManager( 435): Process com.htc.android.mail:sync (pid 18598) has died.
V/LightsService( 435): setLight #8: color=#c8c800
V/NotificationService( 435): Battery Full, Charging
V/LightsService( 435): setLight #8: color=#c800
D/CarrierLabel( 582): CarrierLabel mIntentReceiver : android.intent.action.CONFIGURATION_CHANGED
D/CarrierLabel( 582): updateResources()
W/CarrierLabel( 582): updateNetworkNameExt: mSimState = UNKNOWN
D/CarrierLabel( 582): updateNetworkName showSpn=false spn= showPlmn=true plmn=中華電信
W/PhoneStatusBar/NavigationBarView( 582): *** Invalid layout in navigation bar (sizeChanged this=720x0 cur=0x720)
D/PhoneStatusBar( 582): addNotification score=0
D/PowerManagerService( 435): releaseWakeLock(42fd7b18): PARTIAL_WAKE_LOCK , tag=SCREEN_FROZEN, flags=0x1
D/PowerManagerService( 435): releaseWakeLock(4309e650): CPU_MIN_FREQ , tag=WindowManager-ScreenRotation-Freq, flags=0x100
D/PowerManagerService( 435): releaseWakeLock(4300d268): CPU_MIN_NUM , tag=WindowManager-ScreenRotation-Num, flags=0x400
D/PowerManagerService( 435): acquireWakeLock(4343ac60): PARTIAL_WAKE_LOCK , tag=AlarmManager, flags=0x1, pid=435, uid=1000, mUserState=0x3
V/AlarmManager( 435): sending alarm PendingIntent{425c6838: PendingIntentRecord{432c2290 com.google.android.gms broadcastIntent}}, intent=com.google.android.gms.nlp.ALARM_WAKEUP_LOCATOR, type=ELAPSED_REALTIME_WAKEUP, count=1, when=308847446, repeateInterval=0
D/PowerManagerService( 435): acquireWakeLock(433efc48): PARTIAL_WAKE_LOCK , tag=NlpWakeLock, flags=0x1, pid=20446, uid=10019, mUserState=0x3
D/PowerManagerService( 435): acquireWakeLock(433a7d90): PARTIAL_WAKE_LOCK , tag=NlpWakeLock, flags=0x1, pid=20446, uid=10019, mUserState=0x3
D/WifiService( 435): acquireWifiLockLocked: WifiLock{NlpWifiLock type=2 binder=android.os.BinderProxy@4332c328}
D/WifiService( 435): updateWifiState(): wifiApEnabled: false, wifiApAirplaneMode: falsegetWifiEnabledState(): 3, getWifiApEnabledState: 11
D/WifiService( 435): updateWifiState(): mAirplaneModeOn.get(): false, mPersistWifiState.get(): 1
D/WifiService( 435): updateWifiState(): mEmergencyCallbackMode: false, mDeviceIdle: false, lockHeld: true, mStopWifiRequested:false
D/WifiService( 435): updateWifiState(): enable and start wifi
D/PowerManagerService( 435): releaseWakeLock(433efc48): PARTIAL_WAKE_LOCK , tag=NlpWakeLock, flags=0x1
D/PowerManagerService( 435): releaseWakeLock(4343ac60): PARTIAL_WAKE_LOCK , tag=AlarmManager, flags=0x1
D/PowerManagerService( 435): acquireWakeLock(4314a9b0): PARTIAL_WAKE_LOCK , tag=RILJ, flags=0x1, pid=768, uid=1001, mUserState=0x3
D/PowerManagerService( 435): releaseWakeLock(4314a9b0): PARTIAL_WAKE_LOCK , tag=RILJ, flags=0x1
D/PowerManagerService( 435): acquireWakeLock(43b40e50): PARTIAL_WAKE_LOCK , tag=ActivityManager-Launch, flags=0x1, pid=435, uid=1000, mUserState=0x3
V/InputMethodManagerService( 435): unbindCurrentInputLocked: client = android.os.BinderProxy@42f6b630
I/InputMethodManagerService( 435): Disable input method client.
V/InputMethodManagerService( 435): switching to client: client = android.os.BinderProxy@42c1f988
I/InputMethodManagerService( 435): Enable input method client.
D/PowerManagerService( 435): releaseWakeLock(43b40e50): PARTIAL_WAKE_LOCK , tag=ActivityManager-Launch, flags=0x1
D/PowerManagerService( 435): acquireWakeLock(431d3458): PARTIAL_WAKE_LOCK , tag=NlpWakeLock, flags=0x1, pid=20446, uid=10019, mUserState=0x3
D/PowerManagerService( 435): releaseWakeLock(431d3458): PARTIAL_WAKE_LOCK , tag=NlpWakeLock, flags=0x1
D/WifiService( 435): releaseWifiLockLocked: WifiLock{NlpWifiLock type=2 binder=android.os.BinderProxy@4332c328}
D/WifiService( 435): updateWifiState(): wifiApEnabled: false, wifiApAirplaneMode: falsegetWifiEnabledState(): 3, getWifiApEnabledState: 11
D/WifiService( 435): updateWifiState(): mAirplaneModeOn.get(): false, mPersistWifiState.get(): 1
D/WifiService( 435): updateWifiState(): mEmergencyCallbackMode: false, mDeviceIdle: false, lockHeld: false, mStopWifiRequested:false
D/WifiService( 435): updateWifiState(): enable and start wifi
D/PowerManagerService( 435): acquireWakeLock(43162b80): PARTIAL_WAKE_LOCK , tag=NlpLocationReceiverService, flags=0x1, pid=20446, uid=10019, mUserState=0x3
D/PowerManagerService( 435): releaseWakeLock(433a7d90): PARTIAL_WAKE_LOCK , tag=NlpWakeLock, flags=0x1
D/PowerManagerService( 435): acquireWakeLock(4289fe70): PARTIAL_WAKE_LOCK , tag=NlpWakeLock, flags=0x1, pid=20446, uid=10019, mUserState=0x3
D/PowerManagerService( 435): acquireWakeLock(425855f8): PARTIAL_WAKE_LOCK , tag=dwh, flags=0x1, pid=20446, uid=10019, mUserState=0x3
D/PowerManagerService( 435): releaseWakeLock(425855f8): PARTIAL_WAKE_LOCK , tag=dwh, flags=0x1
D/PowerManagerService( 435): releaseWakeLock(4289fe70): PARTIAL_WAKE_LOCK , tag=NlpWakeLock, flags=0x1
D/PowerManagerService( 435): releaseWakeLock(43162b80): PARTIAL_WAKE_LOCK , tag=NlpLocationReceiverService, flags=0x1
D/PowerManagerService( 435): acquireWakeLock(4308ee48): PARTIAL_WAKE_LOCK , tag=WakefulIntentService[GCoreUlr-LocationReceiverService], flags=0x1, pid=20446, uid=10019, mUserState=0x3
D/PowerManagerService( 435): acquireWakeLock(4307deb0): PARTIAL_WAKE_LOCK , tag=NlpLocationReceiverService, flags=0x1, pid=20446, uid=10019, mUserState=0x3
D/PowerManagerService( 435): releaseWakeLock(4307deb0): PARTIAL_WAKE_LOCK , tag=NlpLocationReceiverService, flags=0x1
D/PowerManagerService( 435): releaseWakeLock(4308ee48): PARTIAL_WAKE_LOCK , tag=WakefulIntentService[GCoreUlr-LocationReceiverService], flags=0x1
D/PowerManagerService( 435): acquireWakeLock(430386a8): PARTIAL_WAKE_LOCK , tag=ActivityManager-Launch, flags=0x1, pid=435, uid=1000, mUserState=0x3
V/LocationManagerService( 435): SettingsObserver(update): updateProvidersLocked
V/LocationManagerService( 435): HTC_CAR_GPS_Support: updateProvidersLocked begin
V/LocationManagerService( 435): HTC_CAR_GPS_Support: updateProvidersLocked end
D/PowerManagerService( 435): releaseWakeLock(430386a8): PARTIAL_WAKE_LOCK , tag=ActivityManager-Launch, flags=0x1
W/ProcessStats( 435): Skipping unknown process pid 7904
W/ProcessStats( 435): Skipping unknown process pid 7906
W/ProcessStats( 435): Skipping unknown process pid 7907
D/PowerManagerService( 435): acquireWakeLock(42d18df8): PARTIAL_WAKE_LOCK , tag=ActivityManager-Launch, flags=0x1, pid=435, uid=1000, mUserState=0x3
V/InputMethodManagerService( 435): unbindCurrentInputLocked: client = android.os.BinderProxy@42c1f988
I/InputMethodManagerService( 435): Disable input method client.
V/InputMethodManagerService( 435): switching to client: client = android.os.BinderProxy@42fe94d0
I/InputMethodManagerService( 435): Enable input method client.
D/PowerManagerService( 435): releaseWakeLock(42d18df8): PARTIAL_WAKE_LOCK , tag=ActivityManager-Launch, flags=0x1
D/PowerManagerService( 435): acquireWakeLock(43ae77b8): CPU_MIN_NUM , tag=RosieScroll_2, flags=0x400, pid=957, uid=9999, mUserState=0x3
D/PowerManagerService( 435): acquireWakeLock(438e28c8): CPU_MIN_FREQ , tag=RosieScroll_2, flags=0x100, pid=957, uid=9999, mUserState=0x3
D/PowerManagerService( 435): releaseWakeLock(43ae77b8): CPU_MIN_NUM , tag=RosieScroll_2, flags=0x400
D/PowerManagerService( 435): releaseWakeLock(438e28c8): CPU_MIN_FREQ , tag=RosieScroll_2, flags=0x100
D/PowerManagerService( 435): acquireWakeLock(435f4908): CPU_MIN_NUM , tag=RosieScroll_2, flags=0x400, pid=957, uid=9999, mUserState=0x3
D/PowerManagerService( 435): acquireWakeLock(435693f0): CPU_MIN_FREQ , tag=RosieScroll_2, flags=0x100, pid=957, uid=9999, mUserState=0x3
D/PowerManagerService( 435): releaseWakeLock(435f4908): CPU_MIN_NUM , tag=RosieScroll_2, flags=0x400
D/PowerManagerService( 435): releaseWakeLock(435693f0): CPU_MIN_FREQ , tag=RosieScroll_2, flags=0x100
W/CpuWake ( 435): >>nativeAcquireCpuPerfWakeLock()
W/CpuWake ( 435): <>nativeAcquireCpuPerfWakeLock()
W/CpuWake ( 435): <>nativeReleaseCpuPerfWakeLock()
W/CpuWake ( 435): <>nativeReleaseCpuPerfWakeLock()
W/CpuWake ( 435): <driver->scan2 = 0x4015e6f5
I/wpa_supplicant(10826): Scan requested (ret=0) - scan timeout 30 seconds
I/wpa_supplicant(10826): bgscan successful, set back to long interval:60
D/wpa_supplicant(10826): nl80211: Event message available
D/wpa_supplicant(10826): nl80211: Scan trigger
D/wpa_supplicant(10826): nl80211: Event message available
I/wpa_supplicant(10826): nl80211: New scan results available
D/wpa_supplicant(10826): wlan0: Event SCAN_RESULTS (3) received
W/wpa_supplicant(10826): wlan0: [HTC] wpa_supplicant_event():2718- Got an original EVENT_SCAN_RESULTS
D/wpa_supplicant(10826): CTRL_IFACE monitor send - hexdump(len=41): 2f 64 61 74 61 2f 6d 69 73 63 2f 77 69 66 69 2f 73 6f 63 6b 65 74 73 2f 77 70 61 5f 63 74 72 6c ...
I/wpa_supplicant(10826): Got an original EVENT_SCAN_RESULTS
D/wpa_supplicant(10826): nl80211: Associated on 2462 MHz
D/wpa_supplicant(10826): nl80211: Associated with 00:0d:0b:1a:e8:9c
D/wpa_supplicant(10826): nl80211: Received scan results (1 BSSes)
D/wpa_supplicant(10826): nl80211: Survey data missing
D/wpa_supplicant(10826): nl80211: Scan results indicate BSS status with 00:0d:0b:1a:e8:9c as associated
I/wpa_supplicant(10826): [120903] 00:0d:0b:1a:e8:9c freq=2462 qual=0 noise=-93 level=-30 snr=63* flags=0x29
D/wpa_supplicant(10826): wlan0: BSS: Start scan result update 310
D/wpa_supplicant(10826): wlan0: New scan results available
D/wpa_supplicant(10826): CTRL_IFACE monitor send - hexdump(len=41): 2f 64 61 74 61 2f 6d 69 73 63 2f 77 69 66 69 2f 73 6f 63 6b 65 74 73 2f 77 70 61 5f 63 74 72 6c ...
D/wpa_supplicant(10826): bgscan learn: scan result notification
D/wpa_supplicant(10826): bgscan learn: 1 matching BSSes in scan results
D/wpa_supplicant(10826): wlan0: Selecting BSS from priority group 87
D/wpa_supplicant(10826): wlan0: 0: 00:0d:0b:1a:e8:9c ssid='120903' wpa_ie_len=0 rsn_ie_len=20 caps=0x411 level=-30
D/wpa_supplicant(10826): wlan0: selected based on RSN IE
W/wpa_supplicant(10826): [EAP-MSG] EAP wpa_supplicant_check_sim@637: eap_methods not available
I/wpa_supplicant(10826): wlan0: selected BSS 00:0d:0b:1a:e8:9c ssid='120903'
D/wpa_supplicant(10826): CTRL_IFACE monitor send - hexdump(len=41): 2f 64 61 74 61 2f 6d 69 73 63 2f 77 69 66 69 2f 73 6f 63 6b 65 74 73 2f 77 70 61 5f 63 74 72 6c ...
I/wpa_supplicant(10826): Check WiFi offload status: wpa_s->vh_wifi_to_mobile:0 ,wpa_s->vh_user_connect:0
D/wpa_supplicant(10826): wlan0: Skip roam - [WFD] Restrict all scan for WFD CT3
D/StateMachine( 435): handleMessage: E msg.what=147461
D/StateMachine( 435): processMsg: ConnectedState
D/WifiStateMachine( 435): ConnectedState{ what=147461 when=0 target=Handler (com.android.internal.util.StateMachine$SmHandler) {42d87f78} }
D/Tethering( 435): [isWifi] getHotspotEnabled: false
D/StateMachine( 435): processMsg: L2ConnectedState
D/WifiStateMachine( 435): L2ConnectedState{ what=147461 when=-1ms target=Handler (com.android.internal.util.StateMachine$SmHandler) {42d87f78} }
D/StateMachine( 435): processMsg: ConnectModeState
D/WifiStateMachine( 435): ConnectModeState{ what=147461 when=-1ms target=Handler (com.android.internal.util.StateMachine$SmHandler) {42d87f78} }
D/wpa_supplicant(10826): wlan0: Checking for other virtual interfaces sharing same radio (phy17) in event_scan_results
D/wpa_supplicant(10826): p2p0: Updating scan results from sibling
D/wpa_supplicant(10826): Not Updating scan results on interface p2p0 from sibling wlan0
D/wpa_supplicant(10826): RTM_NEWLINK: operstate=1 ifi_flags=0x11043 ([UP][RUNNING][LOWER_UP])
D/wpa_supplicant(10826): RTM_NEWLINK, IFLA_IFNAME: Interface 'wlan0' added
D/wpa_supplicant(10826): nl80211: if_removed already cleared - ignore event
D/wpa_supplicant(10826): wpa_s 0x40afe6a8 cmd AP_SCAN 1
D/wpa_supplicant(10826): RX ctrl_iface - hexdump(len=9): 41 50 5f 53 43 41 4e 20 31
D/wpa_supplicant(10826): ctrl_iface: AP_SCAN 1
D/StateMachine( 435): processMsg: DriverStartedState
D/WifiStateMachine( 435): DriverStartedState{ what=147461 when=-28ms target=Handler (com.android.internal.util.StateMachine$SmHandler) {42d87f78} }
D/StateMachine( 435): processMsg: SupplicantStartedState
D/WifiStateMachine( 435): SupplicantStartedState{ what=147461 when=-28ms target=Handler (com.android.internal.util.StateMachine$SmHandler) {42d87f78} }
D/wpa_supplicant(10826): wpa_s 0x40afe6a8 cmd SCAN_RESULTS
D/wpa_supplicant(10826): RX ctrl_iface - hexdump(len=12): 53 43 41 4e 5f 52 45 53 55 4c 54 53
D/wpa_supplicant(10826): ctrl_iface: SCAN_RESULTS
D/wpa_supplicant(10826): wpa_s 0x40afe6a8 cmd LIST_DONGLES
D/wpa_supplicant(10826): RX ctrl_iface - hexdump(len=12): 4c 49 53 54 5f 44 4f 4e 47 4c 45 53
D/wpa_supplicant(10826): ctrl_iface: LIST_DONGLES
D/StateMachine( 435): handleMessage: X
D/WirelessDisplayService( 435): Receive Wifi scan results available intent.
D/WirelessDisplayService( 435): HANDLE_WIFI_SCAN_RESULT_AVAILABLE, dongle scan = 0
D/WirelessDisplayService( 435): constructDongleInfoFromWifi() dongleScan = false
D/WirelessDisplayService( 435): wfdservice: true, finger gesture: true, don't sendBroadcast
D/WirelessDisplayService( 435): getDiscoveryDongleList
V/PhoneStatusBar( 582): setLightsOn(true)
E/ ( 8120): file /data/data/com.nvidia.NvCPLSvc/files/driverlist.txt: not found!
I/ ( 8120): Attempting to load EGL implementation /system/lib//egl/libEGL_tegra_impl
I/ ( 8120): Loaded EGL implementation /system/lib//egl/libEGL_tegra_impl
I/ ( 8120): Loading GLESv2 implementation /system/lib//egl/libGLESv2_tegra_impl
V/InputMethodManagerService( 435): unbindCurrentInputLocked: client = android.os.BinderProxy@42f6b630
W/InputMethodManagerService( 435): Got RemoteException sending setActive(false) notification to pid 7750 uid 10219
V/InputMethodManagerService( 435): switching to client: client = android.os.BinderProxy@42d055c8
I/InputMethodManagerService( 435): Enable input method client.
D/StateMachine( 435): handleMessage: E msg.what=131218
D/StateMachine( 435): processMsg: ConnectedState
D/WifiStateMachine( 435): ConnectedState{ what=131218 when=-1ms target=Handler (com.android.internal.util.StateMachine$SmHandler) {42d87f78} }
D/StateMachine( 435): processMsg: L2ConnectedState
D/WifiStateMachine( 435): L2ConnectedState{ what=131218 when=-1ms target=Handler (com.android.internal.util.StateMachine$SmHandler) {42d87f78} }
D/StateMachine( 435): processMsg: ConnectModeState
D/WifiStateMachine( 435): ConnectModeState{ what=131218 when=-1ms target=Handler (com.android.internal.util.StateMachine$SmHandler) {42d87f78} }
D/StateMachine( 435): processMsg: DriverStartedState
D/WifiStateMachine( 435): DriverStartedState{ what=131218 when=-2ms target=Handler (com.android.internal.util.StateMachine$SmHandler) {42d87f78} }
D/wpa_supplicant(10826): wpa_s 0x40afe6a8 cmd SIGNAL_POLL
D/wpa_supplicant(10826): RX ctrl_iface - hexdump(len=11): 53 49 47 4e 41 4c 5f 50 4f 4c 4c
D/wpa_supplicant(10826): ctrl_iface: SIGNAL_POLL
D/wpa_supplicant(10826): nl80211: survey data missing!
D/StateMachine( 435): handleMessage: X
I/ActivityManager( 435): Displayed com.hyperrate.gcin/.GcinTools: +837ms
D/StateMachine( 435): handleMessage: E msg.what=131155
D/StateMachine( 435): processMsg: ConnectedState
D/PowerManagerService( 435): releaseWakeLock(432b06f8): PARTIAL_WAKE_LOCK , tag=ActivityManager-Launch, flags=0x1
D/WifiStateMachine( 435): ConnectedState{ what=131155 when=-1ms target=Handler (com.android.internal.util.StateMachine$SmHandler) {42d87f78} arg1=92 }
D/StateMachine( 435): processMsg: L2ConnectedState
D/WifiStateMachine( 435): L2ConnectedState{ what=131155 when=-1ms target=Handler (com.android.internal.util.StateMachine$SmHandler) {42d87f78} arg1=92 }
D/wpa_supplicant(10826): wpa_s 0x40afe6a8 cmd SIGNAL_POLL
D/wpa_supplicant(10826): RX ctrl_iface - hexdump(len=11): 53 49 47 4e 41 4c 5f 50 4f 4c 4c
D/wpa_supplicant(10826): ctrl_iface: SIGNAL_POLL
D/wpa_supplicant(10826): nl80211: survey data missing!
D/WifiStateMachine( 435): fetchRssiAndLinkSpeedNative RSSI = -29
D/StateMachine( 435): handleMessage: X
D/StateMachine( 435): handleMessage: E msg.what=131155
D/StateMachine( 435): processMsg: ConnectedState
D/WifiStateMachine( 435): ConnectedState{ what=131155 when=-13ms target=Handler (com.android.internal.util.StateMachine$SmHandler) {42d87f78} arg1=92 }
D/StateMachine( 435): processMsg: L2ConnectedState
D/WifiStateMachine( 435): L2ConnectedState{ what=131155 when=-35ms target=Handler (com.android.internal.util.StateMachine$SmHandler) {42d87f78} arg1=92 }
D/wpa_supplicant(10826): wpa_s 0x40afe6a8 cmd SIGNAL_POLL
D/wpa_supplicant(10826): RX ctrl_iface - hexdump(len=11): 53 49 47 4e 41 4c 5f 50 4f 4c 4c
D/wpa_supplicant(10826): ctrl_iface: SIGNAL_POLL
D/wpa_supplicant(10826): nl80211: survey data missing!
D/WifiStateMachine( 435): fetchRssiAndLinkSpeedNative RSSI = -30
D/StateMachine( 435): handleMessage: X
W/CpuWake ( 435): >>nativeAcquireCpuPerfWakeLock()
W/CpuWake ( 435): <>nativeReleaseCpuPerfWakeLock()
W/CpuWake ( 435): <>nativeAcquireCpuPerfWakeLock()
W/CpuWake ( 435): <>nativeReleaseCpuPerfWakeLock()
W/CpuWake ( 435): < pluggedType = 2, mPluggedType = 0, mScreenOff = false
D/UsbnetService( 435): BroadcastReceiver::onReceive-
D/NotificationService( 435): mIntentReceiver() Intent.ACTION_BATTERY_CHANGED
D/PowerManagerService( 435): runHtcPowerSaverCheck ======================================
D/PowerUI ( 582): closing low battery warning: level=100
D/PowerUI ( 582): plugged = true, health = 2, mBatteryLevel = 100, mPluggedBatteryLevel = 77, mLowBatteryWarningLevel2 = 25, mshowLowChargingWarning2 = true
D/HtcPowerSaver( 435): Checking...
I/HtcPowerSaver( 435): >> updateStatus
I/HtcPowerSaver( 435): currentStatus=8002, currentLevel=100, enableLevel=-1, enable=true, mAutoModeOn=false, popDialog=false, statusChangeTo=-1
I/HtcPowerSaver( 435): << updateStatus
D/WifiService( 435): ACTION_BATTERY_CHANGED pluggedType: 2
D/PowerManagerService( 435): releaseWakeLock(4308ee48): PARTIAL_WAKE_LOCK , tag=BatteryServiceUpdateStats, flags=0x1
V/PowerSaverNotificationReceiver( 7076): onReceive(): ------ action = com.htc.intent.action.BATTERY_CHANGE_NOTIFICATION
D/PowerSaverNotificationReceiver( 7076): isCustomizationCompleted = 1
D/PowerSaverNotificationReceiver( 7076): isShowPowerSaverUi, hide value = -1
D/PowerSaverNotificationReceiver( 7076): getPowersaverMode() DBKEY_POWER_SAVING_PROFILE_MANUAL = 1
V/PowerSaverNotificationReceiver( 7076): onReceive(): ------ action = com.htc.intent.action.BATTERY_CHANGE_NOTIFICATION ------ end
W/dalvikvm( 435): disableGcForExternalAlloc: true
D/StateMachine( 435): handleMessage: E msg.what=131155
D/StateMachine( 435): processMsg: ConnectedState
D/WifiStateMachine( 435): ConnectedState{ what=131155 when=-19ms target=Handler (com.android.internal.util.StateMachine$SmHandler) {42d87f78} arg1=92 }
D/StateMachine( 435): processMsg: L2ConnectedState
D/WifiStateMachine( 435): L2ConnectedState{ what=131155 when=-21ms target=Handler (com.android.internal.util.StateMachine$SmHandler) {42d87f78} arg1=92 }
D/wpa_supplicant(10826): wpa_s 0x40afe6a8 cmd SIGNAL_POLL
D/wpa_supplicant(10826): RX ctrl_iface - hexdump(len=11): 53 49 47 4e 41 4c 5f 50 4f 4c 4c
D/wpa_supplicant(10826): ctrl_iface: SIGNAL_POLL
W/dalvikvm( 435): disableGcForExternalAlloc: false
W/dalvikvm( 435): disableGcForExternalAlloc: true
D/PowerManagerService( 435): acquireWakeLock(4322c158): CPU_MIN_FREQ , tag=WindowManager-ScreenRotation-Freq, flags=0x100, pid=435, uid=1000, mUserState=0x3
W/dalvikvm( 435): disableGcForExternalAlloc: false
D/wpa_supplicant(10826): nl80211: survey data missing!
D/PowerManagerService( 435): acquireWakeLock(431cc700): CPU_MIN_NUM , tag=WindowManager-ScreenRotation-Num, flags=0x400, pid=435, uid=1000, mUserState=0x3
D/PowerManagerService( 435): acquireWakeLock(42fb5818): PARTIAL_WAKE_LOCK , tag=SCREEN_FROZEN, flags=0x1, pid=435, uid=1000, mUserState=0x3
D/PowerManagerService( 435): button light setOrientation:1
D/WifiStateMachine( 435): fetchRssiAndLinkSpeedNative RSSI = -28
D/StateMachine( 435): handleMessage: X
I/ActivityManager( 435): Config changed: {1.0 466mcc92mnc zh_TW sw360dp w640dp h335dp nrml long land finger -keyb/v/h -nav/h s.52 skin=default fontsize=3}
W/dalvikvm( 8192): No implementation found for native Lcom/hyperrate/gcin/GcinIMESettingsActivity;.gcinIMClientOpen:()I
W/dalvikvm( 8192): threadid=1: thread exiting with uncaught exception (group=0x41f7f2d0)
E/AndroidRuntime( 8192): FATAL EXCEPTION: main
E/AndroidRuntime( 8192): java.lang.UnsatisfiedLinkError: Native method not found: com.hyperrate.gcin.GcinIMESettingsActivity.gcinIMClientOpen:()I
E/AndroidRuntime( 8192): at com.hyperrate.gcin.GcinIMESettingsActivity.gcinIMClientOpen(Native Method)
E/AndroidRuntime( 8192): at com.hyperrate.gcin.GcinIMESettingsActivity.send_message(GcinIMESettingsActivity.java:179)
E/AndroidRuntime( 8192): at com.hyperrate.gcin.GcinIMESettingsActivity.reload_tsin(GcinIMESettingsActivity.java:186)
E/AndroidRuntime( 8192): at com.hyperrate.gcin.PhraseEdit.onPause(PhraseEdit.java:264)
E/AndroidRuntime( 8192): at android.app.Activity.performPause(Activity.java:5184)
E/AndroidRuntime( 8192): at android.app.Instrumentation.callActivityOnPause(Instrumentation.java:1337)
E/AndroidRuntime( 8192): at android.app.ActivityThread.performPauseActivity(ActivityThread.java:3303)
E/AndroidRuntime( 8192): at android.app.ActivityThread.performPauseActivity(ActivityThread.java:3272)
E/AndroidRuntime( 8192): at android.app.ActivityThread.handleRelaunchActivity(ActivityThread.java:4005)
E/AndroidRuntime( 8192): at android.app.ActivityThread.access$700(ActivityThread.java:151)
E/AndroidRuntime( 8192): at android.app.ActivityThread$H.handleMessage(ActivityThread.java:1341)
E/AndroidRuntime( 8192): at android.os.Handler.dispatchMessage(Handler.java:99)
E/AndroidRuntime( 8192): at android.os.Looper.loop(Looper.java:155)
E/AndroidRuntime( 8192): at android.app.ActivityThread.main(ActivityThread.java:5493)
E/AndroidRuntime( 8192): at java.lang.reflect.Method.invokeNative(Native Method)
E/AndroidRuntime( 8192): at java.lang.reflect.Method.invoke(Method.java:511)
E/AndroidRuntime( 8192): at com.android.internal.os.ZygoteInit$MethodAndArgsCaller.run(ZygoteInit.java:1028)
E/AndroidRuntime( 8192): at com.android.internal.os.ZygoteInit.main(ZygoteInit.java:795)
E/AndroidRuntime( 8192): at dalvik.system.NativeStart.main(Native Method)
I/VolumePanel( 435): ACTION_CONFIGURATION_CHANGED
D/VolumePanel( 435): forceTimeout
E/EmbeddedLogger( 435): App crashed! Process: com.hyperrate.gcin
E/EmbeddedLogger( 435): App crashed! Package: com.hyperrate.gcin v12 (2.11)
E/EmbeddedLogger( 435): Application Label: gcin
I/mode10 ( 714): loadSkinResource : Package = default; skinName = default
I/mode10 ( 714): loadSkinResource private
D/mode10 ( 714): [ResourceAccessWrapper] getAssetManagerFromApkPath, apkPath=/system/app/fusion.apk, packageName=com.htc.fusion.FusionApk
D/mode10 ( 714): [ResourceAccessWrapper] getAssetManagerFromPackageName : packageName=com.htc.fusion.FusionApk
D/mode10 ( 714): [ResourceAccessWrapper] getResourceFromPackageName : packageName=com.htc.fusion.FusionApk
D/mode10 ( 714): [ResourceAccessWrapper] getResourcesFromPackageName, get java Resources elapsed time=1(ms)
W/ActivityManager( 435): Force finishing activity com.hyperrate.gcin/.PhraseEdit
D/mode10 ( 714): [ResourceAccessWrapper] getAssetManagerFromApkPath, apkPath=/system/app/fusion.apk, packageName=com.htc.fusion.FusionApk
D/mode10 ( 714): [ResourceAccessWrapper] getAssetManagerFromPackageName : packageName=com.htc.fusion.FusionApk
D/mode10 ( 714): [ResourceAccessWrapper] getResourceFromPackageName : packageName=com.htc.fusion.FusionApk
D/mode10 ( 714): [ResourceAccessWrapper] getResourcesFromPackageName, get java Resources elapsed time=4(ms)
D/PowerManagerService( 435): acquireWakeLock(42e5de78): PARTIAL_WAKE_LOCK , tag=ActivityManager-Launch, flags=0x1, pid=435, uid=1000, mUserState=0x3
D/ViewRootImpl( 435): @@@- disable SystemServer HW acceleration
D/PowerManagerService( 435): releaseWakeLock(42fb5818): PARTIAL_WAKE_LOCK , tag=SCREEN_FROZEN, flags=0x1
V/MfLog ( 785): BrowseLayerCarouselFragment{423e2f08 #0 id=0x36f8056f}, onConfigurationChanged
V/MfLog ( 785): Dialer{425981f0 #1 id=0x40000001 idojrc.BrowseLayerCarouselFragment.1.PEOPLE_DIALER}, onConfigurationChanged
D/CarrierLabel( 582): CarrierLabel mIntentReceiver : android.intent.action.CONFIGURATION_CHANGED
D/CarrierLabel( 582): updateResources()
W/CarrierLabel( 582): updateNetworkNameExt: mSimState = UNKNOWN
D/CarrierLabel( 582): updateNetworkName showSpn=false spn= showPlmn=true plmn=中華電信
W/PhoneStatusBar/NavigationBarView( 582): *** Invalid layout in navigation bar (sizeChanged this=0x720 cur=720x0)
D/PhoneStatusBar( 582): addNotification score=0
V/LightsService( 435): setLight #8: color=#c8c800
V/NotificationService( 435): Battery Full, Charging
V/LightsService( 435): setLight #8: color=#c800
D/OnDemandProgressBar( 582): release indeterminate drawable android.widget.OnDemandProgressBar@425dae28
D/OnDemandProgressBar( 582): new OnDemandProgressBar android.widget.OnDemandProgressBar@425dae28
D/HtcDialer( 785): updateButtonTextPreferred() mShouldUpdateCallBtnPreferred=true slot=1
D/HtcDialer( 785): updateButtonTextPreferred() mShouldUpdateCallBtnPreferred=true slot=1
D/HtcDialer( 785): updateButtonTextPreferred() mShouldUpdateCallBtnPreferred=true slot=1
D/my ( 785): myGC1
W/ActivityManager( 435): Activity pause timeout for ActivityRecord{43bd1ac0 com.hyperrate.gcin/.PhraseEdit}
W/PnPMgr ( 977): Write /sys/devices/system/cpu/cpu0/cpufreq/scaling_min_freq failed (Invalid argument)
D/PowerManagerService( 435): releaseWakeLock(4322c158): CPU_MIN_FREQ , tag=WindowManager-ScreenRotation-Freq, flags=0x100
D/PowerManagerService( 435): releaseWakeLock(431cc700): CPU_MIN_NUM , tag=WindowManager-ScreenRotation-Num, flags=0x400
D/PowerManagerService( 435): acquireWakeLock(42cf3620): PARTIAL_WAKE_LOCK , tag=NlpCollectorWakeLock, flags=0x1, pid=20446, uid=10019, mUserState=0x3
D/PowerManagerService( 435): releaseWakeLock(42cf3620): PARTIAL_WAKE_LOCK , tag=NlpCollectorWakeLock, flags=0x1
D/PowerManagerService( 435): releaseWakeLock(432b0810): PARTIAL_WAKE_LOCK , tag=NlpCollectorWakeLock, flags=0x1
D/PowerManagerService( 435): acquireWakeLock(42cdc518): PARTIAL_WAKE_LOCK , tag=NlpCollectorWakeLock, flags=0x1, pid=20446, uid=10019, mUserState=0x3
D/PowerManagerService( 435): releaseWakeLock(42cdc518): PARTIAL_WAKE_LOCK , tag=NlpCollectorWakeLock, flags=0x1
D/PowerManagerService( 435): releaseWakeLock(432cd6a8): PARTIAL_WAKE_LOCK , tag=NlpCollectorWakeLock, flags=0x1
D/PowerManagerService( 435): acquireWakeLock(42cb1a10): PARTIAL_WAKE_LOCK , tag=NlpCollectorWakeLock, flags=0x1, pid=20446, uid=10019, mUserState=0x3
D/PowerManagerService( 435): releaseWakeLock(432efd00): PARTIAL_WAKE_LOCK , tag=NlpCollectorWakeLock, flags=0x1
D/PowerManagerService( 435): acquireWakeLock(42c9c760): PARTIAL_WAKE_LOCK , tag=NlpWakeLock, flags=0x1, pid=20446, uid=10019, mUserState=0x3
D/PowerManagerService( 435): acquireWakeLock(42c95b40): PARTIAL_WAKE_LOCK , tag=NlpWakeLock, flags=0x1, pid=20446, uid=10019, mUserState=0x3
D/PowerManagerService( 435): releaseWakeLock(42c95b40): PARTIAL_WAKE_LOCK , tag=NlpWakeLock, flags=0x1
D/PowerManagerService( 435): releaseWakeLock(42cb1a10): PARTIAL_WAKE_LOCK , tag=NlpCollectorWakeLock, flags=0x1
D/PowerManagerService( 435): releaseWakeLock(42c9c760): PARTIAL_WAKE_LOCK , tag=NlpWakeLock, flags=0x1
D/PowerManagerService( 435): acquireWakeLock(42c27a30): PARTIAL_WAKE_LOCK , tag=WakefulIntentService[GCoreUlr-LocationReceiverService], flags=0x1, pid=20446, uid=10019, mUserState=0x3
D/PowerManagerService( 435): releaseWakeLock(42c27a30): PARTIAL_WAKE_LOCK , tag=WakefulIntentService[GCoreUlr-LocationReceiverService], flags=0x1
W/dalvikvm( 435): disableGcForExternalAlloc: true
W/dalvikvm( 435): disableGcForExternalAlloc: false
W/dalvikvm( 435): disableGcForExternalAlloc: true
D/PowerManagerService( 435): acquireWakeLock(4305f6e8): CPU_MIN_FREQ , tag=WindowManager-ScreenRotation-Freq, flags=0x100, pid=435, uid=1000, mUserState=0x3
W/dalvikvm( 435): disableGcForExternalAlloc: false
D/PowerManagerService( 435): acquireWakeLock(430532e0): CPU_MIN_NUM , tag=WindowManager-ScreenRotation-Num, flags=0x400, pid=435, uid=1000, mUserState=0x3
D/PowerManagerService( 435): acquireWakeLock(42bc4f98): PARTIAL_WAKE_LOCK , tag=SCREEN_FROZEN, flags=0x1, pid=435, uid=1000, mUserState=0x3
D/PowerManagerService( 435): button light setOrientation:0
I/ActivityManager( 435): Config changed: {1.0 466mcc92mnc zh_TW sw360dp w360dp h615dp nrml long port finger -keyb/v/h -nav/h s.53 skin=default fontsize=3}
I/mode10 ( 714): loadSkinResource : Package = default; skinName = default
V/MfLog ( 785): BrowseLayerCarouselFragment{423e2f08 #0 id=0x36f8056f}, onConfigurationChanged
I/VolumePanel( 435): ACTION_CONFIGURATION_CHANGED
D/VolumePanel( 435): forceTimeout
V/MfLog ( 785): Dialer{425981f0 #1 id=0x40000001 idojrc.BrowseLayerCarouselFragment.1.PEOPLE_DIALER}, onConfigurationChanged
I/mode10 ( 714): loadSkinResource private
D/mode10 ( 714): [ResourceAccessWrapper] getAssetManagerFromApkPath, apkPath=/system/app/fusion.apk, packageName=com.htc.fusion.FusionApk
D/mode10 ( 714): [ResourceAccessWrapper] getAssetManagerFromPackageName : packageName=com.htc.fusion.FusionApk
D/mode10 ( 714): [ResourceAccessWrapper] getResourceFromPackageName : packageName=com.htc.fusion.FusionApk
D/mode10 ( 714): [ResourceAccessWrapper] getResourcesFromPackageName, get java Resources elapsed time=0(ms)
D/mode10 ( 714): [ResourceAccessWrapper] getAssetManagerFromApkPath, apkPath=/system/app/fusion.apk, packageName=com.htc.fusion.FusionApk
D/mode10 ( 714): [ResourceAccessWrapper] getAssetManagerFromPackageName : packageName=com.htc.fusion.FusionApk
D/mode10 ( 714): [ResourceAccessWrapper] getResourceFromPackageName : packageName=com.htc.fusion.FusionApk
D/mode10 ( 714): [ResourceAccessWrapper] getResourcesFromPackageName, get java Resources elapsed time=1(ms)
D/PowerManagerService( 435): releaseWakeLock(42bc4f98): PARTIAL_WAKE_LOCK , tag=SCREEN_FROZEN, flags=0x1
D/CarrierLabel( 582): CarrierLabel mIntentReceiver : android.intent.action.CONFIGURATION_CHANGED
D/CarrierLabel( 582): updateResources()
W/CarrierLabel( 582): updateNetworkNameExt: mSimState = UNKNOWN
D/CarrierLabel( 582): updateNetworkName showSpn=false spn= showPlmn=true plmn=中華電信
W/PhoneStatusBar/NavigationBarView( 582): *** Invalid layout in navigation bar (sizeChanged this=720x0 cur=0x720)
D/PhoneStatusBar( 582): addNotification score=0
D/OnDemandProgressBar( 582): release indeterminate drawable android.widget.OnDemandProgressBar@427bc1d0
D/OnDemandProgressBar( 582): new OnDemandProgressBar android.widget.OnDemandProgressBar@427bc1d0
V/LightsService( 435): setLight #8: color=#c8c800
V/NotificationService( 435): Battery Full, Charging
V/LightsService( 435): setLight #8: color=#c800
D/HtcDialer( 785): updateButtonTextPreferred() mShouldUpdateCallBtnPreferred=true slot=1
D/HtcDialer( 785): updateButtonTextPreferred() mShouldUpdateCallBtnPreferred=true slot=1
D/HtcDialer( 785): updateButtonTextPreferred() mShouldUpdateCallBtnPreferred=true slot=1
D/my ( 785): myGC1
W/PnPMgr ( 977): Write /sys/devices/system/cpu/cpu0/cpufreq/scaling_min_freq failed (Invalid argument)
D/PowerManagerService( 435): releaseWakeLock(4305f6e8): CPU_MIN_FREQ , tag=WindowManager-ScreenRotation-Freq, flags=0x100
D/PowerManagerService( 435): releaseWakeLock(430532e0): CPU_MIN_NUM , tag=WindowManager-ScreenRotation-Num, flags=0x400
D/Process ( 8192): killProcess, pid=8192
D/Process ( 8192): dalvik.system.VMStack.getThreadStackTrace(Native Method)
D/Process ( 8192): java.lang.Thread.getStackTrace(Thread.java:599)
D/Process ( 8192): android.os.Process.killProcess(Process.java:944)
D/Process ( 8192): com.android.internal.os.RuntimeInit$UncaughtHandler.uncaughtException(RuntimeInit.java:108)
D/Process ( 8192): java.lang.ThreadGroup.uncaughtException(ThreadGroup.java:693)
D/Process ( 8192): java.lang.ThreadGroup.uncaughtException(ThreadGroup.java:690)
D/Process ( 8192): dalvik.system.NativeStart.main(Native Method)
I/ActivityManager( 435): Recipient 8192
I/ActivityManager( 435): Process com.hyperrate.gcin (pid 8192) has died.
W/InputDispatcher( 435): channel '42d05ad8 com.hyperrate.gcin/com.hyperrate.gcin.GcinTools (server)' ~ Consumer closed input channel or an error occurred. events=0x9
E/InputDispatcher( 435): channel '42d05ad8 com.hyperrate.gcin/com.hyperrate.gcin.GcinTools (server)' ~ Channel is unrecoverably broken and will be disposed!
W/InputDispatcher( 435): Attempted to unregister already unregistered input channel '42d05ad8 com.hyperrate.gcin/com.hyperrate.gcin.GcinTools (server)'
I/WindowState( 435): WIN DEATH: Window{42e57a60 com.hyperrate.gcin/com.hyperrate.gcin.PhraseEdit paused=false}
I/WindowState( 435): WIN DEATH: Window{42d05ad8 com.hyperrate.gcin/com.hyperrate.gcin.GcinTools paused=false}
I/WindowManager( 435): WINDOW DIED Window{42d05ad8 com.hyperrate.gcin/com.hyperrate.gcin.GcinTools paused=false}
D/ViewRootImpl( 435): @@@- disable SystemServer HW acceleration
I/ActivityManager( 435): Start proc com.hyperrate.gcin for activity com.hyperrate.gcin/.GcinTools: pid=8272 uid=10219 gids={3003, 1028}
W/ActivityManager( 435): handleTopAppChanged(): The previous AP is died unexpectedly.
D/StateMachine( 435): handleMessage: E msg.what=131155
D/StateMachine( 435): processMsg: ConnectedState
D/WifiStateMachine( 435): ConnectedState{ what=131155 when=-4ms target=Handler (com.android.internal.util.StateMachine$SmHandler) {42d87f78} arg1=92 }
D/StateMachine( 435): processMsg: L2ConnectedState
D/WifiStateMachine( 435): L2ConnectedState{ what=131155 when=-4ms target=Handler (com.android.internal.util.StateMachine$SmHandler) {42d87f78} arg1=92 }
D/wpa_supplicant(10826): wpa_s 0x40afe6a8 cmd SIGNAL_POLL
D/wpa_supplicant(10826): RX ctrl_iface - hexdump(len=11): 53 49 47 4e 41 4c 5f 50 4f 4c 4c
D/wpa_supplicant(10826): ctrl_iface: SIGNAL_POLL
D/wpa_supplicant(10826): nl80211: survey data missing!
D/WifiStateMachine( 435): fetchRssiAndLinkSpeedNative RSSI = -35
D/StateMachine( 435): handleMessage: X
V/PhoneStatusBar( 582): setLightsOn(true)
E/ ( 8272): file /data/data/com.nvidia.NvCPLSvc/files/driverlist.txt: not found!
I/ ( 8272): Attempting to load EGL implementation /system/lib//egl/libEGL_tegra_impl
I/ ( 8272): Loaded EGL implementation /system/lib//egl/libEGL_tegra_impl
I/ ( 8272): Loading GLESv2 implementation /system/lib//egl/libGLESv2_tegra_impl
V/InputMethodManagerService( 435): unbindCurrentInputLocked: client = android.os.BinderProxy@42f3f880
W/InputMethodManagerService( 435): Got RemoteException sending setActive(false) notification to pid 8192 uid 10219
V/InputMethodManagerService( 435): switching to client: client = android.os.BinderProxy@42a66e88
I/InputMethodManagerService( 435): Enable input method client.
D/PowerManagerService( 435): releaseWakeLock(42e5de78): PARTIAL_WAKE_LOCK , tag=ActivityManager-Launch, flags=0x1
I/ActivityManager( 435): Displayed com.hyperrate.gcin/.GcinTools: +808ms
W/CpuWake ( 435): >>nativeAcquireCpuPerfWakeLock()
W/CpuWake ( 435): <>nativeReleaseCpuPerfWakeLock()
W/CpuWake ( 435): <driver->scan2 = 0x4015e6f5
D/StateMachine( 435): handleMessage: X
I/wpa_supplicant(10826): Scan requested (ret=0) - scan timeout 30 seconds
D/wpa_supplicant(10826): nl80211: Event message available
D/wpa_supplicant(10826): nl80211: Scan trigger
D/PowerManagerService( 435): acquireWakeLock(4308e880): PARTIAL_WAKE_LOCK , tag=RILJ, flags=0x1, pid=768, uid=1001, mUserState=0x3
D/PowerManagerService( 435): releaseWakeLock(4308e880): PARTIAL_WAKE_LOCK , tag=RILJ, flags=0x1
D/StateMachine( 435): handleMessage: E msg.what=131143
D/StateMachine( 435): processMsg: ConnectedState
D/WifiStateMachine( 435): ConnectedState{ what=131143 when=0 target=Handler (com.android.internal.util.StateMachine$SmHandler) {42d87f78} arg1=2 }
D/StateMachine( 435): processMsg: L2ConnectedState
D/WifiStateMachine( 435): L2ConnectedState{ what=131143 when=-1ms target=Handler (com.android.internal.util.StateMachine$SmHandler) {42d87f78} arg1=2 }
D/wpa_supplicant(10826): wpa_s 0x40afe6a8 cmd AP_SCAN 2
D/wpa_supplicant(10826): RX ctrl_iface - hexdump(len=9): 41 50 5f 53 43 41 4e 20 32
D/wpa_supplicant(10826): ctrl_iface: AP_SCAN 2
D/StateMachine( 435): processMsg: ConnectModeState
D/WifiStateMachine( 435): ConnectModeState{ what=131143 when=-2ms target=Handler (com.android.internal.util.StateMachine$SmHandler) {42d87f78} arg1=2 }
D/StateMachine( 435): processMsg: DriverStartedState
D/WifiStateMachine( 435): DriverStartedState{ what=131143 when=-2ms target=Handler (com.android.internal.util.StateMachine$SmHandler) {42d87f78} arg1=2 }
D/wpa_supplicant(10826): wpa_s 0x40afe6a8 cmd SCAN
D/wpa_supplicant(10826): RX ctrl_iface - hexdump(len=4): 53 43 41 4e
D/wpa_supplicant(10826): ctrl_iface: SCAN
D/wpa_supplicant(10826): Ongoing scan action - reject new request
D/StateMachine( 435): handleMessage: X
D/PowerManagerService( 435): acquireWakeLock(4316bc48): PARTIAL_WAKE_LOCK , tag=RILJ, flags=0x1, pid=768, uid=1001, mUserState=0x3
D/PowerManagerService( 435): releaseWakeLock(4316bc48): PARTIAL_WAKE_LOCK , tag=RILJ, flags=0x1
D/PowerManagerService( 435): acquireWakeLock(4305a4c0): PARTIAL_WAKE_LOCK , tag=Sidekick_CalendarIntentService, flags=0x1, pid=8356, uid=10044, mUserState=0x3
D/PowerManagerService( 435): releaseWakeLock(4305a4c0): PARTIAL_WAKE_LOCK , tag=Sidekick_CalendarIntentService, flags=0x1
D/wpa_supplicant(10826): nl80211: Event message available
I/wpa_supplicant(10826): nl80211: New scan results available
D/wpa_supplicant(10826): wlan0: Event SCAN_RESULTS (3) received
W/wpa_supplicant(10826): wlan0: [HTC] wpa_supplicant_event():2718- Got an original EVENT_SCAN_RESULTS
D/wpa_supplicant(10826): CTRL_IFACE monitor send - hexdump(len=41): 2f 64 61 74 61 2f 6d 69 73 63 2f 77 69 66 69 2f 73 6f 63 6b 65 74 73 2f 77 70 61 5f 63 74 72 6c ...
I/wpa_supplicant(10826): Got an original EVENT_SCAN_RESULTS
D/wpa_supplicant(10826): nl80211: Associated on 2462 MHz
D/wpa_supplicant(10826): nl80211: Associated with 00:0d:0b:1a:e8:9c
D/wpa_supplicant(10826): nl80211: Received scan results (8 BSSes)
D/wpa_supplicant(10826): nl80211: Survey data missing
D/wpa_supplicant(10826): nl80211: Scan results indicate BSS status with 00:0d:0b:1a:e8:9c as associated
I/wpa_supplicant(10826): [120903] 00:0d:0b:1a:e8:9c freq=2462 qual=0 noise=31 level=-35 snr=-66 flags=0x29
I/wpa_supplicant(10826): [120903-2] 00:07:40:da:c2:94 freq=2412 qual=0 noise=0 level=-66 flags=0xb
I/wpa_supplicant(10826): [WJ-Home] 00:22:2d:88:67:cb freq=2437 qual=0 noise=0 level=-82 flags=0xb
I/wpa_supplicant(10826): [] e0:cb:4e:48:e4:af freq=2437 qual=0 noise=0 level=-86 flags=0xb
I/wpa_supplicant(10826): [HITRON-7D20] 68:b6:fc:c4:7d:28 freq=2412 qual=0 noise=0 level=-92 flags=0xb
I/wpa_supplicant(10826): [D-Link] c8:d3:a3:85:5a:43 freq=2462 qual=0 noise=31 level=-98 snr=-129 flags=0x9
I/wpa_supplicant(10826): [10F] 00:17:9a:32:80:ac freq=2437 qual=0 noise=0 level=-58 flags=0xb
I/wpa_supplicant(10826): [forever] 00:0e:2e:7c:38:75 freq=2462 qual=0 noise=31 level=-63 snr=-94 flags=0x9
D/wpa_supplicant(10826): wlan0: BSS: Start scan result update 311
I/wpa_supplicant(10826): wlan0: BSS: Add new id 203 BSSID 68:b6:fc:c4:7d:28 SSID 'HITRON-7D20'
D/wpa_supplicant(10826): CTRL_IFACE monitor send - hexdump(len=41): 2f 64 61 74 61 2f 6d 69 73 63 2f 77 69 66 69 2f 73 6f 63 6b 65 74 73 2f 77 70 61 5f 63 74 72 6c ...
D/wpa_supplicant(10826): CTRL_IFACE monitor send - hexdump(len=41): 2f 64 61 74 61 2f 6d 69 73 63 2f 77 69 66 69 2f 73 6f 63 6b 65 74 73 2f 77 70 61 5f 63 74 72 6c ...
D/wpa_supplicant(10826): wlan0: BSS: Remove id 198 BSSID 48:5b:39:b0:38:d0 SSID 'ASUS' due to no match in scan
D/wpa_supplicant(10826): CTRL_IFACE monitor send - hexdump(len=41): 2f 64 61 74 61 2f 6d 69 73 63 2f 77 69 66 69 2f 73 6f 63 6b 65 74 73 2f 77 70 61 5f 63 74 72 6c ...
D/wpa_supplicant(10826): wlan0: New scan results available
D/wpa_supplicant(10826): CTRL_IFACE monitor send - hexdump(len=41): 2f 64 61 74 61 2f 6d 69 73 63 2f 77 69 66 69 2f 73 6f 63 6b 65 74 73 2f 77 70 61 5f 63 74 72 6c ...
D/wpa_supplicant(10826): wlan0: Checking for other virtual interfaces sharing same radio (phy17) in event_scan_results
D/wpa_supplicant(10826): p2p0: Updating scan results from sibling
D/wpa_supplicant(10826): Not Updating scan results on interface p2p0 from sibling wlan0
D/wpa_supplicant(10826): RTM_NEWLINK: operstate=1 ifi_flags=0x11043 ([UP][RUNNING][LOWER_UP])
D/wpa_supplicant(10826): RTM_NEWLINK, IFLA_IFNAME: Interface 'wlan0' added
D/wpa_supplicant(10826): nl80211: if_removed already cleared - ignore event
D/StateMachine( 435): handleMessage: E msg.what=147461
D/StateMachine( 435): processMsg: ConnectedState
D/WifiStateMachine( 435): ConnectedState{ what=147461 when=-1ms target=Handler (com.android.internal.util.StateMachine$SmHandler) {42d87f78} }
D/StateMachine( 435): processMsg: L2ConnectedState
D/WifiStateMachine( 435): L2ConnectedState{ what=147461 when=-7ms target=Handler (com.android.internal.util.StateMachine$SmHandler) {42d87f78} }
D/StateMachine( 435): processMsg: ConnectModeState
D/WifiStateMachine( 435): ConnectModeState{ what=147461 when=-8ms target=Handler (com.android.internal.util.StateMachine$SmHandler) {42d87f78} }
D/wpa_supplicant(10826): wpa_s 0x40afe6a8 cmd AP_SCAN 1
D/wpa_supplicant(10826): RX ctrl_iface - hexdump(len=9): 41 50 5f 53 43 41 4e 20 31
D/wpa_supplicant(10826): ctrl_iface: AP_SCAN 1
D/StateMachine( 435): processMsg: DriverStartedState
D/WifiStateMachine( 435): DriverStartedState{ what=147461 when=-11ms target=Handler (com.android.internal.util.StateMachine$SmHandler) {42d87f78} }
D/Tethering( 435): [isWifi] getHotspotEnabled: false
D/StateMachine( 435): processMsg: SupplicantStartedState
D/WifiStateMachine( 435): SupplicantStartedState{ what=147461 when=-14ms target=Handler (com.android.internal.util.StateMachine$SmHandler) {42d87f78} }
D/wpa_supplicant(10826): wpa_s 0x40afe6a8 cmd SCAN_RESULTS
D/wpa_supplicant(10826): RX ctrl_iface - hexdump(len=12): 53 43 41 4e 5f 52 45 53 55 4c 54 53
D/wpa_supplicant(10826): ctrl_iface: SCAN_RESULTS
D/wpa_supplicant(10826): wpa_s 0x40afe6a8 cmd LIST_DONGLES
D/wpa_supplicant(10826): RX ctrl_iface - hexdump(len=12): 4c 49 53 54 5f 44 4f 4e 47 4c 45 53
D/wpa_supplicant(10826): ctrl_iface: LIST_DONGLES
D/WirelessDisplayService( 435): Receive Wifi scan results available intent.
D/WirelessDisplayService( 435): HANDLE_WIFI_SCAN_RESULT_AVAILABLE, dongle scan = 0
D/WirelessDisplayService( 435): constructDongleInfoFromWifi() dongleScan = false
D/WirelessDisplayService( 435): wfdservice: true, finger gesture: true, don't sendBroadcast
D/WirelessDisplayService( 435): getDiscoveryDongleList
D/StateMachine( 435): handleMessage: X
D/PowerManagerService( 435): acquireWakeLock(43126ee8): PARTIAL_WAKE_LOCK , tag=NlpWakeLock, flags=0x1, pid=20446, uid=10019, mUserState=0x3
D/PowerManagerService( 435): releaseWakeLock(43126ee8): PARTIAL_WAKE_LOCK , tag=NlpWakeLock, flags=0x1
D/StateMachine( 435): handleMessage: E msg.what=131073
D/StateMachine( 435): processMsg: ConnectedState
D/WifiStateMachine( 435): ConnectedState{ what=131073 when=0 target=Handler (com.android.internal.util.StateMachine$SmHandler) {42d87f78} arg1=2 }
D/StateMachine( 435): processMsg: L2ConnectedState
D/WifiStateMachine( 435): L2ConnectedState{ what=131073 when=0 target=Handler (com.android.internal.util.StateMachine$SmHandler) {42d87f78} arg1=2 }
D/StateMachine( 435): processMsg: ConnectModeState
D/WifiStateMachine( 435): ConnectModeState{ what=131073 when=0 target=Handler (com.android.internal.util.StateMachine$SmHandler) {42d87f78} arg1=2 }
D/StateMachine( 435): processMsg: DriverStartedState
D/WifiStateMachine( 435): DriverStartedState{ what=131073 when=-1ms target=Handler (com.android.internal.util.StateMachine$SmHandler) {42d87f78} arg1=2 }
D/StateMachine( 435): processMsg: SupplicantStartedState
D/WifiStateMachine( 435): SupplicantStartedState{ what=131073 when=-1ms target=Handler (com.android.internal.util.StateMachine$SmHandler) {42d87f78} arg1=2 }
D/StateMachine( 435): processMsg: SoftApStartedState
D/WifiStateMachine( 435): SoftApStartedState{ what=131073 when=-1ms target=Handler (com.android.internal.util.StateMachine$SmHandler) {42d87f78} arg1=2 }
D/StateMachine( 435): processMsg: DefaultState
D/WifiStateMachine( 435): DefaultState{ what=131073 when=-1ms target=Handler (com.android.internal.util.StateMachine$SmHandler) {42d87f78} arg1=2 }
D/StateMachine( 435): handleMessage: X
D/StateMachine( 435): handleMessage: E msg.what=131083
D/StateMachine( 435): processMsg: ConnectedState
D/WifiStateMachine( 435): ConnectedState{ what=131083 when=-1ms target=Handler (com.android.internal.util.StateMachine$SmHandler) {42d87f78} }
D/StateMachine( 435): processMsg: L2ConnectedState
D/WifiService( 435): releaseWifiLockLocked: WifiLock{NlpWifiLock type=2 binder=android.os.BinderProxy@430fb350}
D/WifiService( 435): updateWifiState(): wifiApEnabled: false, wifiApAirplaneMode: falsegetWifiEnabledState(): 3, getWifiApEnabledState: 11
D/WifiService( 435): updateWifiState(): mAirplaneModeOn.get(): false, mPersistWifiState.get(): 1
D/WifiService( 435): updateWifiState(): mEmergencyCallbackMode: false, mDeviceIdle: false, lockHeld: false, mStopWifiRequested:false
D/WifiService( 435): updateWifiState(): enable and start wifi
D/PowerManagerService( 435): releaseWakeLock(42a43c08): PARTIAL_WAKE_LOCK , tag=NlpWakeLock, flags=0x1
D/WifiStateMachine( 435): L2ConnectedState{ what=131083 when=-4ms target=Handler (com.android.internal.util.StateMachine$SmHandler) {42d87f78} }
D/StateMachine( 435): processMsg: ConnectModeState
D/WifiStateMachine( 435): ConnectModeState{ what=131083 when=-4ms target=Handler (com.android.internal.util.StateMachine$SmHandler) {42d87f78} }
D/StateMachine( 435): processMsg: DriverStartedState
D/WifiStateMachine( 435): DriverStartedState{ what=131083 when=-4ms target=Handler (com.android.internal.util.StateMachine$SmHandler) {42d87f78} }
D/StateMachine( 435): processMsg: SupplicantStartedState
D/WifiStateMachine( 435): SupplicantStartedState{ what=131083 when=-5ms target=Handler (com.android.internal.util.StateMachine$SmHandler) {42d87f78} }
D/StateMachine( 435): processMsg: SoftApStartedState
D/WifiStateMachine( 435): SoftApStartedState{ what=131083 when=-6ms target=Handler (com.android.internal.util.StateMachine$SmHandler) {42d87f78} }
D/StateMachine( 435): processMsg: DefaultState
D/WifiStateMachine( 435): DefaultState{ what=131083 when=-6ms target=Handler (com.android.internal.util.StateMachine$SmHandler) {42d87f78} }
D/StateMachine( 435): handleMessage: X
D/StateMachine( 435): handleMessage: E msg.what=131144
D/StateMachine( 435): processMsg: ConnectedState
D/WifiStateMachine( 435): ConnectedState{ what=131144 when=-6ms target=Handler (com.android.internal.util.StateMachine$SmHandler) {42d87f78} arg1=1 }
D/StateMachine( 435): processMsg: L2ConnectedState
D/WifiStateMachine( 435): L2ConnectedState{ what=131144 when=-6ms target=Handler (com.android.internal.util.StateMachine$SmHandler) {42d87f78} arg1=1 }
D/StateMachine( 435): handleMessage: X
D/StateMachine( 435): handleMessage: E msg.what=131085
D/StateMachine( 435): processMsg: ConnectedState
D/WifiStateMachine( 435): ConnectedState{ what=131085 when=-7ms target=Handler (com.android.internal.util.StateMachine$SmHandler) {42d87f78} }
D/StateMachine( 435): processMsg: L2ConnectedState
D/WifiStateMachine( 435): L2ConnectedState{ what=131085 when=-7ms target=Handler (com.android.internal.util.StateMachine$SmHandler) {42d87f78} }
D/StateMachine( 435): processMsg: ConnectModeState
