D/WifiStateMachine( 435): ConnectModeState{ what=131085 when=-7ms target=Handler (com.android.internal.util.StateMachine$SmHandler) {42d87f78} }
D/StateMachine( 435): processMsg: DriverStartedState
D/WifiStateMachine( 435): DriverStartedState{ what=131085 when=-7ms target=Handler (com.android.internal.util.StateMachine$SmHandler) {42d87f78} }
D/StateMachine( 435): handleMessage: X
D/StateMachine( 435): handleMessage: E msg.what=131149
D/StateMachine( 435): processMsg: ConnectedState
D/WifiStateMachine( 435): ConnectedState{ what=131149 when=-7ms target=Handler (com.android.internal.util.StateMachine$SmHandler) {42d87f78} }
D/StateMachine( 435): processMsg: L2ConnectedState
D/WifiStateMachine( 435): L2ConnectedState{ what=131149 when=-7ms target=Handler (com.android.internal.util.StateMachine$SmHandler) {42d87f78} }
D/StateMachine( 435): processMsg: ConnectModeState
D/PowerManagerService( 435): acquireWakeLock(42c9a488): PARTIAL_WAKE_LOCK , tag=NlpLocationReceiverService, flags=0x1, pid=20446, uid=10019, mUserState=0x3
D/WifiStateMachine( 435): ConnectModeState{ what=131149 when=-7ms target=Handler (com.android.internal.util.StateMachine$SmHandler) {42d87f78} }
D/StateMachine( 435): processMsg: DriverStartedState
D/WifiStateMachine( 435): DriverStartedState{ what=131149 when=-8ms target=Handler (com.android.internal.util.StateMachine$SmHandler) {42d87f78} }
D/StateMachine( 435): handleMessage: X
D/PowerManagerService( 435): acquireWakeLock(4268c6e8): PARTIAL_WAKE_LOCK , tag=dwh, flags=0x1, pid=20446, uid=10019, mUserState=0x3
D/PowerManagerService( 435): releaseWakeLock(42c9a488): PARTIAL_WAKE_LOCK , tag=NlpLocationReceiverService, flags=0x1
D/StateMachine( 435): handleMessage: E msg.what=131218
D/StateMachine( 435): processMsg: ConnectedState
D/WifiStateMachine( 435): ConnectedState{ what=131218 when=0 target=Handler (com.android.internal.util.StateMachine$SmHandler) {42d87f78} }
D/StateMachine( 435): processMsg: L2ConnectedState
D/WifiStateMachine( 435): L2ConnectedState{ what=131218 when=-1ms target=Handler (com.android.internal.util.StateMachine$SmHandler) {42d87f78} }
D/StateMachine( 435): processMsg: ConnectModeState
D/WifiStateMachine( 435): ConnectModeState{ what=131218 when=-1ms target=Handler (com.android.internal.util.StateMachine$SmHandler) {42d87f78} }
D/StateMachine( 435): processMsg: DriverStartedState
D/WifiStateMachine( 435): DriverStartedState{ what=131218 when=-1ms target=Handler (com.android.internal.util.StateMachine$SmHandler) {42d87f78} }
D/wpa_supplicant(10826): wpa_s 0x40afe6a8 cmd SIGNAL_POLL
D/wpa_supplicant(10826): RX ctrl_iface - hexdump(len=11): 53 49 47 4e 41 4c 5f 50 4f 4c 4c
D/wpa_supplicant(10826): ctrl_iface: SIGNAL_POLL
D/wpa_supplicant(10826): nl80211: survey data missing!
D/StateMachine( 435): handleMessage: X
D/PowerManagerService( 435): releaseWakeLock(4268c6e8): PARTIAL_WAKE_LOCK , tag=dwh, flags=0x1
D/StateMachine( 435): handleMessage: E msg.what=131155
D/StateMachine( 435): processMsg: ConnectedState
D/WifiStateMachine( 435): ConnectedState{ what=131155 when=-2ms target=Handler (com.android.internal.util.StateMachine$SmHandler) {42d87f78} arg1=92 }
D/StateMachine( 435): processMsg: L2ConnectedState
D/WifiStateMachine( 435): L2ConnectedState{ what=131155 when=-3ms target=Handler (com.android.internal.util.StateMachine$SmHandler) {42d87f78} arg1=92 }
D/wpa_supplicant(10826): wpa_s 0x40afe6a8 cmd SIGNAL_POLL
D/wpa_supplicant(10826): RX ctrl_iface - hexdump(len=11): 53 49 47 4e 41 4c 5f 50 4f 4c 4c
D/wpa_supplicant(10826): ctrl_iface: SIGNAL_POLL
D/wpa_supplicant(10826): nl80211: survey data missing!
D/WifiStateMachine( 435): fetchRssiAndLinkSpeedNative RSSI = -35
D/StateMachine( 435): handleMessage: X
D/PowerManagerService( 435): acquireWakeLock(42f30d08): PARTIAL_WAKE_LOCK , tag=ActivityManager-Launch, flags=0x1, pid=435, uid=1000, mUserState=0x3
I/WindowState( 435): WIN DEATH: Window{430f3980 com.hyperrate.gcin/com.hyperrate.gcin.GcinTools paused=true}
I/ActivityManager( 435): Recipient 8321
I/ActivityManager( 435): Process com.hyperrate.gcin (pid 8321) has died.
D/WirelessDisplayService( 435): getMirrorDisplayStatus:falsecurState:1
W/ActivityManager( 435): handleTopAppChanged(): The previous AP is died unexpectedly.
I/Rosie.AllAppsCarouselF_( 957): onResume
D/CAT ( 768): CatService: Return current sInstance
V/InputMethodManagerService( 435): unbindCurrentInputLocked: client = android.os.BinderProxy@42c8d5c0
W/InputMethodManagerService( 435): Got RemoteException sending setActive(false) notification to pid 8321 uid 10219
V/InputMethodManagerService( 435): switching to client: client = android.os.BinderProxy@42fe94d0
I/InputMethodManagerService( 435): Enable input method client.
D/Rosie.IndicatorPagedVi_( 957): com.htc.launcher.AllAppsPagedView@423ea890.onViewResume
D/PowerManagerService( 435): releaseWakeLock(42f30d08): PARTIAL_WAKE_LOCK , tag=ActivityManager-Launch, flags=0x1
I/GAV2 ( 8356): Thread[GAThread,5,main]: No campaign data found.
D/StateMachine( 435): handleMessage: E msg.what=131155
D/StateMachine( 435): processMsg: ConnectedState
D/WifiStateMachine( 435): ConnectedState{ what=131155 when=-4ms target=Handler (com.android.internal.util.StateMachine$SmHandler) {42d87f78} arg1=92 }
D/StateMachine( 435): processMsg: L2ConnectedState
D/WifiStateMachine( 435): L2ConnectedState{ what=131155 when=-6ms target=Handler (com.android.internal.util.StateMachine$SmHandler) {42d87f78} arg1=92 }
D/wpa_supplicant(10826): wpa_s 0x40afe6a8 cmd SIGNAL_POLL
D/wpa_supplicant(10826): RX ctrl_iface - hexdump(len=11): 53 49 47 4e 41 4c 5f 50 4f 4c 4c
D/wpa_supplicant(10826): ctrl_iface: SIGNAL_POLL
D/wpa_supplicant(10826): nl80211: survey data missing!
D/WifiStateMachine( 435): fetchRssiAndLinkSpeedNative RSSI = -30
D/StateMachine( 435): handleMessage: X
D/CAT ( 768): CatService: Return current sInstance
W/CpuWake ( 435): >>nativeAcquireCpuPerfWakeLock()
W/CpuWake ( 435): <>nativeReleaseCpuPerfWakeLock()
W/CpuWake ( 435): <>nativeAcquireCpuPerfWakeLock()
W/CpuWake ( 435): <>nativeReleaseCpuPerfWakeLock()
W/CpuWake ( 435): < pluggedType = 2, mPluggedType = 0, mScreenOff = false
D/UsbnetService( 435): BroadcastReceiver::onReceive-
D/NotificationService( 435): mIntentReceiver() Intent.ACTION_BATTERY_CHANGED
D/PowerManagerService( 435): runHtcPowerSaverCheck ======================================
D/PowerUI ( 582): closing low battery warning: level=100
D/HtcPowerSaver( 435): Checking...
I/HtcPowerSaver( 435): >> updateStatus
D/PowerUI ( 582): plugged = true, health = 2, mBatteryLevel = 100, mPluggedBatteryLevel = 77, mLowBatteryWarningLevel2 = 25, mshowLowChargingWarning2 = true
I/HtcPowerSaver( 435): currentStatus=8002, currentLevel=100, enableLevel=-1, enable=true, mAutoModeOn=false, popDialog=false, statusChangeTo=-1
I/HtcPowerSaver( 435): << updateStatus
D/WifiService( 435): ACTION_BATTERY_CHANGED pluggedType: 2
D/PowerManagerService( 435): releaseWakeLock(42c27b28): PARTIAL_WAKE_LOCK , tag=BatteryServiceUpdateStats, flags=0x1
I/ActivityManager( 435): Start proc com.htc.htcpowermanager:remote for broadcast com.htc.htcpowermanager/.powersaver.PowerSaverNotificationReceiver: pid=8524 uid=1000 gids={1015, 3002, 3001, 3003, 1028, 5003, 3007, 3006, 2001, 1007}
I/ActivityThread( 8524): Pub com.htc.htcpowermanager: com.htc.htcpowermanager.smartsync.SmartSyncProvider
V/PowerSaverNotificationReceiver( 8524): onReceive(): ------ action = com.htc.intent.action.BATTERY_CHANGE_NOTIFICATION
D/PowerSaverNotificationReceiver( 8524): isCustomizationCompleted = 1
D/PowerSaverNotificationReceiver( 8524): isShowPowerSaverUi, hide value = -1
D/PowerSaverNotificationReceiver( 8524): getPowersaverMode() DBKEY_POWER_SAVING_PROFILE_MANUAL = 1
V/PowerSaverNotificationReceiver( 8524): onReceive(): ------ action = com.htc.intent.action.BATTERY_CHANGE_NOTIFICATION ------ end
D/StateMachine( 435): handleMessage: E msg.what=131155
D/StateMachine( 435): processMsg: ConnectedState
D/WifiStateMachine( 435): ConnectedState{ what=131155 when=-3ms target=Handler (com.android.internal.util.StateMachine$SmHandler) {42d87f78} arg1=92 }
D/StateMachine( 435): processMsg: L2ConnectedState
D/WifiStateMachine( 435): L2ConnectedState{ what=131155 when=-4ms target=Handler (com.android.internal.util.StateMachine$SmHandler) {42d87f78} arg1=92 }
D/wpa_supplicant(10826): wpa_s 0x40afe6a8 cmd SIGNAL_POLL
D/wpa_supplicant(10826): RX ctrl_iface - hexdump(len=11): 53 49 47 4e 41 4c 5f 50 4f 4c 4c
D/wpa_supplicant(10826): ctrl_iface: SIGNAL_POLL
D/wpa_supplicant(10826): nl80211: survey data missing!
D/WifiStateMachine( 435): fetchRssiAndLinkSpeedNative RSSI = -30
D/StateMachine( 435): handleMessage: X
I/Intent ( 435): @test_code: getHtcIntentFlag: 0 obj: 1124785032
W/CpuWake ( 435): >>nativeAcquireCpuPerfWakeLock()
W/CpuWake ( 435): <>nativeReleaseCpuPerfWakeLock()
W/CpuWake ( 435): <driver->scan2 = 0x4015e6f5
I/wpa_supplicant(10826): Scan requested (ret=0) - scan timeout 30 seconds
I/wpa_supplicant(10826): bgscan successful, set back to long interval:60
D/wpa_supplicant(10826): nl80211: Event message available
D/wpa_supplicant(10826): nl80211: Scan trigger
D/wpa_supplicant(10826): nl80211: Event message available
I/wpa_supplicant(10826): nl80211: New scan results available
D/wpa_supplicant(10826): wlan0: Event SCAN_RESULTS (3) received
W/wpa_supplicant(10826): wlan0: [HTC] wpa_supplicant_event():2718- Got an original EVENT_SCAN_RESULTS
D/wpa_supplicant(10826): CTRL_IFACE monitor send - hexdump(len=41): 2f 64 61 74 61 2f 6d 69 73 63 2f 77 69 66 69 2f 73 6f 63 6b 65 74 73 2f 77 70 61 5f 63 74 72 6c ...
I/wpa_supplicant(10826): Got an original EVENT_SCAN_RESULTS
D/wpa_supplicant(10826): nl80211: Associated on 2462 MHz
D/wpa_supplicant(10826): nl80211: Associated with 00:0d:0b:1a:e8:9c
D/wpa_supplicant(10826): nl80211: Received scan results (1 BSSes)
D/wpa_supplicant(10826): nl80211: Survey data missing
D/wpa_supplicant(10826): nl80211: Scan results indicate BSS status with 00:0d:0b:1a:e8:9c as associated
I/wpa_supplicant(10826): [120903] 00:0d:0b:1a:e8:9c freq=2462 qual=0 noise=-91 level=-28 snr=63* flags=0x29
D/wpa_supplicant(10826): wlan0: BSS: Start scan result update 312
D/wpa_supplicant(10826): wlan0: New scan results available
D/wpa_supplicant(10826): CTRL_IFACE monitor send - hexdump(len=41): 2f 64 61 74 61 2f 6d 69 73 63 2f 77 69 66 69 2f 73 6f 63 6b 65 74 73 2f 77 70 61 5f 63 74 72 6c ...
D/wpa_supplicant(10826): bgscan learn: scan result notification
D/wpa_supplicant(10826): bgscan learn: 1 matching BSSes in scan results
D/wpa_supplicant(10826): wlan0: Selecting BSS from priority group 87
D/wpa_supplicant(10826): wlan0: 0: 00:0d:0b:1a:e8:9c ssid='120903' wpa_ie_len=0 rsn_ie_len=20 caps=0x411 level=-28
D/wpa_supplicant(10826): wlan0: selected based on RSN IE
W/wpa_supplicant(10826): [EAP-MSG] EAP wpa_supplicant_check_sim@637: eap_methods not available
I/wpa_supplicant(10826): wlan0: selected BSS 00:0d:0b:1a:e8:9c ssid='120903'
D/wpa_supplicant(10826): CTRL_IFACE monitor send - hexdump(len=41): 2f 64 61 74 61 2f 6d 69 73 63 2f 77 69 66 69 2f 73 6f 63 6b 65 74 73 2f 77 70 61 5f 63 74 72 6c ...
I/wpa_supplicant(10826): Check WiFi offload status: wpa_s->vh_wifi_to_mobile:0 ,wpa_s->vh_user_connect:0
D/wpa_supplicant(10826): wlan0: Skip roam - [WFD] Restrict all scan for WFD CT3
D/wpa_supplicant(10826): wlan0: Checking for other virtual interfaces sharing same radio (phy17) in event_scan_results
D/wpa_supplicant(10826): p2p0: Updating scan results from sibling
D/wpa_supplicant(10826): Not Updating scan results on interface p2p0 from sibling wlan0
D/wpa_supplicant(10826): RTM_NEWLINK: operstate=1 ifi_flags=0x11043 ([UP][RUNNING][LOWER_UP])
D/wpa_supplicant(10826): RTM_NEWLINK, IFLA_IFNAME: Interface 'wlan0' added
D/wpa_supplicant(10826): nl80211: if_removed already cleared - ignore event
D/StateMachine( 435): handleMessage: E msg.what=147461
D/StateMachine( 435): processMsg: ConnectedState
D/WifiStateMachine( 435): ConnectedState{ what=147461 when=-5ms target=Handler (com.android.internal.util.StateMachine$SmHandler) {42d87f78} }
D/Tethering( 435): [isWifi] getHotspotEnabled: false
D/StateMachine( 435): processMsg: L2ConnectedState
D/WifiStateMachine( 435): L2ConnectedState{ what=147461 when=-7ms target=Handler (com.android.internal.util.StateMachine$SmHandler) {42d87f78} }
D/StateMachine( 435): processMsg: ConnectModeState
D/WifiStateMachine( 435): ConnectModeState{ what=147461 when=-13ms target=Handler (com.android.internal.util.StateMachine$SmHandler) {42d87f78} }
D/wpa_supplicant(10826): wpa_s 0x40afe6a8 cmd AP_SCAN 1
D/wpa_supplicant(10826): RX ctrl_iface - hexdump(len=9): 41 50 5f 53 43 41 4e 20 31
D/wpa_supplicant(10826): ctrl_iface: AP_SCAN 1
D/StateMachine( 435): processMsg: DriverStartedState
D/WifiStateMachine( 435): DriverStartedState{ what=147461 when=-15ms target=Handler (com.android.internal.util.StateMachine$SmHandler) {42d87f78} }
D/StateMachine( 435): processMsg: SupplicantStartedState
D/WifiStateMachine( 435): SupplicantStartedState{ what=147461 when=-17ms target=Handler (com.android.internal.util.StateMachine$SmHandler) {42d87f78} }
D/wpa_supplicant(10826): wpa_s 0x40afe6a8 cmd SCAN_RESULTS
D/wpa_supplicant(10826): RX ctrl_iface - hexdump(len=12): 53 43 41 4e 5f 52 45 53 55 4c 54 53
D/wpa_supplicant(10826): ctrl_iface: SCAN_RESULTS
D/wpa_supplicant(10826): wpa_s 0x40afe6a8 cmd LIST_DONGLES
D/wpa_supplicant(10826): RX ctrl_iface - hexdump(len=12): 4c 49 53 54 5f 44 4f 4e 47 4c 45 53
D/wpa_supplicant(10826): ctrl_iface: LIST_DONGLES
D/WirelessDisplayService( 435): Receive Wifi scan results available intent.
D/WirelessDisplayService( 435): HANDLE_WIFI_SCAN_RESULT_AVAILABLE, dongle scan = 0
D/WirelessDisplayService( 435): constructDongleInfoFromWifi() dongleScan = false
D/WirelessDisplayService( 435): wfdservice: true, finger gesture: true, don't sendBroadcast
D/StateMachine( 435): handleMessage: X
D/WirelessDisplayService( 435): getDiscoveryDongleList
I/ActivityManager( 435): Start proc TW.App.Che for broadcast TW.App.Che/.WifiBroadcastReceiver: pid=8615 uid=10023 gids={3003, 1028}
I/ActivityManager( 435): Recipient 7307
I/ActivityManager( 435): Process com.htc.bgp (pid 7307) has died.
D/StateMachine( 435): handleMessage: E msg.what=131218
D/StateMachine( 435): processMsg: ConnectedState
D/WifiStateMachine( 435): ConnectedState{ what=131218 when=-1ms target=Handler (com.android.internal.util.StateMachine$SmHandler) {42d87f78} }
D/StateMachine( 435): processMsg: L2ConnectedState
D/WifiStateMachine( 435): L2ConnectedState{ what=131218 when=-1ms target=Handler (com.android.internal.util.StateMachine$SmHandler) {42d87f78} }
D/StateMachine( 435): processMsg: ConnectModeState
D/WifiStateMachine( 435): ConnectModeState{ what=131218 when=-1ms target=Handler (com.android.internal.util.StateMachine$SmHandler) {42d87f78} }
D/StateMachine( 435): processMsg: DriverStartedState
D/WifiStateMachine( 435): DriverStartedState{ what=131218 when=-1ms target=Handler (com.android.internal.util.StateMachine$SmHandler) {42d87f78} }
D/wpa_supplicant(10826): wpa_s 0x40afe6a8 cmd SIGNAL_POLL
D/wpa_supplicant(10826): RX ctrl_iface - hexdump(len=11): 53 49 47 4e 41 4c 5f 50 4f 4c 4c
D/wpa_supplicant(10826): ctrl_iface: SIGNAL_POLL
D/wpa_supplicant(10826): nl80211: survey data missing!
D/StateMachine( 435): handleMessage: X
D/StateMachine( 435): handleMessage: E msg.what=131155
D/StateMachine( 435): processMsg: ConnectedState
D/WifiStateMachine( 435): ConnectedState{ what=131155 when=-2ms target=Handler (com.android.internal.util.StateMachine$SmHandler) {42d87f78} arg1=92 }
D/StateMachine( 435): processMsg: L2ConnectedState
D/WifiStateMachine( 435): L2ConnectedState{ what=131155 when=-3ms target=Handler (com.android.internal.util.StateMachine$SmHandler) {42d87f78} arg1=92 }
D/wpa_supplicant(10826): wpa_s 0x40afe6a8 cmd SIGNAL_POLL
D/wpa_supplicant(10826): RX ctrl_iface - hexdump(len=11): 53 49 47 4e 41 4c 5f 50 4f 4c 4c
D/wpa_supplicant(10826): ctrl_iface: SIGNAL_POLL
D/wpa_supplicant(10826): nl80211: survey data missing!
D/WifiStateMachine( 435): fetchRssiAndLinkSpeedNative RSSI = -31
D/StateMachine( 435): handleMessage: X
W/Rosie ( 957): closeFolder() -- Folder is null , AnimateClose? false
I/Rearrange( 957): performRearrange true, size:0
I/AppWindowSurface( 957): show 2d surface
D/Rosie.IndicatorPagedVi_( 957): com.htc.launcher.AllAppsPagedView@423ea890.onViewResume
D/FxWorkspace( 957): hideFxSurface was false, set to true
D/mode10 ( 957): FxView.setVisibility: 4
D/mode10 ( 957): FxSurfaceView.surfaceDestroyed, mViewObject:com.htc.fusion.fx.FxViewObject@64583974
D/WifiStateMachine( 435): get mPhoneStateListener
D/TELEPHONY_CALLBACK( 582): @onSignalStrengthChanged: SignalStrength: 7 -1 -1 -1 -1 -1 -1 -1 0 0 0 -1 gsm|lte
D/StatusBar.NetworkController( 582): dumpState[hasService=true ServiceState=0 home 中華電信 (N/A) 46692 UMTS CSS not supported -1 -1 RoamInd=-1 DefRoamInd=-1EriInd= -1EriMode= -1RadioPowerSv: false EmergOnly=false PhoneType: 1 IsCdma=false SimState=UNKNOWN GprsState=0 DataState=Disconnected DataActivity=IN_OUT NetworkType=UMTS HtcModemLinkOn=false HspaDataDistinquishable=true]
D/SIGNAL_ICON( 582): updateTelephonySignalStrength
D/SIGNAL_ICON( 582): fakeui srv=0 mTimerEnabled=false asu=7
D/SIGNAL_ICON( 582): asu=7
D/SIGNAL_ICON( 582): SUPPORT_5_LEVEL_SIGNAL
D/SIGNAL_ICON( 582): mapTelephonySignalStrength
D/SIGNAL_ICON( 582): maxLevel=5 asu=7 networkType=UMTS
D/SIGNAL_ICON( 582): return iconLevel=2
D/SIGNAL_ICON( 582): refreshViews: mPhoneSignalIconId -> stat_sys_5signal_2
D/StatusBar.NetworkController( 582): dumpIconState[dataVisible=false dataIconId=stat_sys_data_inandout_h signalIconId=stat_sys_5signal_2 wifiVisible=true wifiIconId=stat_sys_wifi_signal_4 airplaneMode=false]
D/StateMachine( 435): handleMessage: E msg.what=131155
D/StateMachine( 435): processMsg: ConnectedState
D/WifiStateMachine( 435): ConnectedState{ what=131155 when=-8ms target=Handler (com.android.internal.util.StateMachine$SmHandler) {42d87f78} arg1=92 }
D/StateMachine( 435): processMsg: L2ConnectedState
D/WifiStateMachine( 435): L2ConnectedState{ what=131155 when=-13ms target=Handler (com.android.internal.util.StateMachine$SmHandler) {42d87f78} arg1=92 }
D/wpa_supplicant(10826): wpa_s 0x40afe6a8 cmd SIGNAL_POLL
D/wpa_supplicant(10826): RX ctrl_iface - hexdump(len=11): 53 49 47 4e 41 4c 5f 50 4f 4c 4c
D/wpa_supplicant(10826): ctrl_iface: SIGNAL_POLL
D/wpa_supplicant(10826): nl80211: survey data missing!
D/WifiStateMachine( 435): fetchRssiAndLinkSpeedNative RSSI = -36
D/StateMachine( 435): handleMessage: X
D/StateMachine( 435): handleMessage: E msg.what=131155
D/StateMachine( 435): processMsg: ConnectedState
D/WifiStateMachine( 435): ConnectedState{ what=131155 when=-5ms target=Handler (com.android.internal.util.StateMachine$SmHandler) {42d87f78} arg1=92 }
D/StateMachine( 435): processMsg: L2ConnectedState
D/WifiStateMachine( 435): L2ConnectedState{ what=131155 when=-5ms target=Handler (com.android.internal.util.StateMachine$SmHandler) {42d87f78} arg1=92 }
D/wpa_supplicant(10826): wpa_s 0x40afe6a8 cmd SIGNAL_POLL
D/wpa_supplicant(10826): RX ctrl_iface - hexdump(len=11): 53 49 47 4e 41 4c 5f 50 4f 4c 4c
D/wpa_supplicant(10826): ctrl_iface: SIGNAL_POLL
D/wpa_supplicant(10826): nl80211: survey data missing!
D/WifiStateMachine( 435): fetchRssiAndLinkSpeedNative RSSI = -35
D/StateMachine( 435): handleMessage: X
D/StateMachine( 435): handleMessage: E msg.what=131155
D/StateMachine( 435): processMsg: ConnectedState
D/WifiStateMachine( 435): ConnectedState{ what=131155 when=-10ms target=Handler (com.android.internal.util.StateMachine$SmHandler) {42d87f78} arg1=92 }
D/StateMachine( 435): processMsg: L2ConnectedState
D/WifiStateMachine( 435): L2ConnectedState{ what=131155 when=-17ms target=Handler (com.android.internal.util.StateMachine$SmHandler) {42d87f78} arg1=92 }
D/wpa_supplicant(10826): wpa_s 0x40afe6a8 cmd SIGNAL_POLL
D/wpa_supplicant(10826): RX ctrl_iface - hexdump(len=11): 53 49 47 4e 41 4c 5f 50 4f 4c 4c
D/wpa_supplicant(10826): ctrl_iface: SIGNAL_POLL
D/wpa_supplicant(10826): nl80211: survey data missing!
D/WifiStateMachine( 435): fetchRssiAndLinkSpeedNative RSSI = -33
D/StateMachine( 435): handleMessage: X
D/StateMachine( 435): handleMessage: E msg.what=131155
D/StateMachine( 435): processMsg: ConnectedState
D/WifiStateMachine( 435): ConnectedState{ what=131155 when=-11ms target=Handler (com.android.internal.util.StateMachine$SmHandler) {42d87f78} arg1=92 }
D/StateMachine( 435): processMsg: L2ConnectedState
D/WifiStateMachine( 435): L2ConnectedState{ what=131155 when=-18ms target=Handler (com.android.internal.util.StateMachine$SmHandler) {42d87f78} arg1=92 }
D/wpa_supplicant(10826): wpa_s 0x40afe6a8 cmd SIGNAL_POLL
D/wpa_supplicant(10826): RX ctrl_iface - hexdump(len=11): 53 49 47 4e 41 4c 5f 50 4f 4c 4c
D/wpa_supplicant(10826): ctrl_iface: SIGNAL_POLL
D/wpa_supplicant(10826): nl80211: survey data missing!
D/WifiStateMachine( 435): fetchRssiAndLinkSpeedNative RSSI = -39
D/StateMachine( 435): handleMessage: X
I/PeopleApp( 785): Preload all people cursor with - displayOnlyPhones: true
I/PeopleApp( 785): AllPeopleCursor preload completed - 100 contacts preloaded!
D/BatteryService( 435): updateBatteryStats: update triggered by UEvent.
I/BatteryService( 435): read native_update done
D/PowerManagerService( 435): acquireWakeLock(42d54020): PARTIAL_WAKE_LOCK , tag=BatteryServiceUpdateStats, flags=0x1, pid=435, uid=1000, mUserState=0x3
D/HtcPowerSaver( 435): Received battery changed intent.
D/UsbnetService( 435): BroadcastReceiver::onReceive+
D/UsbnetService( 435): onReceive BATTERY_CHANGED
D/UsbnetService( 435): --> pluggedType = 2, mPluggedType = 0, mScreenOff = false
D/UsbnetService( 435): BroadcastReceiver::onReceive-
D/HtcPowerSaver( 435): Checking...
D/NotificationService( 435): mIntentReceiver() Intent.ACTION_BATTERY_CHANGED
D/PowerManagerService( 435): runHtcPowerSaverCheck ======================================
I/HtcPowerSaver( 435): >> updateStatus
D/PowerUI ( 582): closing low battery warning: level=100
D/PowerUI ( 582): plugged = true, health = 2, mBatteryLevel = 100, mPluggedBatteryLevel = 77, mLowBatteryWarningLevel2 = 25, mshowLowChargingWarning2 = true
I/HtcPowerSaver( 435): currentStatus=8002, currentLevel=100, enableLevel=-1, enable=true, mAutoModeOn=false, popDialog=false, statusChangeTo=-1
I/HtcPowerSaver( 435): << updateStatus
D/WifiService( 435): ACTION_BATTERY_CHANGED pluggedType: 2
D/PowerManagerService( 435): releaseWakeLock(42d54020): PARTIAL_WAKE_LOCK , tag=BatteryServiceUpdateStats, flags=0x1
V/PowerSaverNotificationReceiver( 8524): onReceive(): ------ action = com.htc.intent.action.BATTERY_CHANGE_NOTIFICATION
D/PowerSaverNotificationReceiver( 8524): isCustomizationCompleted = 1
D/PowerSaverNotificationReceiver( 8524): isShowPowerSaverUi, hide value = -1
D/PowerSaverNotificationReceiver( 8524): getPowersaverMode() DBKEY_POWER_SAVING_PROFILE_MANUAL = 1
V/PowerSaverNotificationReceiver( 8524): onReceive(): ------ action = com.htc.intent.action.BATTERY_CHANGE_NOTIFICATION ------ end
D/StateMachine( 435): handleMessage: E msg.what=131155
D/StateMachine( 435): processMsg: ConnectedState
D/WifiStateMachine( 435): ConnectedState{ what=131155 when=-7ms target=Handler (com.android.internal.util.StateMachine$SmHandler) {42d87f78} arg1=92 }
D/StateMachine( 435): processMsg: L2ConnectedState
D/WifiStateMachine( 435): L2ConnectedState{ what=131155 when=-13ms target=Handler (com.android.internal.util.StateMachine$SmHandler) {42d87f78} arg1=92 }
D/wpa_supplicant(10826): wpa_s 0x40afe6a8 cmd SIGNAL_POLL
D/wpa_supplicant(10826): RX ctrl_iface - hexdump(len=11): 53 49 47 4e 41 4c 5f 50 4f 4c 4c
D/wpa_supplicant(10826): ctrl_iface: SIGNAL_POLL
D/wpa_supplicant(10826): nl80211: survey data missing!
D/WifiStateMachine( 435): fetchRssiAndLinkSpeedNative RSSI = -36
D/StateMachine( 435): handleMessage: X
D/StateMachine( 435): handleMessage: E msg.what=131155
D/StateMachine( 435): processMsg: ConnectedState
D/WifiStateMachine( 435): ConnectedState{ what=131155 when=-9ms target=Handler (com.android.internal.util.StateMachine$SmHandler) {42d87f78} arg1=92 }
D/StateMachine( 435): processMsg: L2ConnectedState
D/WifiStateMachine( 435): L2ConnectedState{ what=131155 when=-16ms target=Handler (com.android.internal.util.StateMachine$SmHandler) {42d87f78} arg1=92 }
D/wpa_supplicant(10826): wpa_s 0x40afe6a8 cmd SIGNAL_POLL
D/wpa_supplicant(10826): RX ctrl_iface - hexdump(len=11): 53 49 47 4e 41 4c 5f 50 4f 4c 4c
D/wpa_supplicant(10826): ctrl_iface: SIGNAL_POLL
D/wpa_supplicant(10826): nl80211: survey data missing!
D/WifiStateMachine( 435): fetchRssiAndLinkSpeedNative RSSI = -39
D/StateMachine( 435): handleMessage: X
D/MtpDatabase( 3887): sessionStarted
I/ActivityManager( 435): Start proc com.htc.syncagent for broadcast com.htc.syncagent/.svc.HTCSyncBroadcastReceiver: pid=8653 uid=10047 gids={3003, 1028}
D/FDUI ( 8653): [ HTCSyncBroadcastReceiver: 100 ] - onReceive > app ver = 2.38
D/FDUI ( 8653): [ HTCSyncBroadcastReceiver: 102 ] - onReceive > action = com.htc.action.usb.automount
D/FDUI_AUTOMOUNT( 8653): [ HTCSyncBroadcastReceiver: 103 ] - onReceive > 1375803353249 found com.htc.action.usb.automount
D/FDUI ( 8653): [ HTCUICommon: 388 ] - startSVCMonitor > startSVCMonitor
D/FDUI ( 8653): [ HTCUICommon: 457 ] - startThreadMonitor > startThreadMonitor
D/FDUI ( 8653): [ HTCUICommon: 330 ] - initialize > init preference.
D/FDUI ( 8653): [ HTCThreadMonitor: 126 ] - run > HTCThreadMonitor run
D/FDUI ( 8653): [ HTCUICommon: 336 ] - initialize > initialize
D/FDUI_AUTOMOUNT( 8653): [ HTCSyncBroadcastReceiver: 347 ] - onReceive > 1375803353254 foundcom.htc.action.usb.automount
D/FDUI_AUTOMOUNT( 8653): [ HTCUICommon: 276 ] - EnableAutoMountISO > 1375803353255 EnableAutoMountISO: false
D/VoldCmdListener( 135): enPCtoolISO disable
D/FDUI_AUTOMOUNT( 8653): [ HTCUICommon: 308 ] - EnableAutoMountISO > setPCtoolISOEnabled (false) success:0
D/FDUI_AUTOMOUNT( 8653): [ HTCSyncBroadcastReceiver: 352 ] - onReceive > 1375803353259 enableAutoRunForHSM FALSE.
D/MountService( 435): setPCtoolISOEnabled --
D/StateMachine( 435): handleMessage: E msg.what=131155
D/StateMachine( 435): processMsg: ConnectedState
D/WifiStateMachine( 435): ConnectedState{ what=131155 when=-9ms target=Handler (com.android.internal.util.StateMachine$SmHandler) {42d87f78} arg1=92 }
D/StateMachine( 435): processMsg: L2ConnectedState
D/WifiStateMachine( 435): L2ConnectedState{ what=131155 when=-14ms target=Handler (com.android.internal.util.StateMachine$SmHandler) {42d87f78} arg1=92 }
D/wpa_supplicant(10826): wpa_s 0x40afe6a8 cmd SIGNAL_POLL
D/wpa_supplicant(10826): RX ctrl_iface - hexdump(len=11): 53 49 47 4e 41 4c 5f 50 4f 4c 4c
D/wpa_supplicant(10826): ctrl_iface: SIGNAL_POLL
D/wpa_supplicant(10826): nl80211: survey data missing!
D/WifiStateMachine( 435): fetchRssiAndLinkSpeedNative RSSI = -35
D/StateMachine( 435): handleMessage: X
D/FDUI ( 8653): [ HTCSyncBroadcastReceiver: 100 ] - onReceive > app ver = 2.38
D/FDUI ( 8653): [ HTCSyncBroadcastReceiver: 102 ] - onReceive > action = com.htc.intent.action.START_SYNCTOOL
D/FDUI_AUTOMOUNT( 8653): [ HTCSyncBroadcastReceiver: 103 ] - onReceive > 1375803356529 found com.htc.intent.action.START_SYNCTOOL
D/FDUI ( 8653): [ HTCSyncBroadcastReceiver: 462 ] - GetUSBState > usb state: 1
D/FDUI ( 8653): [ HTCSyncBroadcastReceiver: 116 ] - onReceive > usb state: true
D/FDUI ( 8653): [ HTCSyncBroadcastReceiver: 374 ] - StartApp > StartApp in
D/FDUI ( 8653): [ HTCUICommon: 367 ] - setMonitorState > setMonitorState: 1
D/StateMachine( 435): handleMessage: E msg.what=131155
D/StateMachine( 435): processMsg: ConnectedState
D/WifiStateMachine( 435): ConnectedState{ what=131155 when=-5ms target=Handler (com.android.internal.util.StateMachine$SmHandler) {42d87f78} arg1=92 }
D/StateMachine( 435): processMsg: L2ConnectedState
D/WifiStateMachine( 435): L2ConnectedState{ what=131155 when=-6ms target=Handler (com.android.internal.util.StateMachine$SmHandler) {42d87f78} arg1=92 }
D/wpa_supplicant(10826): wpa_s 0x40afe6a8 cmd SIGNAL_POLL
D/wpa_supplicant(10826): RX ctrl_iface - hexdump(len=11): 53 49 47 4e 41 4c 5f 50 4f 4c 4c
D/wpa_supplicant(10826): ctrl_iface: SIGNAL_POLL
D/wpa_supplicant(10826): nl80211: survey data missing!
D/WifiStateMachine( 435): fetchRssiAndLinkSpeedNative RSSI = -41
D/StateMachine( 435): handleMessage: X
D/FDUI ( 8653): [ HTCSVCMonitor: 93 ] - run > service is not running, start it.
D/FDUI ( 8653): [ HTCSVCMonitor: 50 ] - StartSyncService > start sync service
D/FDUI ( 8653): [ HTCSyncService: 136 ] - onCreate > Service onCreate!
D/FDUI ( 8653): [ HTCUICommon: 367 ] - setMonitorState > setMonitorState: 1
D/FDUI ( 8653): [ HTCSyncService: 227 ] - InitForegroundMethods > InitForegroundMethods
D/FDUI ( 8653): [ HTCSyncService: 81 ] - startForegroundCompat > startForegroundCompat
D/FDUI ( 8653): [ HTCSyncService: 64 ] - invokeMethod > invokeMethod
E/NotificationService( 435): Ignoring notification with icon==0: Notification(pri=0 contentView=null vibrate=null sound=nullnull defaults=0x0 flags=0x62 kind=[null])
D/FDUI ( 8653): [ HTCSyncService: 98 ] - startForegroundCompat > startForeground.
D/FDUI ( 8653): [ HTCSyncService: 159 ] - onStartCommand > Service onStartCommand!
D/FDUI ( 8653): [ HTCUICommon: 433 ] - set7890State > set7890State: true
D/FDUI ( 8653): [ HTCThreadMonitor: 45 ] - Set7890Flag > 7890 flag: true
D/FDUI ( 8653): [ HTCSyncService: 167 ] - onStartCommand > 7890 started.
D/FDUI ( 8653): [ HTCStatusDetectorThread: 278 ] - setCloseFlag > 7890 close flag: false
D/FDUI ( 8653): [ HTCStatusDetectorThread: 37 ] - run > 7890: thread run
D/FDUI ( 8653): [ HTCStatusDetectorThread: 47 ] - run > 7890 ServerSocket create successful!
D/FDUI ( 8653): [ HTCStatusDetectorThread: 69 ] - startToListenPort > 7890 ServerSocket accept, listen. port: 7890
D/StateMachine( 435): handleMessage: E msg.what=131155
D/StateMachine( 435): processMsg: ConnectedState
D/WifiStateMachine( 435): ConnectedState{ what=131155 when=-8ms target=Handler (com.android.internal.util.StateMachine$SmHandler) {42d87f78} arg1=92 }
D/StateMachine( 435): processMsg: L2ConnectedState
D/WifiStateMachine( 435): L2ConnectedState{ what=131155 when=-22ms target=Handler (com.android.internal.util.StateMachine$SmHandler) {42d87f78} arg1=92 }
D/wpa_supplicant(10826): wpa_s 0x40afe6a8 cmd SIGNAL_POLL
D/wpa_supplicant(10826): RX ctrl_iface - hexdump(len=11): 53 49 47 4e 41 4c 5f 50 4f 4c 4c
D/wpa_supplicant(10826): ctrl_iface: SIGNAL_POLL
D/wpa_supplicant(10826): nl80211: survey data missing!
D/WifiStateMachine( 435): fetchRssiAndLinkSpeedNative RSSI = -36
D/StateMachine( 435): handleMessage: X
D/PowerManagerService( 435): acquireWakeLock(42c55208): PARTIAL_WAKE_LOCK , tag=AlarmManager, flags=0x1, pid=435, uid=1000, mUserState=0x3
V/AlarmManager( 435): sending alarm PendingIntent{42ab8230: PendingIntentRecord{428315b8 android broadcastIntent}}, intent=android.intent.action.TIME_TICK, type=RTC, count=1, when=1375803360000, repeateInterval=0
D/PowerManagerService( 435): releaseWakeLock(42c55208): PARTIAL_WAKE_LOCK , tag=AlarmManager, flags=0x1
I/ActivityManager( 435): Start proc com.fd.httpd for service com.fd.httpd/.FDHttpdSvc: pid=8767 uid=10191 gids={3003, 2001, 1015, 1028}
I/ActivityThread( 8767): Pub com.fd.httpd.provider: com.fd.httpd.FDDatabaseProvider
D/com.fd.httpd( 8767): [2013-08-06 23:36:00.351][1][com.fd.httpd]->onCreate
E/NotificationService( 435): Ignoring notification with icon==0: Notification(pri=0 contentView=null vibrate=null sound=nullnull defaults=0x0 flags=0x62 kind=[null])
D/com.fd.httpd( 8767): [2013-08-06 23:36:00.358][1][com.fd.httpd]->Begin StartUsbServiceCtrl:0
D/com.fd.httpd( 8767): [2013-08-06 23:36:00.358][1][com.fd.httpd]->StartServiceOnUSBProc Begin
D/com.fd.httpd( 8767): [2013-08-06 23:36:00.363][1][com.fd.httpd]->broacast com.htc.android.pctool.ready
D/com.fd.httpd( 8767): [2013-08-06 23:36:00.364][1][com.fd.httpd]->StartServiceOnUSB Begin
I/Server ( 8767): Starting the internal HTTP server
W/dalvikvm( 8767): VFY: unable to resolve static method 128: Landroid/os/IMountService$Stub;.asInterface (Landroid/os/IBinder;)Landroid/os/IMountService;
W/dalvikvm( 8767): VFY: unable to resolve static method 128: Landroid/os/IMountService$Stub;.asInterface (Landroid/os/IBinder;)Landroid/os/IMountService;
W/dalvikvm( 8767): VFY: unable to resolve interface method 141: Landroid/os/storage/IMountService;.setUsbMassPhoneStorageEnabled (Z)V
W/dalvikvm( 8767): VFY: unable to resolve static method 128: Landroid/os/IMountService$Stub;.asInterface (Landroid/os/IBinder;)Landroid/os/IMountService;
W/dalvikvm( 8767): VFY: unable to resolve static method 128: Landroid/os/IMountService$Stub;.asInterface (Landroid/os/IBinder;)Landroid/os/IMountService;
W/dalvikvm( 8767): VFY: unable to resolve interface method 141: Landroid/os/storage/IMountService;.setUsbMassPhoneStorageEnabled (Z)V
I/com.fd.httpd( 8767): FDLibrary.java:ScanThread Running...
I/com.fd.httpd( 8767): FDLibrary.java:ScanThread suspend...
I/com.fd.httpd( 8767): FDAPI.java:ScanThread Running...
I/com.fd.httpd( 8767): FDAPI.java:ScanThread suspend...
D/com.fd.httpd( 8767): [2013-08-06 23:36:00.423][1][com.fd.httpd]->StartServiceOnUSB Success.
D/com.fd.httpd( 8767): [2013-08-06 23:36:00.424][1][com.fd.httpd]->StartServiceOnUSBProc End
D/com.fd.httpd( 8767): [2013-08-06 23:36:00.424][1][com.fd.httpd]->End StartUsbServiceCtrl
D/com.fd.httpd( 8767): [2013-08-06 23:36:00.425][1][com.fd.httpd]->onStart:
D/com.fd.httpd( 8767): [2013-08-06 23:36:00.425][1][com.fd.httpd]->act == null
D/com.fd.httpd( 8767): [2013-08-06 23:36:00.426][1][com.fd.httpd]->Begin StartUsbServiceCtrl:1
D/com.fd.httpd( 8767): [2013-08-06 23:36:00.426][1][com.fd.httpd]->UsbService Already Started
D/com.fd.httpd( 8767): [2013-08-06 23:36:00.426][1][com.fd.httpd]->End StartUsbServiceCtrl
D/com.fd.httpd( 8767): [2013-08-06 23:36:00.554][17935][trace_socket]->new socket acceptted, create running server begin
D/com.fd.httpd( 8767): [2013-08-06 23:36:00.646][17935][trace_socket]->new socket acceptted, create running server end
D/com.fd.httpd( 8767): [2013-08-06 23:36:00.65][17938][trace_socket]->read http head from socket begin
D/com.fd.httpd( 8767): [2013-08-06 23:36:00.657][17938][trace_socket]->read http head from socket end
I/org.restlet( 8767): Couldn't find the mandatory "Host" HTTP header.
D/com.fd.httpd( 8767): [2013-08-06 23:36:00.659][17938][nicolas]->request url=/info/
D/com.fd.httpd( 8767): [2013-08-06 23:36:00.664][17938][trace_socket]->begin parse http body|data|command
W/ActivityManager( 435): Disable JIT of com.htc.bgp
I/ActivityManager( 435): Start proc com.htc.bgp for content provider com.htc.provider.CustomizationSettings/.CustomizationSettingsProvider: pid=8790 uid=10016 gids={2001, 3003, 1015, 1028, 1006, 5001, 3002, 3001, 5004}
I/ActivityThread( 8790): Pub com.htc.accounts: com.htc.CustomizationSetup.AccountsProvider
I/ActivityThread( 8790): Pub com.htc.provider.weather: com.htc.provider.weather.WeatherProvider
I/ActivityThread( 8790): Pub com.htc.opensense.plugin: com.htc.opensense.pluginmanager.PluginProvider
D/PluginProvider( 8790): PluginProvider onCreate
D/PluginProvider( 8790): current plugin count: 39
I/ActivityThread( 8790): Pub com.android.calendar: com.android.providers.calendar.HtcCalendarProvider
D/Socket_Alarm( 8790): registerHTCSocketMonitorCallBack
D/Socket_Alarm( 8790): set mSocketMonitor
D/Socket_Alarm( 8790): HTCSocketMonitorImpl::HTCSocketMonitorImpl
I/ActivityThread( 8790): Pub customization_settings: com.htc.provider.CustomizationSettings.CustomizationSettingsProvider
I/ActivityThread( 8790): Pub com.htc.sync.provider.weather: com.htc.sync.provider.weather.Provider
D/com.fd.httpd( 8767): [2013-08-06 23:36:00.893][17938][info]->Sense 4.0
D/com.fd.httpd( 8767): [2013-08-06 23:36:00.894][17938][GetSense4StorageType]->Type B
D/com.fd.httpd( 8767): [2013-08-06 23:36:00.895][17938][GetSense4StorageType]->Type B
D/com.fd.httpd( 8767): [2013-08-06 23:36:00.901][17938][GetSense4StorageType]->Type B
D/com.fd.httpd( 8767): [2013-08-06 23:36:00.909][17938][performance]->EncodeAESWithBase64 enter
D/com.fd.httpd( 8767): [2013-08-06 23:36:00.916][17938][performance]->EncodeAESWithBase64 leave
I/LogService( 8767): 2013-08-06 23:36:00 127.0.0.1 - 127.0.0.1 8182 GET /info/ - 200 1750 0 255 http://null - -
D/com.fd.httpd( 8767): [2013-08-06 23:36:00.928][17938][trace_socket]->end parse http body|data|command
D/com.fd.httpd( 8767): [2013-08-06 23:36:00.928][17938][trace_socket]->begin commit response data
I/Server ( 8767): Addition of the standard header "pragma" is discouraged as a future versions of the Restlet API will directly support it.
W/Server ( 8767): Addition of the standard header "cache-control" is not allowed. Please use the equivalent property in the Restlet API.
W/Server ( 8767): Addition of the standard header "expires" is not allowed. Please use the equivalent property in the Restlet API.
D/com.fd.httpd( 8767): [2013-08-06 23:36:00.932][17938][trace_socket]->begin call socket write
D/com.fd.httpd( 8767): [2013-08-06 23:36:00.934][17938][trace_socket]->end call socket write
D/com.fd.httpd( 8767): [2013-08-06 23:36:00.934][17938][trace_socket]->end commit response data
D/com.fd.httpd( 8767): [2013-08-06 23:36:00.947][17935][trace_socket]->new socket acceptted, create running server begin
D/com.fd.httpd( 8767): [2013-08-06 23:36:00.98][17935][trace_socket]->new socket acceptted, create running server end
D/com.fd.httpd( 8767): [2013-08-06 23:36:00.981][17939][trace_socket]->read http head from socket begin
D/com.fd.httpd( 8767): [2013-08-06 23:36:00.985][17939][trace_socket]->read http head from socket end
D/com.fd.httpd( 8767): [2013-08-06 23:36:00.986][17939][nicolas]->request url=/filesystem/file/data/data/com.fd.httpd/app_cfg/android.dat?do=list
D/com.fd.httpd( 8767): [2013-08-06 23:36:00.99][17939][trace_socket]->begin parse http body|data|command
I/com.fd.httpd( 8767): /data/data/com.fd.httpd/app_cfg/android.dat?do=list filename is /data/data/com.fd.httpd/app_cfg/android.dat
I/LogService( 8767): 2013-08-06 23:36:01 127.0.0.1 - 127.0.0.1 8182 GET /filesystem/file/data/data/com.fd.httpd/app_cfg/android.dat do=list 200 149 - 26 http://127.0.0.1:49409 htcLegend -
D/com.fd.httpd( 8767): [2013-08-06 23:36:01.017][17939][trace_socket]->end parse http body|data|command
D/com.fd.httpd( 8767): [2013-08-06 23:36:01.018][17939][trace_socket]->begin commit response data
D/com.fd.httpd( 8767): [2013-08-06 23:36:01.019][17939][trace_socket]->begin call socket write
D/com.fd.httpd( 8767): [2013-08-06 23:36:01.02][17939][trace_socket]->end call socket write
D/com.fd.httpd( 8767): [2013-08-06 23:36:01.021][17939][trace_socket]->end commit response data
D/com.fd.httpd( 8767): [2013-08-06 23:36:01.041][17935][trace_socket]->new socket acceptted, create running server begin
D/com.fd.httpd( 8767): [2013-08-06 23:36:01.069][17935][trace_socket]->new socket acceptted, create running server end
D/com.fd.httpd( 8767): [2013-08-06 23:36:01.07][17940][trace_socket]->read http head from socket begin
D/com.fd.httpd( 8767): [2013-08-06 23:36:01.072][17940][trace_socket]->read http head from socket end
D/com.fd.httpd( 8767): [2013-08-06 23:36:01.072][17940][nicolas]->request url=/filesystem/file/data/data/com.fd.httpd/app_cfg/android.dat
D/com.fd.httpd( 8767): [2013-08-06 23:36:01.075][17940][trace_socket]->begin parse http body|data|command
I/com.fd.httpd( 8767): /data/data/com.fd.httpd/app_cfg/android.dat filename is /data/data/com.fd.httpd/app_cfg/android.dat
I/LogService( 8767): 2013-08-06 23:36:01 127.0.0.1 - 127.0.0.1 8182 GET /filesystem/file/data/data/com.fd.httpd/app_cfg/android.dat - 200 66 - 3 http://127.0.0.1:49409 htcLegend -
D/com.fd.httpd( 8767): [2013-08-06 23:36:01.079][17940][trace_socket]->end parse http body|data|command
D/com.fd.httpd( 8767): [2013-08-06 23:36:01.08][17940][trace_socket]->begin commit response data
D/com.fd.httpd( 8767): [2013-08-06 23:36:01.082][17940][trace_socket]->begin call socket write
D/com.fd.httpd( 8767): [2013-08-06 23:36:01.084][17940][trace_socket]->end call socket write
D/com.fd.httpd( 8767): [2013-08-06 23:36:01.085][17940][trace_socket]->end commit response data
D/FDUI ( 8653): [ HTCStatusDetectorThread: 80 ] - startToListenPort > StatusThread=7890 Get new connection!
D/FDUI ( 8653): [ HTCStatusDetectorThread: 137 ] - getSocketMessage > 7890: read count = 9
D/FDUI ( 8653): [ HTCStatusDetectorThread: 154 ] - getSocketMessage > 7890 get socket msg: AT+CGSN
D/FDUI ( 8653): [ HTCUICommon: 902 ] - getIMEI > get imei
D/FDUI ( 8653): [ HTCStatusDetectorThread: 195 ] - sendMsgToUI > 7890: status = 1
D/FDUI ( 8653): [ HTCStatusDetectorThread: 221 ] - sendMsgToUI > 7890: no activity is actived, return false!
I/ActivityManager( 435): Recipient 8469
I/ActivityManager( 435): Process com.android.settings (pid 8469) has died.
I/CalendarProvider2( 8790): Sending notification intent: Intent { act=android.intent.action.PROVIDER_CHANGED dat=content }
W/ContentResolver( 8790): Failed to get type for: content://com.android.calendar (Unknown URL content://com.android.calendar)
I/ActivityManager( 435): Start proc com.nero.android.htc.sync for broadcast com.nero.android.htc.sync/com.nero.android.sync.OnBootReceiver: pid=8838 uid=10212 gids={3003, 1007, 1015, 1028}
D/SyncApplication( 8838): Loading default preferences
W/Resources( 8838): Converting to string: TypedValue{t=0x12/d=0x0 a=4 r=0x7f0a0028}
D/SyncApplication( 8838): Overriding preferences with custom values
D/SyncApplication( 8838): Updating preferences succeeded
E/SyncApplication( 8838): Application created.
D/VolumeInfo( 8838): check the sys-path: /sys/devices/platform/sdhci-tegra.3/mmc_host/mmc0
V/VolumeInfo( 8838): New VolumeInfo with mount point /storage/sdcard0 and sys path /sys/devices/platform/sdhci-tegra.3/mmc_host/mmc0 created
D/VolumeInfo( 8838): read cached Id for /storage/sdcard0/ from the preference: /storage/sdcard0/
I/CalendarDefines( 8838): getNewCalendarAuthority()...
I/PackageManager( 435): setEnabledSetting(), pkgName=com.nero.android.htc.sync, clsName=com.nero.android.neroconnect.accounts.Calendar2SyncService, state=1, flag=1, userId:0, pid=8838, uid=10212
I/BackgroundServiceReceiver( 8838): Received event:com.htc.intent.action.START_NEROSYNCTOOL
I/com.nero.SyncUtils( 8838): Starting background service now...
I/com.nero.SyncUtils( 8838): component name: ComponentInfo{com.nero.android.htc.sync/com.nero.android.htc.sync.BackgroundService}
I/com.nero.SyncUtils( 8838): Service started.
W/PackageManager( 435): Failed setComponentEnabledSetting: component class com.nero.android.neroconnect.accounts.Calendar2SyncService does not exist in com.nero.android.htc.sync
I/PackageManager( 435): setEnabledSetting(), pkgName=com.nero.android.htc.sync, clsName=com.nero.android.neroconnect.accounts.CalendarSyncService, state=2, flag=1, userId:0, pid=8838, uid=10212
W/PackageManager( 435): Failed setComponentEnabledSetting: component class com.nero.android.neroconnect.accounts.CalendarSyncService does not exist in com.nero.android.htc.sync
I/AuthService( 8838): AuthService is registered
I/AbstractBackgroundService( 8838): doOnStart()
I/AbstractBackgroundService( 8838): (MODE_NORMAL) | startShutdownLocking()
V/PlayListSync( 8838): Init
I/AbstractBackgroundService( 8838): (MODE_NORMAL) | Starting message handler.
I/AbstractBackgroundService( 8838): (MODE_NORMAL) | isShutdownLocked(): 0
V/UsbConnectedHelper( 8838): BOARD:"endeavoru" SDK:16
D/VolumeInfo( 8838): check the sys-path: /sys/devices/platform/sdhci-tegra.3/mmc_host/mmc0
V/VolumeInfo( 8838): New VolumeInfo with mount point /storage/sdcard0 and sys path /sys/devices/platform/sdhci-tegra.3/mmc_host/mmc0 created
D/VolumeInfo( 8838): read cached Id for /storage/sdcard0/ from the preference: /storage/sdcard0/
I/AbstractBackgroundService( 8838): (MODE_NORMAL) | USB changed []
I/AbstractBackgroundService( 8838): (MODE_NORMAL) | Detected that Wi-Fi changed. WiFi enabled:false WiFi connected:false
I/AbstractBackgroundService( 8838): (MODE_NORMAL) | Autostart conditions changed.
I/AbstractBackgroundService( 8838): (MODE_NORMAL) | Check for USB mode. autoUSB configured:true USB connected:false USB allowed:[true,false]
D/VolumeInfo( 8838): Read the volume-id from the sd card: {495601F4-9056-432B-AAE7-8F51A3D233D5}
I/AbstractBackgroundService( 8838): (MODE_NORMAL) | Check for Wi-Fi mode. autoWiFi configured:false charging mode:false WiFi connected:false WiFi allowed:true SSID:null(false)
I/AbstractBackgroundService( 8838): (MODE_NORMAL) | isShutdownLocked(): 0
D/VolumeInfo( 8838): check the sys-path: /sys/devices/platform/tegra-ehci
D/VolumeInfo( 8838): The sys-path does not exist: /sys/devices/platform/tegra-ehci
D/AbstractBackgroundService( 8838): Setup controller UsbController
V/VolumeInfo( 8838): Found 1 mount point(s)
D/AbstractBackgroundService( 8838): UsbController: Recieved USB status change (disconnected).
V/AbstractBackgroundService( 8838): UsbController: new status: unavailable.
D/WifiController( 8838): Setup controller WifiController
I/AbstractBackgroundService( 8838): Service started.
D/VolumeInfo( 8838): Read the volume-id from the sd card: {495601F4-9056-432B-AAE7-8F51A3D233D5}
D/ServerController( 8838): Received TRIGGER_START_INITIALIZATION in DEFAULT
D/InterfaceController( 8838): Unlock interfaces 0
V/ServerController( 8838): Enter new state: INITIALIZING
D/VolumeInfo( 8838): check the sys-path: /sys/devices/platform/tegra-ehci
D/VolumeInfo( 8838): The sys-path does not exist: /sys/devices/platform/tegra-ehci
I/AbstractBackgroundService( 8838): INITIALIZING (MODE_NORMAL) | isShutdownLocked(): 0
V/VolumeInfo( 8838): Found 1 mount point(s)
I/AbstractBackgroundService( 8838): INITIALIZING (MODE_NORMAL) | External media changed. SD card removed
I/AbstractBackgroundService( 8838): INITIALIZING (MODE_NORMAL) | Autostart conditions changed.
I/AbstractBackgroundService( 8838): INITIALIZING (MODE_NORMAL) | Check for USB mode. autoUSB configured:true USB connected:false USB allowed:[true,false]
W/AbstractBackgroundService( 8838): ContentProviderService is unavailable!
D/ServerController( 8838): Received NOTIFY_INITIALIZED in INITIALIZING
D/InterfaceController( 8838): Unlock interfaces 0
V/ServerController( 8838): Enter new state: STOP
I/AbstractBackgroundService( 8838): INITIALIZING (MODE_NORMAL) | Check for Wi-Fi mode. autoWiFi configured:false charging mode:false WiFi connected:false WiFi allowed:true SSID:null(false)
I/AbstractBackgroundService( 8838): STOP (MODE_NORMAL) | isShutdownLocked(): 0
I/AbstractBackgroundService( 8838): STOP (MODE_NORMAL) | isShutdownLocked(): 0
V/PlayListSync( 8838): Received content change while storage statemounted
V/PlayListSync( 8838): areAllAvailableMemoryCardsMounted? thread-id: 17950
D/VolumeInfo( 8838): check the sys-path: /sys/devices/platform/sdhci-tegra.3/mmc_host/mmc0
V/VolumeInfo( 8838): New VolumeInfo with mount point /storage/sdcard0 and sys path /sys/devices/platform/sdhci-tegra.3/mmc_host/mmc0 created
D/VolumeInfo( 8838): read cached Id for /storage/sdcard0/ from the preference: /storage/sdcard0/
I/AbstractBackgroundService( 8838): STOP (MODE_NORMAL) | isShutdownLocked(): 0
D/VolumeInfo( 8838): Read the volume-id from the sd card: {495601F4-9056-432B-AAE7-8F51A3D233D5}
D/VolumeInfo( 8838): check the sys-path: /sys/devices/platform/tegra-ehci
D/VolumeInfo( 8838): The sys-path does not exist: /sys/devices/platform/tegra-ehci
I/AbstractBackgroundService( 8838): STOP (MODE_NORMAL) | Register preference listener.
I/AbstractBackgroundService( 8838): handleStartStopIntent().
I/AbstractBackgroundService( 8838): doOnStart() completed.
V/VolumeInfo( 8838): Found 1 mount point(s)
D/AbstractBackgroundService( 8838): Evaluating delayed service shutdown conditions.
V/UsbConnectedHelper( 8838): Receiced android.intent.action.BATTERY_CHANGED
V/PlayListSync( 8838): All memory cards are mounted.
V/PlayListSync( 8838): ******************* Update files to media store **********************
V/PlayListSync( 8838): begin with syncing the .n3u files to the media-store
I/AbstractBackgroundService( 8838): STOP (MODE_NORMAL) | isShutdownLocked(): 0
V/UsbConnectedHelper( 8838): Receiced android.intent.action.BATTERY_CHANGED (plugged:2)
D/UsbConnectedHelper( 8838): updateBattery level:100 status:5 health:2 present:true voltage:4223 temperature:370 technology:Li-ion icon:17302799 scale:100
V/UsbConnectedHelper( 8838): BATTERY_PLUGGED_USB
V/UsbConnectedHelper( 8838): Receiced onDetectionChange (connectd:true charging:true)
V/UsbConnectedHelper( 8838): Receiced android.intent.action.BATTERY_CHANGED (plugged:2 connected:true charging:true)
V/WiFiConnectedHelper( 8838): WIFI_STATE_CHANGED_ACTION - state: 3
D/AbstractBackgroundService( 8838): Conditions: svcUnbound(true) svcUnlocked(true) svrStopped(true) handler(Handler (com.nero.android.neroconnect.backgroundservice.AbstractBackgroundService$4) {4246b758})
D/AbstractBackgroundService( 8838): Delay service shutdown for 5 seconds
I/AbstractBackgroundService( 8838): handleStartStopIntent().run()
I/AbstractBackgroundService( 8838): Service triggered for action: null
D/AbstractBackgroundService( 8838): UsbController: Recieved USB status change (connected).
V/AbstractBackgroundService( 8838): UsbController: new status: available.
D/ServerController( 8838): onStateChanged USB
V/ServerController( 8838): get effective network status for ---
D/InterfaceController( 8838): Get status...
D/InterfaceController( 8838): Get enabled interfaces 0
V/ServerController( 8838): effective network status: 0
V/ServerController( 8838): enabled interfaces: --- of ---
V/ServerController( 8838): server state: STOP
V/ServerController( 8838): All interfaces disabled. Server not running
D/ServerController( 8838): update filter for USB
D/VolumeInfo( 8838): read cached Id for /storage/sdcard0/ from the preference: /storage/sdcard0/
V/WiFiConnectedHelper( 8838): WiFi is connected
D/StateMachine( 435): handleMessage: E msg.what=131218
D/StateMachine( 435): processMsg: ConnectedState
